000
CDUS46 KLOX 130130
CLIWJF

CLIMATE REPORT
NATIONAL WEATHER SERVICE LOS ANGELES/OXNARD
630 PM PDT SAT JUN 12 2021

...................................

...THE LANCASTER FOX FIELD CA CLIMATE SUMMARY FOR JUNE 12 2021...
VALID TODAY AS OF 0500 PM LOCAL TIME.

CLIMATE NORMAL PERIOD: 1991 TO 2020
CLIMATE RECORD PERIOD: 1945 TO 2021


WEATHER ITEM   OBSERVED TIME   RECORD YEAR NORMAL DEPARTURE LAST
                VALUE   (LST)  VALUE       VALUE  FROM      YEAR
                                                  NORMAL
...................................................................
TEMPERATURE (F)
 TODAY
  MAXIMUM         99   3:21 PM 105    1949  90      9       86
  MINIMUM         62   5:01 AM  42    1947  61      1       56
  AVERAGE         81                        76      5       71

PRECIPITATION (IN)
  TODAY            0.00          0.49 1963   0.00   0.00     0.00
  MONTH TO DATE    0.00                      0.02  -0.02     0.00
  SINCE JUL 1      1.32                      6.78  -5.46    10.70
  SINCE OCT 1      1.32                      6.51  -5.19    10.66
  SINCE JAN 1      0.82                      4.69  -3.87     5.50

SNOWFALL (IN)
  TODAY           MM             0.0    MM  MM               0.0
  MONTH TO DATE   MM                         0.0             0.0
  SINCE JUN 1     MM                         0.0             0.0
  SINCE JUL 1      0.0                      MM               0.0
  SNOW DEPTH      MM

DEGREE DAYS
 HEATING
  TODAY            0                         0      0        0
  MONTH TO DATE    0                         4     -4        6
  SINCE JUN 1      0                         4     -4        6
  SINCE JUL 1   2756                      2945   -189     2943

 COOLING
  TODAY           16                        11      5        6
  MONTH TO DATE  139                       112     27       82
  SINCE JUN 1    139                       112     27       82
  SINCE JAN 1    416                       284    132      318
...................................................................


WIND (MPH)
  HIGHEST WIND SPEED    20   HIGHEST WIND DIRECTION    SW (240)
  HIGHEST GUST SPEED    24   HIGHEST GUST DIRECTION     W (260)
  AVERAGE WIND SPEED     9.4


SKY COVER
  POSSIBLE SUNSHINE  MM
  AVERAGE SKY COVER 0.0


WEATHER CONDITIONS
THE FOLLOWING WEATHER WAS RECORDED TODAY.
  NO SIGNIFICANT WEATHER WAS OBSERVED.


RELATIVE HUMIDITY (PERCENT)
 HIGHEST    32           4:00 AM
 LOWEST      8           3:00 PM
 AVERAGE    20

..........................................................


THE LANCASTER FOX FIELD CA CLIMATE NORMALS FOR TOMORROW
                         NORMAL    RECORD    YEAR
 MAXIMUM TEMPERATURE (F)   91       106      1960
 MINIMUM TEMPERATURE (F)   61        46      1952


SUNRISE AND SUNSET
JUNE 12 2021..........SUNRISE   5:39 AM PDT   SUNSET   8:07 PM PDT
JUNE 13 2021..........SUNRISE   5:39 AM PDT   SUNSET   8:07 PM PDT


-  INDICATES NEGATIVE NUMBERS.
R  INDICATES RECORD WAS SET OR TIED.
MM INDICATES DATA IS MISSING.
T  INDICATES TRACE AMOUNT.




$$
