000
CDUS45 KLKN 040933
CLIWMC


CLIMATE REPORT
NATIONAL WEATHER SERVICE ELKO NV
132 AM PST FRI DEC 4 2020


...................................

...THE WINNEMUCCA AIRPORT NV CLIMATE SUMMARY FOR DECEMBER 3 2020...

CLIMATE NORMAL PERIOD 1981 TO 2010
CLIMATE RECORD PERIOD 1877 TO 2020


WEATHER ITEM   OBSERVED TIME   RECORD YEAR NORMAL DEPARTURE LAST
                VALUE   (LST)  VALUE       VALUE  FROM      YEAR
                                                  NORMAL
..................................................................
TEMPERATURE (F)
 YESTERDAY
  MAXIMUM         50    253 PM  67    2007  44      6       40
  MINIMUM         15   1049 PM  -1    2006  19     -4       33
  AVERAGE         33                        31      2       37

PRECIPITATION (IN)
  YESTERDAY        0.00          0.81 1880   0.03  -0.03     0.00
  MONTH TO DATE    0.00                      0.09  -0.09     0.40
  SINCE OCT 1      1.64                      1.64   0.00     0.69
  SINCE JAN 1      6.25                      7.44  -1.19     9.13

SNOWFALL (IN)
  YESTERDAY        0.0           8.1  1880   0.1   -0.1      0.0
  MONTH TO DATE    0.0                       0.4   -0.4      1.1
  SINCE DEC 1      0.0                       0.4   -0.4      1.1
  SINCE JUL 1     11.7                       3.9    7.8      4.6
  SNOW DEPTH       0

DEGREE DAYS
 HEATING
  YESTERDAY       32                        34     -2       28
  MONTH TO DATE   99                       101     -2       90
  SINCE DEC 1     99                       101     -2       90
  SINCE JUL 1   1374                      1669   -295     1806

 COOLING
  YESTERDAY        0                         0      0        0
  MONTH TO DATE    0                         0      0        0
  SINCE DEC 1      0                         0      0        0
  SINCE JAN 1    895                       541    354      579
..................................................................


WIND (MPH)
  HIGHEST WIND SPEED    13   HIGHEST WIND DIRECTION     S (170)
  HIGHEST GUST SPEED    15   HIGHEST GUST DIRECTION     E (80)
  AVERAGE WIND SPEED     5.9



WEATHER CONDITIONS
 THE FOLLOWING WEATHER WAS RECORDED YESTERDAY.
  NO SIGNIFICANT WEATHER WAS OBSERVED.


RELATIVE HUMIDITY (PERCENT)
 HIGHEST    73          1100 PM
 LOWEST     18           300 PM
 AVERAGE    46

..........................................................


THE WINNEMUCCA AIRPORT NV CLIMATE NORMALS FOR TODAY
                         NORMAL    RECORD    YEAR
 MAXIMUM TEMPERATURE (F)   43        63      1979
 MINIMUM TEMPERATURE (F)   19        -5      2006


SUNRISE AND SUNSET
DECEMBER  4 2020......SUNRISE   700 AM PST   SUNSET   423 PM PST
DECEMBER  5 2020......SUNRISE   701 AM PST   SUNSET   423 PM PST


-  INDICATES NEGATIVE NUMBERS.
R  INDICATES RECORD WAS SET OR TIED.
MM INDICATES DATA IS MISSING.
T  INDICATES TRACE AMOUNT.




$$
