786
CDUS45 KRIW 260828
CLIWRL

CLIMATE REPORT
NATIONAL WEATHER SERVICE RIVERTON WY
128 AM MST THU NOV 26 2020

...................................

...THE WORLAND WY CLIMATE SUMMARY FOR NOVEMBER 25 2020...

CLIMATE NORMAL PERIOD: 1981 TO 2010
CLIMATE RECORD PERIOD: 1947 TO 2020


WEATHER ITEM   OBSERVED TIME   RECORD YEAR NORMAL DEPARTURE LAST
                VALUE   (LST)  VALUE       VALUE  FROM      YEAR
                                                  NORMAL
...................................................................
TEMPERATURE (F)
 YESTERDAY
  MAXIMUM         44   3:09 PM  66    1990  38      6       37
  MINIMUM          8   6:47 AM -10    1993  12     -4       27
                                      2010
  AVERAGE         26                        25      1

PRECIPITATION (IN)
  YESTERDAY        0.00          0.42 1983   0.00   0.00      T
  MONTH TO DATE    0.04                      0.30  -0.26     0.26
  SINCE SEP 1      0.84                      1.84  -1.00     2.69
  SINCE JAN 1      3.44                      7.29  -3.85    11.18

DEGREE DAYS
 HEATING
  YESTERDAY       39                        40     -1       33
  MONTH TO DATE  766                       822    -56      833
  SINCE SEP 1   1646                      1648     -2     1908
  SINCE JUL 1   1661                      1684    -23     1920

 COOLING
  YESTERDAY        0                         0      0        0
  MONTH TO DATE    0                         0      0        0
  SINCE SEP 1     35                        29      6       53
  SINCE JAN 1    695                       535    160      516
...................................................................


WIND (MPH)
  HIGHEST WIND SPEED    14   HIGHEST WIND DIRECTION    NW (320)
  HIGHEST GUST SPEED    16   HIGHEST GUST DIRECTION    NW (330)
  AVERAGE WIND SPEED     3.4


SKY COVER
  POSSIBLE SUNSHINE  MM
  AVERAGE SKY COVER 0.2


WEATHER CONDITIONS
THE FOLLOWING WEATHER WAS RECORDED YESTERDAY.
  NO SIGNIFICANT WEATHER WAS OBSERVED.


RELATIVE HUMIDITY (PERCENT)
 HIGHEST    84           7:00 AM
 LOWEST     33           3:00 PM
 AVERAGE    59

..........................................................


THE WORLAND WY CLIMATE NORMALS FOR TODAY
                         NORMAL    RECORD    YEAR
 MAXIMUM TEMPERATURE (F)   37        66      1998
 MINIMUM TEMPERATURE (F)   11       -15      1985


SUNRISE AND SUNSET
NOVEMBER 26 2020......SUNRISE   7:21 AM MST   SUNSET   4:37 PM MST
NOVEMBER 27 2020......SUNRISE   7:22 AM MST   SUNSET   4:37 PM MST


-  INDICATES NEGATIVE NUMBERS.
R  INDICATES RECORD WAS SET OR TIED.
MM INDICATES DATA IS MISSING.
T  INDICATES TRACE AMOUNT.




$$
