000
CDAK47 PAJK 261350
CLIYAK
NATIONAL WEATHER SERVICE JUNEAU AK
429 AM AKST THU NOV 26 2020

...................................

...THE YAKUTAT CLIMATE SUMMARY FOR NOVEMBER 25 2020...

CLIMATE NORMAL PERIOD: 1981 TO 2010
CLIMATE RECORD PERIOD: 1917 TO 2020


WEATHER ITEM   OBSERVED RECORD YEAR NORMAL DEPARTURE LAST
                VALUE   VALUE       VALUE  FROM      YEAR
                                           NORMAL
............................................................
TEMPERATURE (F)
 YESTERDAY
  MAXIMUM         41     50    1936  37      4       33
  MINIMUM         29     -4    2006  25      4       25
  AVERAGE         35                 31      4       29

PRECIPITATION (IN)
  YESTERDAY        1.11   4.60 1938   0.48   0.63     0.25
  MONTH TO DATE    7.55              12.05  -4.50    17.12
  SINCE JAN 1     90.59             136.44 -45.85    89.97

DEGREE DAYS
 HEATING
  YESTERDAY       30                 34     -4       36
  MONTH TO DATE  883                807     76      589
  SINCE SEP 1   2089               2038     51     1682
............................................................


WIND (MPH)
  HIGHEST WIND SPEED    28   HIGHEST WIND DIRECTION     E (100)
  HIGHEST GUST SPEED    44   HIGHEST GUST DIRECTION     E (110)
  AVERAGE WIND SPEED     9.2


SKY COVER
  AVERAGE SKY COVER 0.9


WEATHER CONDITIONS
THE FOLLOWING WEATHER WAS RECORDED YESTERDAY.
  HEAVY RAIN
  RAIN
  LIGHT RAIN
  FOG

..........................................................


THE YAKUTAT CLIMATE NORMALS FOR TODAY
                         NORMAL    RECORD    YEAR
 MAXIMUM TEMPERATURE (F)   36        50      2002
                                             2018
 MINIMUM TEMPERATURE (F)   25        -2      2006


SUNRISE AND SUNSET
NOVEMBER 26 2020......SUNRISE   8:41 AM AKST  SUNSET   3:31 PM AKST
NOVEMBER 27 2020......SUNRISE   8:43 AM AKST  SUNSET   3:30 PM AKST


-  INDICATES NEGATIVE NUMBERS.
R  INDICATES RECORD WAS SET OR TIED.
MM INDICATES DATA IS MISSING.
T  INDICATES TRACE AMOUNT.




$$

--------------------------------------------------------------

AMOUNT OF DAYLIGHT TODAY (HOUR:MIN)......... 6 HOURS 50 MINUTES
GAIN/LOSS SINCE YESTERDAY (HOUR:MIN:SEC).... -0:03:39

$$
