043
CDUS46 KPDT 290851
CLIYKM

CLIMATE REPORT
NATIONAL WEATHER SERVICE PENDLETON OR
1251 AM PST SUN NOV 29 2020

...................................

...THE YAKIMA WA CLIMATE SUMMARY FOR NOVEMBER 28 2020...

CLIMATE NORMAL PERIOD 1981 TO 2010
CLIMATE RECORD PERIOD 1946 TO 2020


WEATHER ITEM   OBSERVED TIME   RECORD YEAR NORMAL DEPARTURE LAST
                VALUE   (LST)  VALUE       VALUE  FROM      YEAR
                                                  NORMAL
...................................................................
TEMPERATURE (F)
 YESTERDAY
  MAXIMUM         50    308 PM  66    1995  41      9       37
  MINIMUM         23    136 AM   8    1976  24     -1       19
  AVERAGE         37                        33      4       28

PRECIPITATION (IN)
  YESTERDAY        0.00          0.98 2001   0.04  -0.04     0.00
  MONTH TO DATE    1.15                      0.96   0.19     0.04
  SINCE SEP 1      1.41                      1.86  -0.45     1.07
  SINCE JAN 1      4.03                      6.63  -2.60     7.86

DEGREE DAYS
 HEATING
  YESTERDAY       28                        32     -4       37
  MONTH TO DATE  725                       764    -39      750
  SINCE SEP 1   1209                      1420   -211     1524
  SINCE JUL 1   1219                      1468   -249     1525

 COOLING
  YESTERDAY        0                         0      0        0
  MONTH TO DATE    0                         0      0        0
  SINCE SEP 1     69                        32     37       47
  SINCE JAN 1    728                       472    256      625
...................................................................


WIND (MPH)
  HIGHEST WIND SPEED    14   HIGHEST WIND DIRECTION     N (340)
  HIGHEST GUST SPEED    16   HIGHEST GUST DIRECTION    NW (330)
  AVERAGE WIND SPEED     3.5


SKY COVER
  POSSIBLE SUNSHINE  MM
  AVERAGE SKY COVER 0.1


WEATHER CONDITIONS
THE FOLLOWING WEATHER WAS RECORDED YESTERDAY.
  FOG


RELATIVE HUMIDITY (PERCENT)
 HIGHEST    89          1100 PM
 LOWEST     54           300 PM
 AVERAGE    72

..........................................................


THE YAKIMA WA CLIMATE NORMALS FOR TODAY
                         NORMAL    RECORD    YEAR
 MAXIMUM TEMPERATURE (F)   41        62      1995
 MINIMUM TEMPERATURE (F)   24        10      1976
                                             1985


SUNRISE AND SUNSET
NOVEMBER 29 2020......SUNRISE   724 AM PST   SUNSET   417 PM PST
NOVEMBER 30 2020......SUNRISE   725 AM PST   SUNSET   417 PM PST


-  INDICATES NEGATIVE NUMBERS.
R  INDICATES RECORD WAS SET OR TIED.
MM INDICATES DATA IS MISSING.
T  INDICATES TRACE AMOUNT.




$$
