000
CDUS41 KCLE 290629
CLIYNG

CLIMATE REPORT
NATIONAL WEATHER SERVICE CLEVELAND, OH
129 AM EST SUN NOV 29 2020

...................................

...THE YOUNGSTOWN OH CLIMATE SUMMARY FOR NOVEMBER 28 2020...

CLIMATE NORMAL PERIOD 1981 TO 2010
CLIMATE RECORD PERIOD 1897 TO 2020


WEATHER ITEM   OBSERVED TIME   RECORD YEAR NORMAL DEPARTURE LAST
                VALUE   (LST)  VALUE       VALUE  FROM      YEAR
                                                  NORMAL
...................................................................
TEMPERATURE (F)
 YESTERDAY
  MAXIMUM         46    230 PM  69    1990  43      3       38
  MINIMUM         34    740 AM   7    1930  30      4       33
                                      1950
                                      1955
  AVERAGE         40                        37      3       36

PRECIPITATION (IN)
  YESTERDAY        0.00                      0.11  -0.11     0.08
  MONTH TO DATE    2.14                      2.97  -0.83     1.85
  SINCE SEP 1     13.45                      9.49   3.96    11.16
  SINCE JAN 1     44.50                     35.71   8.79    45.68

SNOWFALL (IN)
  YESTERDAY        0.0                       0.2   -0.2      0.5
  MONTH TO DATE    2.1                       3.1   -1.0      8.8
  SINCE SEP 1      2.1                       3.9   -1.8      8.8
  SINCE JUL 1      2.1                       3.9   -1.8      8.8
  SNOW DEPTH       0

DEGREE DAYS
 HEATING
  YESTERDAY       25                        28     -3       29
  MONTH TO DATE  495                       650   -155      787
  SINCE SEP 1    991                      1233   -242     1150
  SINCE JUL 1    992                      1271   -279     1156

 COOLING
  YESTERDAY        0                         0      0        0
  MONTH TO DATE    3                         0      3        0
  SINCE SEP 1     73                        58     15      128
  SINCE JAN 1    795                       544    251      792
...................................................................


WIND (MPH)
  HIGHEST WIND SPEED    15   HIGHEST WIND DIRECTION    NW (320)
  HIGHEST GUST SPEED    22   HIGHEST GUST DIRECTION    NW (310)
  AVERAGE WIND SPEED     7.9


SKY COVER
  POSSIBLE SUNSHINE  MM
  AVERAGE SKY COVER 0.4


WEATHER CONDITIONS
THE FOLLOWING WEATHER WAS RECORDED YESTERDAY.
  NO SIGNIFICANT WEATHER WAS OBSERVED.


RELATIVE HUMIDITY (PERCENT)
 HIGHEST    79           200 AM
 LOWEST     45           200 PM
 AVERAGE    62

..........................................................


THE YOUNGSTOWN OH CLIMATE NORMALS FOR TODAY
                         NORMAL    RECORD    YEAR
 MAXIMUM TEMPERATURE (F)   43        66      2005
 MINIMUM TEMPERATURE (F)   30         5      1976


SUNRISE AND SUNSET
NOVEMBER 29 2020......SUNRISE   727 AM EST   SUNSET   455 PM EST
NOVEMBER 30 2020......SUNRISE   728 AM EST   SUNSET   454 PM EST


-  INDICATES NEGATIVE NUMBERS.
R  INDICATES RECORD WAS SET OR TIED.
MM INDICATES DATA IS MISSING.
T  INDICATES TRACE AMOUNT.




$$
