000
CDUS41 KPBZ 290649
CLIZZV

CLIMATE REPORT
NATIONAL WEATHER SERVICE PITTSBURGH PA
149 AM EST SUN NOV 29 2020

...................................

...THE ZANESVILLE OH CLIMATE SUMMARY FOR NOVEMBER 28 2020...

CLIMATE NORMAL PERIOD 1981 TO 2010
CLIMATE RECORD PERIOD 1895 TO 2020


WEATHER ITEM   OBSERVED TIME   RECORD YEAR NORMAL DEPARTURE LAST
                VALUE   (LST)  VALUE       VALUE  FROM      YEAR
                                                  NORMAL
...................................................................
TEMPERATURE (F)
 YESTERDAY
  MAXIMUM         48    331 PM  69    1933  47      1       40
  MINIMUM         28   1119 PM   3    1930  30     -2       35
  AVERAGE         38                        38      0       38

PRECIPITATION (IN)
  YESTERDAY        0.00          1.26 1949   0.10  -0.10     0.00
  MONTH TO DATE    1.84                      2.93  -1.09     1.81
  SINCE SEP 1      6.24                      8.55  -2.31     7.90
  SINCE JAN 1     39.80                     35.07   4.73    38.90

DEGREE DAYS
 HEATING
  YESTERDAY       27                        27      0       27
  MONTH TO DATE  479                       600   -121      750
  SINCE SEP 1    897                      1076   -179     1025
  SINCE JUL 1    897                      1087   -190     1025

 COOLING
  YESTERDAY        0                         0      0        0
  MONTH TO DATE    0                         0      0        0
  SINCE SEP 1    104                        91     13      228
  SINCE JAN 1   1009                       768    241     1095
...................................................................


WIND (MPH)
  HIGHEST WIND SPEED    10   HIGHEST WIND DIRECTION     W (280)
  HIGHEST GUST SPEED    14   HIGHEST GUST DIRECTION     W (290)
  AVERAGE WIND SPEED     3.7


SKY COVER
  POSSIBLE SUNSHINE  MM
  AVERAGE SKY COVER 0.2


WEATHER CONDITIONS
THE FOLLOWING WEATHER WAS RECORDED YESTERDAY.
  FOG


RELATIVE HUMIDITY (PERCENT)
 HIGHEST    96           200 AM
 LOWEST     47           300 PM
 AVERAGE    72

..........................................................


THE ZANESVILLE OH CLIMATE NORMALS FOR TODAY
                         NORMAL    RECORD    YEAR
 MAXIMUM TEMPERATURE (F)   47        72      1927
 MINIMUM TEMPERATURE (F)   30         5      1958
                                             1976


SUNRISE AND SUNSET
NOVEMBER 29 2020......SUNRISE   729 AM EST   SUNSET   503 PM EST
NOVEMBER 30 2020......SUNRISE   730 AM EST   SUNSET   503 PM EST


-  INDICATES NEGATIVE NUMBERS.
R  INDICATES RECORD WAS SET OR TIED.
MM INDICATES DATA IS MISSING.
T  INDICATES TRACE AMOUNT.




$$
