000
CXUS51 KBTV 011448
CLM1V4

CLIMATE REPORT
NATIONAL WEATHER SERVICE BURLINGTON VT
948 AM EST SUN NOV 01 2020

...................................

...THE SAINT JOHNSBURY VT ASOS CLIMATE SUMMARY FOR THE MONTH OF OCTOBER 2020...

CLIMATE NORMAL PERIOD: 1981 TO 2010
CLIMATE RECORD PERIOD: 1998 TO 2020

WEATHER         OBSERVED          NORMAL  DEPART   LAST YEAR`S
                VALUE   DATE(S)   VALUE   FROM     VALUE DATE(S)
                                          NORMAL
................................................................
TEMPERATURE (F)
RECORD
 HIGH             92
 LOW              13
HIGHEST           76   10/10         MM      MM       70  10/31
LOWEST            17   10/31         MM      MM       29  10/05
                                                          10/20
AVG. MAXIMUM    55.8               57.8    -2.0     58.1
AVG. MINIMUM    36.8               36.6     0.2     38.4
MEAN            46.3               47.2    -0.9     48.3
DAYS MAX >= 90     0                0.0     0.0        0
DAYS MAX <= 32     0                0.0     0.0        0
DAYS MIN <= 32    11               10.6     0.4        8
DAYS MIN <= 0      0                0.0     0.0        0

PRECIPITATION (INCHES)
RECORD
 MAXIMUM        8.59   2005
 MINIMUM        0.29   1924
TOTALS          4.25               3.87    0.38     5.34
DAILY AVG.      0.14               0.12    0.02     0.17
DAYS >= .01       15               13.5     1.5       16
DAYS >= .10        9                7.0     2.0        7
DAYS >= .50        3                2.3     0.7        4
DAYS >= 1.00       0                1.0    -1.0        1
GREATEST
 24 HR. TOTAL   0.99   10/17 TO 10/17               1.71  10/07 TO 10/07
 STORM TOTAL    0.99                                1.71
 (MM/DD(HH))            MM


DEGREE DAYS
HEATING TOTAL    569                553      16      512
 SINCE 7/1       821                787      34       MM
COOLING TOTAL      0                  1      -1        0
 SINCE 1/1       546                433     113       MM
................................................................

WIND (MPH)
AVERAGE WIND SPEED              MM
HIGHEST WIND SPEED/DIRECTION    MM        DATE   MM
HIGHEST GUST SPEED/DIRECTION    MM        DATE   MM

SKY COVER
POSSIBLE SUNSHINE (PERCENT)   MM
AVERAGE SKY COVER           0.00
NUMBER OF DAYS FAIR           31
NUMBER OF DAYS PC              0
NUMBER OF DAYS CLOUDY          0

AVERAGE RH (PERCENT)     74

WEATHER CONDITIONS. NUMBER OF DAYS WITH
THUNDERSTORM              0     MIXED PRECIP               0
HEAVY RAIN                0     RAIN                       0
LIGHT RAIN                0     FREEZING RAIN              0
LT FREEZING RAIN          0     HAIL                       0
HEAVY SNOW                0     SNOW                       0
LIGHT SNOW                0     SLEET                      0
FOG                       0     FOG W/VIS <= 1/4 MILE      0
HAZE                      0

-  INDICATES NEGATIVE NUMBERS.
R  INDICATES RECORD WAS SET OR TIED.
MM INDICATES DATA IS MISSING.
T  INDICATES TRACE AMOUNT.

$$
