000
CXUS51 KPHI 020125
CLM55N

CLIMATE REPORT
NATIONAL WEATHER SERVICE MOUNT HOLLY NJ
825 PM EST TUE DEC 01 2020

...................................

...THE ATLANTIC CITY MARINA CLIMATE SUMMARY FOR THE MONTH OF NOVEMBER 2020...

CLIMATE NORMAL PERIOD: 1981 TO 2010
CLIMATE RECORD PERIOD: 1873 TO 2020

WEATHER         OBSERVED          NORMAL  DEPART   LAST YEAR`S
                VALUE   DATE(S)   VALUE   FROM     VALUE
                                          NORMAL
..............................................................
TEMPERATURE (F)
RECORD
 HIGH             MM   MM
 LOW              MM   MM
HIGHEST           72   11/08         MM      MM       69
LOWEST            33   11/18         MM      MM       25
                       11/19
AVG. MAXIMUM    60.3               55.8     4.5     52.0
AVG. MINIMUM    48.6               42.9     5.7     39.6
MEAN            54.4               49.4     5.0     45.8
DAYS MAX >= 90     0                0.0     0.0        0
DAYS MAX <= 32     0                0.0     0.0        0
DAYS MIN <= 32     0                2.9    -2.9        5
DAYS MIN <= 0      0                0.0     0.0        0

PRECIPITATION (INCHES)
RECORD
 MAXIMUM          MM   MM
 MINIMUM          MM   MM
TOTALS          5.29               3.35    1.94     1.64
DAILY AVG.      0.18               0.11    0.07     0.05
DAYS >= .01        9                8.9     0.1       12
DAYS >= .10        7                5.7     1.3        5
DAYS >= .50        5                2.3     2.7        0
DAYS >= 1.00       2                1.1     0.9        0
GREATEST
 24 HR. TOTAL   1.16   11/30 TO 11/30               0.46


DEGREE DAYS
HEATING TOTAL    312                470    -158      567
 SINCE 7/1       475                711    -236      702
COOLING TOTAL      1                  0       1        0
 SINCE 1/1      1145               1020     125     1207
..............................................................

WIND (MPH)
AVERAGE WIND SPEED              8.2
HIGHEST WIND SPEED/DIRECTION    28/220    DATE  11/15



-  INDICATES NEGATIVE NUMBERS.
R  INDICATES RECORD WAS SET OR TIED.
MM INDICATES DATA IS MISSING.
T  INDICATES TRACE AMOUNT.

$$
