000
CXUS52 KTAE 011447
CLMAAF

CLIMATE REPORT
NATIONAL WEATHER SERVICE TALLAHASSEE FL
947 AM EST TUE DEC 01 2020

...................................

...THE APALACHICOLA CLIMATE SUMMARY FOR THE MONTH OF NOVEMBER 2020...

CLIMATE NORMAL PERIOD 1981 TO 2010
CLIMATE RECORD PERIOD 1931 TO 2020

WEATHER         OBSERVED          NORMAL  DEPART   LAST YEAR`S
                VALUE   DATE(S)   VALUE   FROM     VALUE DATE(S)
                                          NORMAL
................................................................
TEMPERATURE (F)
RECORD
 HIGH             88   11/04/2016
 LOW              24   11/25/1950
HIGHEST           86   11/09         80       6       80  11/27
                                                          11/06
LOWEST            43   11/03         MM      MM       32  11/13
                       11/30
AVG. MAXIMUM    78.1               73.1     5.0     71.2
AVG. MINIMUM    58.1               51.0     7.1     49.3
MEAN            68.1               62.0     6.1     60.2
DAYS MAX >= 90     0                0.0     0.0        0
DAYS MAX <= 32     0                0.0     0.0        0
DAYS MIN <= 32     0                0.5    -0.5        1
DAYS MIN <= 0      0                0.0     0.0        0

PRECIPITATION (INCHES)
RECORD
 MAXIMUM        9.00   1947
 MINIMUM          MM
TOTALS          1.44               3.52   -2.08     1.26


DEGREE DAYS
HEATING TOTAL     44                145    -101      170
 SINCE 7/1        48                172    -124      171
COOLING TOTAL    145                 56      89       36
 SINCE 1/1      2883               2605     278     3001
................................................................

WIND (MPH)
AVERAGE WIND SPEED              8.5
HIGHEST WIND SPEED/DIRECTION    36/240    DATE  11/30
HIGHEST GUST SPEED/DIRECTION    49/220    DATE  11/30

SKY COVER
POSSIBLE SUNSHINE (PERCENT)   MM
AVERAGE SKY COVER           0.31
NUMBER OF DAYS FAIR           18
NUMBER OF DAYS PC              9
NUMBER OF DAYS CLOUDY          3

AVERAGE RH (PERCENT)     74

WEATHER CONDITIONS. NUMBER OF DAYS WITH
THUNDERSTORM              2     MIXED PRECIP               0
HEAVY RAIN                2     RAIN                       3
LIGHT RAIN                6     FREEZING RAIN              0
LT FREEZING RAIN          0     HAIL                       0
HEAVY SNOW                0     SNOW                       0
LIGHT SNOW                0     SLEET                      0
FOG                      12     FOG W/VIS <= 1/4 MILE      2
HAZE                      0

-  INDICATES NEGATIVE NUMBERS.
R  INDICATES RECORD WAS SET OR TIED.
MM INDICATES DATA IS MISSING.
T  INDICATES TRACE AMOUNT.

$$
