000
CXUS54 KSJT 011546
CLMABI

CLIMATE REPORT
NATIONAL WEATHER SERVICE SAN ANGELO TX
946 AM CST SUN NOV 01 2020

...................................

...THE ABILENE CLIMATE SUMMARY FOR THE MONTH OF OCTOBER 2020...

CLIMATE NORMAL PERIOD: 1981 TO 2010
CLIMATE RECORD PERIOD: 1886 TO 2020

WEATHER         OBSERVED          NORMAL  DEPART   LAST YEAR`S
                VALUE   DATE(S)   VALUE   FROM     VALUE DATE(S)
                                          NORMAL
................................................................
TEMPERATURE (F)
RECORD
 HIGH            103   10/01/1979
 LOW              20   10/31/2019
HIGHEST          100   10/11         MM      MM       97  10/06
LOWEST            29   10/26         MM      MM       20  10/31
                       10/27
AVG. MAXIMUM    78.6               77.3     1.3     77.5
AVG. MINIMUM    51.1               54.3    -3.2     50.5
MEAN            64.9               65.8    -0.9     64.0
DAYS MAX >= 90     5                1.3     3.7       10
DAYS MAX <= 32     1                0.0     1.0        0
DAYS MIN <= 32     3                0.2     2.8        2
DAYS MIN <= 0      0                0.0     0.0        0

PRECIPITATION (INCHES)
RECORD
 MAXIMUM       12.09   2018
 MINIMUM        0.00   1952
TOTALS          0.80               2.98   -2.18     0.35
DAILY AVG.      0.03               0.10   -0.07     0.01
DAYS >= .01        4                6.6    -2.6        6
DAYS >= .10        2                4.5    -2.5        2
DAYS >= .50        1                1.7    -0.7        0
DAYS >= 1.00       0                0.8    -0.8        0
GREATEST
 24 HR. TOTAL   0.56   10/27 TO 10/27
                       10/27 TO 10/28

SNOWFALL (INCHES)
RECORDS
 TOTAL           0.3   1993
TOTALS           0.8R                 T     0.8      0.0
SINCE 7/1         MM                  T      MM       MM
SNOWDEPTH AVG.    MM                                   0
DAYS >= 1.0        0                0.0     0.0        0
GREATEST
 SNOW DEPTH        1R                                  0  MM
 24 HR TOTAL     0.8R  10/27 TO 10/27

DEGREE DAYS
HEATING TOTAL    153                 93      60      193
 SINCE 7/1       185                104      81      193
COOLING TOTAL    156                118      38      170
 SINCE 1/1      2734               2389     345     2903
................................................................

WIND (MPH)
AVERAGE WIND SPEED              11.0
HIGHEST WIND SPEED/DIRECTION    33/360    DATE  10/12
HIGHEST GUST SPEED/DIRECTION    43/360    DATE  10/12

SKY COVER
AVERAGE SKY COVER           0.21

AVERAGE RH (PERCENT)     58

WEATHER CONDITIONS. NUMBER OF DAYS WITH
THUNDERSTORM              0     MIXED PRECIP               0
HEAVY RAIN                1     RAIN                       0
LIGHT RAIN                3     FREEZING RAIN              0
LT FREEZING RAIN          0     HAIL                       0
HEAVY SNOW                0     SNOW                       0
LIGHT SNOW                2     SLEET                      0
FOG                       7     FOG W/VIS <= 1/4 MILE      0
HAZE                      4

-  INDICATES NEGATIVE NUMBERS.
R  INDICATES RECORD WAS SET OR TIED.
MM INDICATES DATA IS MISSING.
T  INDICATES TRACE AMOUNT.

$$
