000
CXUS54 KSJT 011933
CLMABI

CLIMATE REPORT
NATIONAL WEATHER SERVICE SAN ANGELO TX
233 PM CDT TUE JUN 01 2021

...................................

...THE ABILENE CLIMATE SUMMARY FOR THE MONTH OF MAY 2021...

CLIMATE NORMAL PERIOD: 1991 TO 2020
CLIMATE RECORD PERIOD: 1886 TO 2021

WEATHER         OBSERVED          NORMAL  DEPART   LAST YEAR`S
                VALUE   DATE(S)   VALUE   FROM     VALUE DATE(S)
                                          NORMAL
................................................................
TEMPERATURE (F)
RECORD
 HIGH            109   05/28/2011
                       05/24/2000
                       01/16/2206854
 LOW              33   05/03/2013
                       05/04/1907
                       01/01/2000
HIGHEST           92   05/08         MM      MM      107  05/19
LOWEST            48   05/05         MM      MM       42  05/09
AVG. MAXIMUM    79.9               86.3    -6.4     89.8
AVG. MINIMUM    60.8               61.9    -1.1     62.0
MEAN            70.4               74.1    -3.7     75.9
DAYS MAX >= 90     1                9.9    -8.9       15
DAYS MAX <= 32     0                0.0     0.0        0
DAYS MIN <= 32     0                0.0     0.0        0
DAYS MIN <= 0      0                0.0     0.0        0

PRECIPITATION (INCHES)
RECORD
 MAXIMUM       13.19   1957
 MINIMUM        0.06   1911
TOTALS          8.20               3.21    4.99     1.40
DAILY AVG.      0.26               0.10    0.16     0.05
DAYS >= .01        9                8.0     1.0        5
DAYS >= .10        6                5.2     0.8        3
DAYS >= .50        4                2.2     1.8        1
DAYS >= 1.00       3                0.9     2.1        1
GREATEST
 24 HR. TOTAL   3.56   05/31 TO 05/31

SNOWFALL (INCHES)
RECORDS
 TOTAL             T   2016
TOTALS            MM                0.0      MM      0.0
SINCE 7/1         MM                3.7      MM       MM
SNOWDEPTH AVG.    MM                                   0
DAYS >= 1.0       MM                0.0      MM        0
GREATEST
 SNOW DEPTH       MM                                   0  MM
 24 HR TOTAL      MM

DEGREE DAYS
HEATING TOTAL     23                 16       7        5
 SINCE 7/1      2535               2314     221     2299
COOLING TOTAL    198                298    -100      351
 SINCE 1/1       312                471    -159      518
................................................................

WIND (MPH)
AVERAGE WIND SPEED              11.5
HIGHEST WIND SPEED/DIRECTION    31/050    DATE  05/17
                                31/330          05/31
HIGHEST GUST SPEED/DIRECTION    48/040    DATE  05/17

SKY COVER
AVERAGE SKY COVER           0.43

AVERAGE RH (PERCENT)     72

WEATHER CONDITIONS. NUMBER OF DAYS WITH
THUNDERSTORM              5     MIXED PRECIP               0
HEAVY RAIN                4     RAIN                       5
LIGHT RAIN                9     FREEZING RAIN              0
LT FREEZING RAIN          0     HAIL                       0
HEAVY SNOW                0     SNOW                       0
LIGHT SNOW                0     SLEET                      0
FOG                      12     FOG W/VIS <= 1/4 MILE      1
HAZE                      3

-  INDICATES NEGATIVE NUMBERS.
R  INDICATES RECORD WAS SET OR TIED.
MM INDICATES DATA IS MISSING.
T  INDICATES TRACE AMOUNT.

$$
