548
CXUS55 KABQ 011640
CLMABQ

ABQCLMABQ 000
TTAA00 KABQ 011617


CLIMATE REPORT
NATIONAL WEATHER SERVICE ALBUQUERQUE NM
940 AM MST SUN NOV 1 2020

...................................

...THE ALBUQUERQUE  NM CLIMATE SUMMARY FOR THE MONTH OF OCTOBER 2020...

CLIMATE NORMAL PERIOD 1981 TO 2010
CLIMATE RECORD PERIOD 1891 TO 2020

WEATHER         OBSERVED          NORMAL  DEPART  LAST YEAR`S
                 VALUE   DATE(S)  VALUE   FROM    VALUE  DATE(S)
                                          NORMAL
................................................................
TEMPERATURE (F)
RECORD
 HIGH              91   10/05/1979
 LOW               19   10/27/2020
                        10/26/2020
                        01/01/2000
HIGHEST            87   10/14        83       4       79  10/09
                                                          10/03
                                                          10/02
LOWEST             19R  10/27        30     -11       22  10/31
                        10/26
AVG. MAXIMUM     74.6              69.0     5.6     68.3
AVG. MINIMUM     44.6              46.1    -1.5     42.4
MEAN             59.6              57.5     2.1     55.4
DAYS MAX >= 90      0               0.0     0.0        0
DAYS MAX <= 32      0               0.0     0.0        0
DAYS MIN <= 32      4               0.9     3.1        6
DAYS MIN <= 0       0               0.0     0.0        0

PRECIPITATION (INCHES)
RECORD
 MAXIMUM         3.08   1972
 MINIMUM         0.00   1952
TOTALS           0.24              1.02   -0.78     0.59
DAILY AVG.       0.01              0.03   -0.02     0.02
DAYS >= .01         3               5.1    -2.1        3
DAYS >= .10         1               2.8    -1.8        1
DAYS >= .50         0               0.5    -0.5        1
DAYS >= 1.00        0               0.1    -0.1        0
GREATEST
 24 HR. TOTAL    0.16   10/26 TO 10/26              0.52

SNOWFALL (INCHES)
RECORDS
 TOTAL            3.2   1986
TOTALS            4.4R              0.3     4.1      0.0
SINCE 7/1         4.4               0.3     4.1      0.0
SNOWDEPTH AVG.      0                MM      MM        0
DAYS >= 1.0         2               0.1     1.9        0
GREATEST
 SNOW DEPTH         4R  10/27                          0  MM
 24 HR TOTAL      2.9   10/26 TO 10/26               0.0

DEGREE_DAYS
HEATING TOTAL     188               240     -52      301
 SINCE 7/1        245               266     -21      301
COOLING TOTAL      28                10      18       10
 SINCE 1/1       1738              1322     416     1529
.................................................................

WIND (MPH)
AVERAGE WIND SPEED              7.1
HIGHEST WIND SPEED/DIRECTION    45/090    DATE  10/26
HIGHEST GUST SPEED/DIRECTION    58/090    DATE  10/26

SKY COVER
POSSIBLE SUNSHINE (PERCENT)   MM
AVERAGE SKY COVER           0.20
NUMBER OF DAYS FAIR           23
NUMBER OF DAYS PC              5
NUMBER OF DAYS CLOUDY          3

AVERAGE RH (PERCENT)     30

WEATHER CONDITIONS. NUMBER OF DAYS WITH
THUNDERSTORM        0            MIXED PRECIP           0
HEAVY RAIN          0            RAIN                   0
LIGHT RAIN          1            FREEZING RAIN          0
LT FREEZING RAIN    0            HAIL                   0
HEAVY SNOW          1            SNOW                   1
LIGHT SNOW          3            SLEET                  0
FOG                 0            FOG W/VIS <= 1/4 MILE  2
HAZE                2

-  INDICATES NEGATIVE NUMBERS.
R  INDICATES RECORD WAS SET OR TIED.
MM INDICATES DATA IS MISSING.
T  INDICATES TRACE AMOUNT.

$$
