000
CXUS53 KABR 010912
CLMABR

CLIMATE REPORT
NATIONAL WEATHER SERVICE ABERDEEN SD
312 AM CST TUE DEC 01 2020

...................................

...THE ABERDEEN SD CLIMATE SUMMARY FOR THE MONTH OF NOVEMBER 2020...

CLIMATE NORMAL PERIOD 1981 TO 2010
CLIMATE RECORD PERIOD 1893 TO 2020

WEATHER         OBSERVED          NORMAL  DEPART   LAST YEAR`S
                VALUE   DATE(S)   VALUE   FROM     VALUE DATE(S)
                                          NORMAL
................................................................
TEMPERATURE (F)
RECORD
 HIGH             79   11/05/1904
 LOW             -27   11/30/1964
HIGHEST           78   11/04         39      39       60  11/24
LOWEST             5   11/30         MM      MM       -3  11/11
AVG. MAXIMUM    51.3               39.6    11.7     39.7
AVG. MINIMUM    21.3               18.9     2.4     20.1
MEAN            36.3               29.3     7.0     29.9
DAYS MAX >= 90     0                0.0     0.0        0
DAYS MAX <= 32     2                8.7    -6.7        9
DAYS MIN <= 32    25               27.6    -2.6       26
DAYS MIN <= 0      0                1.9    -1.9        2

PRECIPITATION (INCHES)
RECORD
 MAXIMUM        6.92   1896
 MINIMUM           T   1999
TOTALS          0.36               0.73   -0.37     1.66
DAYS >= .01        3                6.8    -3.8        8
DAYS >= .10        2                2.2    -0.2        3
DAYS >= .50        0                0.3    -0.3        1
DAYS >= 1.00       0                0.0     0.0        1

SNOWFALL (INCHES)
RECORDS
 TOTAL          32.8   1896
 SNOW DEPTH       23   11/27/1993
TOTALS           2.7                7.0    -4.3     17.7
SINCE 7/1       13.5                7.7     5.8       MM
SNOWDEPTH AVG.     0                                   0
DAYS >= TRACE      2                4.7    -2.7       12
DAYS >= 1.0        1                1.9    -0.9        2
GREATEST
 SNOW DEPTH        2   11/10                           6  11/30

DEGREE DAYS
HEATING TOTAL    852               1072    -220     1045
 SINCE 7/1      1755               1965    -210     1935
COOLING TOTAL      0                  0       0        0
 SINCE 1/1       871                525     346      601

FREEZE DATES
RECORD
 EARLIEST     MM
 LATEST       MM
EARLIEST                        09/09
LATEST                          05/12
................................................................

WIND (MPH)
AVERAGE WIND SPEED              10.2
RESULTANT WIND SPEED/DIRECTION   4/220
HIGHEST WIND SPEED/DIRECTION    40/160    DATE  11/08
HIGHEST GUST SPEED/DIRECTION    53/190    DATE  11/08

SKY COVER
POSSIBLE SUNSHINE (PERCENT)   MM
AVERAGE SKY COVER           0.17
NUMBER OF DAYS FAIR           23
NUMBER OF DAYS PC              6
NUMBER OF DAYS CLOUDY          1

AVERAGE RH (PERCENT)     63

WEATHER CONDITIONS. NUMBER OF DAYS WITH
THUNDERSTORM              0     MIXED PRECIP               0
HEAVY RAIN                0     RAIN                       1
LIGHT RAIN                3     FREEZING RAIN              0
LT FREEZING RAIN          0     HAIL                       0
HEAVY SNOW                1     SNOW                       1
LIGHT SNOW                2     SLEET                      0
FOG                      11     FOG W/VIS <= 1/4 MILE      4
HAZE                     11

-  INDICATES NEGATIVE NUMBERS.
R  INDICATES RECORD WAS SET OR TIED.
MM INDICATES DATA IS MISSING.
T  INDICATES TRACE AMOUNT.

$$
