000
CXUS52 KTAE 011447
CLMABY

CLIMATE REPORT
NATIONAL WEATHER SERVICE TALLAHASSEE FL
947 AM EST TUE DEC 01 2020

...................................

...THE ALBANY CLIMATE SUMMARY FOR THE MONTH OF NOVEMBER 2020...

CLIMATE NORMAL PERIOD 1981 TO 2010
CLIMATE RECORD PERIOD 1930 TO 2020

WEATHER         OBSERVED          NORMAL  DEPART   LAST YEAR`S
                VALUE   DATE(S)   VALUE   FROM     VALUE DATE(S)
                                          NORMAL
................................................................
TEMPERATURE (F)
RECORD
 HIGH             90   MM
 LOW              19   11/19/2014
HIGHEST           88   11/11          9      79       81  11/06
LOWEST            35   11/03         MM      MM       31  11/13
AVG. MAXIMUM    76.7               71.4     5.3     69.1
AVG. MINIMUM    54.1               45.9     8.2     45.0
MEAN            65.4               58.7     6.7     57.1
DAYS MAX >= 90     0                0.0     0.0        0
DAYS MAX <= 32     0                0.0     0.0        0
DAYS MIN <= 32     0                1.7    -1.7        1
DAYS MIN <= 0      0                0.0     0.0        0

PRECIPITATION (INCHES)
RECORD
 MAXIMUM          MM   MM
 MINIMUM          MM   MM
TOTALS          2.57               3.19   -0.62     1.47

SNOWFALL (INCHES)
TOTALS           0.0

DEGREE DAYS
HEATING TOTAL     90                220    -130      249
 SINCE 7/1        97                269    -172      257
COOLING TOTAL    107                 30      77       19
 SINCE 1/1      3102               2533     569     3228
................................................................

WIND (MPH)
AVERAGE WIND SPEED              6.3
HIGHEST WIND SPEED/DIRECTION    28/290    DATE  11/30
HIGHEST GUST SPEED/DIRECTION    39/220    DATE  11/30

SKY COVER
POSSIBLE SUNSHINE (PERCENT)   MM
AVERAGE SKY COVER           0.41
NUMBER OF DAYS FAIR           13
NUMBER OF DAYS PC             11
NUMBER OF DAYS CLOUDY          6

AVERAGE RH (PERCENT)     71

WEATHER CONDITIONS. NUMBER OF DAYS WITH
THUNDERSTORM              0     MIXED PRECIP               0
HEAVY RAIN                5     RAIN                       4
LIGHT RAIN               10     FREEZING RAIN              0
LT FREEZING RAIN          0     HAIL                       0
HEAVY SNOW                0     SNOW                       0
LIGHT SNOW                0     SLEET                      0
FOG                      14     FOG W/VIS <= 1/4 MILE      2
HAZE                      3

-  INDICATES NEGATIVE NUMBERS.
R  INDICATES RECORD WAS SET OR TIED.
MM INDICATES DATA IS MISSING.
T  INDICATES TRACE AMOUNT.

$$
