000
CXUS54 KFWD 010847
CLMACT

CLIMATE REPORT
NATIONAL WEATHER SERVICE FORT WORTH TX
236 AM CST SUN NOV 1 2020

...................................

...THE WACO CLIMATE SUMMARY FOR THE MONTH OF OCTOBER 2020...

CLIMATE NORMAL PERIOD 1981 TO 2010
CLIMATE RECORD PERIOD 1901 TO 2020

WEATHER         OBSERVED          NORMAL  DEPART  LAST YEAR`S
                 VALUE   DATE(S)  VALUE   FROM    VALUE  DATE(S)
                                          NORMAL
................................................................
TEMPERATURE (F)
RECORD
 HIGH             101   10/02/1989
                        10/03/1979
 LOW               25   10/31/1993
HIGHEST            97   10/11        93       4       97  10/06
                                                          10/02
                                                          10/01
LOWEST             36   10/30        40      -4       30  10/31
AVG. MAXIMUM     79.2              79.9    -0.7     78.7
AVG. MINIMUM     53.7              56.6    -2.9     55.1
MEAN             66.5              68.3    -1.8     66.9
DAYS MAX >= 90      4               3.3     0.7        9
DAYS MAX <= 32      0               0.0     0.0        0
DAYS MAX >= 100     0                                  0
DAYS MIN <= 32      0               0.1    -0.1        1
DAYS MIN <= 0       0               0.0     0.0        0
DAYS MIN >= 80      0                                  0

PRECIPITATION (INCHES)
RECORD
 MAXIMUM        15.19   2015
 MINIMUM         0.00   1952
TOTALS           1.73              3.90   -2.17     4.30
DAILY AVG.       0.06              0.13   -0.07     0.14
DAYS >= .01         4               7.2    -3.2       10
DAYS >= .10         3               4.7    -1.7        8
DAYS >= .50         2               2.7    -0.7        3
DAYS >= 1.00        0               1.2    -1.2        1
GREATEST
 24 HR. TOTAL    0.87   10/23 TO 10/24              2.27

SNOWFALL (INCHES)
RECORDS
 TOTAL              T   1993
 24 HR TOTAL        T   10/29/1993 TO 10/29/1993
TOTALS            0.0               0.0     0.0      0.0
SINCE 7/1         0.0               0.0     0.0      0.0
SNOWDEPTH AVG.      0                MM      MM        0
DAYS >= TRACE       0                                  0
DAYS >= 1.0         0               0.0     0.0        0

DEGREE_DAYS
HEATING TOTAL     110                61      49      131

 SINCE 7/1        113                67      46      131
COOLING TOTAL     163               162       1      197
 SINCE 1/1       2863              2756     107     3067
.................................................................

WIND (MPH)
AVERAGE WIND SPEED              8.7
HIGHEST WIND SPEED/DIRECTION    31/350    DATE  10/23
HIGHEST GUST SPEED/DIRECTION    45/350    DATE  10/23

SKY COVER
POSSIBLE SUNSHINE (PERCENT)   MM
AVERAGE SKY COVER           0.30
NUMBER OF DAYS FAIR           18
NUMBER OF DAYS PC             10
NUMBER OF DAYS CLOUDY          3

AVERAGE RH (PERCENT)     66

WEATHER CONDITIONS. NUMBER OF DAYS WITH
THUNDERSTORM              1     MIXED PRECIP                0
HEAVY RAIN                3     RAIN                        3
LIGHT RAIN                5     FREEZING RAIN               0
LT FREEZING RAIN          0     HAIL                        0
HEAVY SNOW                0     SNOW                        0
LIGHT SNOW                0     SLEET                       0
FOG                      10     FOG W/VIS <= 1/4 MILE       0
HAZE                      6

-  INDICATES NEGATIVE NUMBERS.
R  INDICATES RECORD WAS SET OR TIED.
MM INDICATES DATA IS MISSING.
T  INDICATES TRACE AMOUNT.

$$
