000
CXUS51 KPHI 011404
CLMACY

CLIMATE REPORT
NATIONAL WEATHER SERVICE MOUNT HOLLY NJ
904 AM EST SUN NOV 01 2020

...................................

...THE ATLANTIC CITY NJ CLIMATE SUMMARY FOR THE MONTH OF OCTOBER 2020...

CLIMATE NORMAL PERIOD: 1981 TO 2010
CLIMATE RECORD PERIOD: 1943 TO 2020

WEATHER         OBSERVED          NORMAL  DEPART   LAST YEAR`S
                VALUE   DATE(S)   VALUE   FROM     VALUE DATE(S)
                                          NORMAL
................................................................
TEMPERATURE (F)
RECORD
 HIGH             96   10/02/2019
 LOW              20   10/31/1988
HIGHEST           79   10/07         82      -3       96  10/02
LOWEST            29   10/31         29       0       36  10/19
AVG. MAXIMUM    68.5               66.6     1.9     69.7
AVG. MINIMUM    49.7               45.6     4.1     51.8
MEAN            59.1               56.1     3.0     60.7
DAYS MAX >= 90     0                0.0     0.0        1
DAYS MAX <= 32     0                0.0     0.0        0
DAYS MIN <= 32     1                1.7    -0.7        0
DAYS MIN <= 0      0                0.0     0.0        0

PRECIPITATION (INCHES)
RECORD
 MAXIMUM       12.13   1903
 MINIMUM        0.05   1924
TOTALS          6.89               3.42    3.47     5.53
DAILY AVG.      0.22               0.11    0.11     0.18
DAYS >= .01       11                8.1     2.9       11
DAYS >= .10        7                5.3     1.7        9
DAYS >= .50        4                2.7     1.3        4
DAYS >= 1.00       2                1.2     0.8        3
GREATEST
 24 HR. TOTAL   2.83   10/29 TO 10/30               1.21

SNOWFALL (INCHES)
RECORDS
 TOTAL            MM   5
 24 HR TOTAL      MM
TOTALS           0.0                0.0     0.0      0.0
SINCE 7/1        0.0                0.0     0.0       MM
SNOWDEPTH AVG.     0                                   0
DAYS >= 1.0        0                0.0     0.0        0
GREATEST
 SNOW DEPTH        0                                   0  MM
 24 HR TOTAL      MM                                 0.0

DEGREE DAYS
HEATING TOTAL    185                296    -111      165
 SINCE 7/1       240                358    -118      176
COOLING TOTAL     10                 20     -10       41
 SINCE 1/1      1345               1054     291     1410
................................................................

WIND (MPH)
AVERAGE WIND SPEED              7.1
HIGHEST WIND SPEED/DIRECTION    29/070    DATE  10/12
HIGHEST GUST SPEED/DIRECTION    42/050    DATE  10/12

SKY COVER
POSSIBLE SUNSHINE (PERCENT)   MM
AVERAGE SKY COVER           0.49
NUMBER OF DAYS FAIR           15
NUMBER OF DAYS PC              4
NUMBER OF DAYS CLOUDY         12

AVERAGE RH (PERCENT)     77

WEATHER CONDITIONS. NUMBER OF DAYS WITH
THUNDERSTORM              0     MIXED PRECIP               0
HEAVY RAIN                4     RAIN                       6
LIGHT RAIN               15     FREEZING RAIN              0
LT FREEZING RAIN          0     HEAVY SNOW                 0
SNOW                      0     LIGHT SNOW                 0
SLEET                     0     FOG                       15
FOG W/VIS <= 1/4 MILE     4     HAZE                       1

-  INDICATES NEGATIVE NUMBERS.
R  INDICATES RECORD WAS SET OR TIED.
MM INDICATES DATA IS MISSING.
T  INDICATES TRACE AMOUNT.

$$
