000
CXAK58 PADQ 011347
CLMADQ


CLIMATE REPORT
NATIONAL WEATHER SERVICE ANCHORAGE, AK
446 AM AKST TUE DEC 1 2020

...................................

...THE KODIAK CLIMATE SUMMARY FOR THE MONTH OF NOVEMBER 2020...

CLIMATE NORMAL PERIOD 1981 TO 2010
CLIMATE RECORD PERIOD 1913 TO 2020

WEATHER         OBSERVED          NORMAL  DEPART  LAST YEAR`S
                 VALUE   DATE(S)  VALUE   FROM    VALUE  DATE(S)
                                          NORMAL
................................................................
TEMPERATURE (F)
RECORD
 HIGH              60   11/04/1924
 LOW                0   11/29/1971
HIGHEST            51                MM      MM       53
LOWEST             17                MM      MM       26
AVG. MAXIMUM     40.9              39.1     1.8     46.6
AVG. MINIMUM     28.1              28.7    -0.6     38.6
MEAN             34.5              33.9     0.6     42.6
DAYS MAX >= 90      0               0.0     0.0        0
DAYS MAX <= 32      3               3.9    -0.9        0
DAYS MIN <= 32     23              19.4     3.6        9
DAYS MIN <= 0       0               0.0     0.0        0

PRECIPITATION (INCHES)
RECORD
 MAXIMUM           MM   MM
 MINIMUM           MM   MM
TOTALS           5.95              6.87   -0.92    12.39
DAILY AVG.       0.20              0.23   -0.03     0.41
DAYS >= .01        15              16.1    -1.1       23
DAYS >= .10        11              10.7     0.3       16
DAYS >= .50         6               5.0     1.0       10
DAYS >= 1.00        0               1.7    -1.7        4
GREATEST
 24 HR. TOTAL    0.89   11/20 TO 11/20           11/28 TO 11/28
                                                          11/28 TO 11/28EATHER         OBSERVED          NORMAL  DEPART  LAST YEAR`S
                                                          11/28 TO 11/28EATHER         OBSERVED          NORMAL  DEPART  LAST YEAR`S
 STORM TOTAL       MM                                 MM
 (MM/DD(HH))            MM                    11/28(00) TO 11/28(00)
                                                 11/28(00) TO 11/28(00)8EATHER         OBSERVED          NORMAL  DEPART  LAST YEAR`S
                                                 11/28(00) TO 11/28(00)8EATHER         OBSERVED          NORMAL  DEPART  LAST YEAR`S

DEGREE_DAYS
HEATING TOTAL     880               933     -53      666
 SINCE 7/1       2370              2795    -425     1928
COOLING TOTAL       0                 0       0        0
 SINCE 1/1         11                 1      10       56

FREEZE DATES
RECORD
 EARLIEST     MM
 LATEST       MM
EARLIEST      11/01             MM
LATEST                          MM
.................................................................

WIND (MPH)
AVERAGE WIND SPEED              11.0
RESULTANT WIND SPEED/DIRECTION   7/289
HIGHEST WIND SPEED/DIRECTION    52/280    DATE  11/08
HIGHEST GUST SPEED/DIRECTION    71/280    DATE  11/08

SKY COVER
POSSIBLE SUNSHINE (PERCENT)   MM
AVERAGE SKY COVER           0.40
NUMBER OF DAYS FAIR            9
NUMBER OF DAYS PC              9
NUMBER OF DAYS CLOUDY          1

AVERAGE RH (PERCENT)     66

WEATHER CONDITIONS. NUMBER OF DAYS WITH
  0
  8
  0
  0
  0
  0
  0
HAZE                      0

-  INDICATES NEGATIVE NUMBERS.
R  INDICATES RECORD WAS SET OR TIED.
MM INDICATES DATA IS MISSING.
T  INDICATES TRACE AMOUNT.

$$
