756
CXUS54 KLCH 021548
CLMAEX


CLIMATE REPORT
NATIONAL WEATHER SERVICE LAKE CHARLES, LA
947 AM CST MON NOV 2 2020

...................................

...THE ALEXANDRIA CLIMATE SUMMARY FOR THE MONTH OF OCTOBER 2020...

CLIMATE NORMAL PERIOD 1981 TO 2010
CLIMATE RECORD PERIOD 1892 TO 2020

WEATHER         OBSERVED          NORMAL  DEPART  LAST YEAR`S
                 VALUE   DATE(S)  VALUE   FROM    VALUE  DATE(S)
                                          NORMAL
................................................................
TEMPERATURE (F)
RECORD
 HIGH              98   10/06/1951
                        10/03/1900
 LOW               27   10/30/1910
HIGHEST            89   10/11        MM      MM       MM  MM
                        10/07
LOWEST             41   10/31        MM      MM       MM  MM
AVG. MAXIMUM     79.2              79.4    -0.2       MM
AVG. MINIMUM     56.7              54.9     1.8       MM
MEAN             68.0              67.2     0.8       MM
DAYS MAX >= 90      0               1.0    -1.0       MM
DAYS MAX <= 32      0               0.0     0.0       MM
DAYS MIN <= 32      0               0.2    -0.2       MM
DAYS MIN <= 0       0               0.0     0.0       MM

PRECIPITATION (INCHES)
RECORD
 MAXIMUM        16.00   1985
 MINIMUM         0.00   1963
                        1924
TOTALS          13.55              5.18    8.37       MM
DAILY AVG.       0.44              0.17    0.27       MM
DAYS >= .01         6                MM      MM       MM
DAYS >= .10         5                MM      MM       MM
DAYS >= .50         4                MM      MM       MM
DAYS >= 1.00        2                MM      MM       MM
GREATEST
 24 HR. TOTAL    8.62   10/09 TO 10/09

SNOWFALL (INCHES)
RECORDS
 TOTAL             MM   5
TOTALS            0.0                MM      MM       MM
SINCE 7/1         0.0                MM      MM       MM
SNOWDEPTH AVG.      0                MM      MM       MM
DAYS >= 1.0         0                MM      MM       MM
GREATEST
 SNOW DEPTH         0   MM                            MM  MM
 24 HR TOTAL      0.0   10/31 TO 10/31

DEGREE_DAYS
HEATING TOTAL      51                70     -19       MM
 SINCE 7/1         51                73     -22       MM
COOLING TOTAL     153               136      17       MM
 SINCE 1/1       2608              2486     122       MM
.................................................................

WIND (MPH)
AVERAGE WIND SPEED              6.2
HIGHEST WIND SPEED/DIRECTION    41/320    DATE  10/10
HIGHEST GUST SPEED/DIRECTION    63/290    DATE  10/23

SKY COVER
POSSIBLE SUNSHINE (PERCENT)   MM
AVERAGE SKY COVER           0.40
NUMBER OF DAYS FAIR           13
NUMBER OF DAYS PC              7
NUMBER OF DAYS CLOUDY          6

AVERAGE RH (PERCENT)     73

WEATHER CONDITIONS. NUMBER OF DAYS WITH
  0
  4
  0
  0
  0
  0
  4
HAZE                      9

-  INDICATES NEGATIVE NUMBERS.
R  INDICATES RECORD WAS SET OR TIED.
MM INDICATES DATA IS MISSING.
T  INDICATES TRACE AMOUNT.

$$
