000
CXUS52 KCAE 021549
CLMAGS

CLIMATE REPORT
NATIONAL WEATHER SERVICE COLUMBIA SC
1049 AM EST WED DEC 02 2020

...................................

...THE AUGUSTA BUSH FIELD GA CLIMATE SUMMARY FOR THE MONTH OF NOVEMBER 2020...

CLIMATE NORMAL PERIOD: 1981 TO 2010
CLIMATE RECORD PERIOD: 1873 TO 2020

WEATHER         OBSERVED          NORMAL  DEPART   LAST YEAR`S
                VALUE   DATE(S)   VALUE   FROM     VALUE
                                          NORMAL
..............................................................
TEMPERATURE (F)
RECORD
 HIGH             90   11/02/1961
 LOW              11   11/25/1950
HIGHEST           87   11/11         MM      MM
LOWEST            31   11/19         MM      MM
AVG. MAXIMUM    74.8               69.1     5.7
AVG. MINIMUM    48.5               41.4     7.1
MEAN            61.6               55.2     6.4
DAYS MAX >= 90     0                0.0     0.0
DAYS MAX <= 32     0                0.0     0.0
DAYS MIN <= 32     2                6.0    -4.0
DAYS MIN <= 0      0                0.0     0.0

PRECIPITATION (INCHES)
RECORD
 MAXIMUM        7.77   1947
 MINIMUM        0.09   1960
TOTALS          1.84               2.82   -0.98
DAILY AVG.      0.06               0.09   -0.03
DAYS >= .01       10                6.9     3.1
DAYS >= .10        6                4.1     1.9
DAYS >= .50        0                1.8    -1.8
DAYS >= 1.00       0                0.8    -0.8
GREATEST
 24 HR. TOTAL   0.65   11/10 TO 11/11
 STORM TOTAL    0.38
 (MM/DD(HH))

SNOWFALL (INCHES)
RECORDS
 TOTAL            MM   MM
TOTALS            0.0               0.0     0.0
SINCE 7/1         0.0               0.0     0.0
DAYS >= TRACE       0               0.0     0.0
DAYS >= 1.0         0               0.0     0.0
GREATEST
 SNOW DEPTH       MM

DEGREE DAYS
HEATING TOTAL    170                308    -138
 SINCE 7/1       191                423    -232
COOLING TOTAL     76                 16      60
 SINCE 1/1      2604               2086     518

FREEZE DATES
RECORD
 EARLIEST     MM
 LATEST       MM
EARLIEST      11/03             MM
LATEST                          03/08
..............................................................

WIND (MPH)
AVERAGE WIND SPEED              4.7
RESULTANT WIND SPEED/DIRECTION   1/020
HIGHEST WIND SPEED/DIRECTION    28/270    DATE  11/30
HIGHEST GUST SPEED/DIRECTION    37/270    DATE  11/30

SKY COVER
POSSIBLE SUNSHINE (PERCENT)   MM
AVERAGE SKY COVER           0.40
NUMBER OF DAYS FAIR           13
NUMBER OF DAYS PC             10
NUMBER OF DAYS CLOUDY          7

AVERAGE RH (PERCENT)     69

WEATHER CONDITIONS. NUMBER OF DAYS WITH
THUNDERSTORM              2     MIXED PRECIP               0
HEAVY RAIN                3     RAIN                       4
LIGHT RAIN               12     FREEZING RAIN              0
LT FREEZING RAIN          0     HAIL                       0
HEAVY SNOW                0     SNOW                       0
LIGHT SNOW                0     SLEET                      0
FOG                      18     FOG W/VIS <= 1/4 MILE      7
HAZE                      0

-  INDICATES NEGATIVE NUMBERS.
R  INDICATES RECORD WAS SET OR TIED.
MM INDICATES DATA IS MISSING.
T  INDICATES TRACE AMOUNT.

$$
