655
CXUS52 KFFC 050014
CLMAHN

CLIMATE REPORT
NATIONAL WEATHER SERVICE PEACHTREE CITY GA
814 PM EDT FRI JUN 04 2021

...................................

...THE ATHENS CLIMATE SUMMARY FOR THE MONTH OF MAY 2021...

CLIMATE NORMAL PERIOD: 1991 TO 2020
CLIMATE RECORD PERIOD: 1898 TO 2021

WEATHER         OBSERVED          NORMAL  DEPART   LAST YEAR`S
                VALUE   DATE(S)   VALUE   FROM     VALUE DATE(S)
                                          NORMAL
................................................................
TEMPERATURE (F)
RECORD
 HIGH            100   05/25/1926
                       05/31/1918
 LOW              35   05/05/1900
HIGHEST           95   05/24         94       1       92  05/24
                       05/25
LOWEST            45   05/08         37       8       40  05/10
                       05/14
AVG. MAXIMUM    82.0               82.3    -0.3     80.2
AVG. MINIMUM    57.2               58.6    -1.4     56.8
MEAN              MM               70.5      MM     68.5
DAYS MAX >= 90     6                3.7     2.3        2
DAYS MAX <= 32     0                0.0     0.0        0
DAYS MIN <= 32     0                0.0     0.0        0
DAYS MIN <= 0      0                0.0     0.0        0

PRECIPITATION (INCHES)
RECORD
 MAXIMUM       11.32   1923
 MINIMUM        0.11   1914
TOTALS          4.05               3.28    0.77     3.75
DAILY AVG.      0.13               0.11    0.02     0.12
GREATEST
 24 HR. TOTAL   1.70   05/03 TO 05/03               1.38  05/19 TO 05/20

SNOWFALL (INCHES)
RECORDS
 TOTAL           0.0   2002
 24 HR TOTAL      MM
TOTALS           0.0                 MM      MM      0.0
SINCE 7/1        0.0                 MM      MM       MM
SNOWDEPTH AVG.    MM                                  MM
DAYS >= TRACE      0                 MM      MM       MM
DAYS >= 1.0        0                 MM      MM       MM
GREATEST
 24 HR TOTAL      MM    MM                           0.0

DEGREE DAYS
HEATING TOTAL     26                 26       0       62
 SINCE 7/1      2198               2667    -469       MM
COOLING TOTAL    176                195     -19      178
 SINCE 1/1       248                263     -15       MM
................................................................

WIND (MPH)
AVERAGE WIND SPEED              4.2
HIGHEST WIND SPEED/DIRECTION    23/330    DATE  05/04
                                23/060          05/12
HIGHEST GUST SPEED/DIRECTION    40/360    DATE  05/04

SKY COVER
POSSIBLE SUNSHINE (PERCENT)   MM
AVERAGE SKY COVER           0.26
NUMBER OF DAYS FAIR           21
NUMBER OF DAYS PC              6
NUMBER OF DAYS CLOUDY          4

AVERAGE RH (PERCENT)     63

WEATHER CONDITIONS. NUMBER OF DAYS WITH
THUNDERSTORM              3     MIXED PRECIP               0
HEAVY RAIN                5     RAIN                       5
LIGHT RAIN                5     FREEZING RAIN              0
LT FREEZING RAIN          0     HAIL                       0
HEAVY SNOW                0     SNOW                       0
LIGHT SNOW                0     SLEET                      0
FOG                       7     FOG W/VIS <= 1/4 MILE      1
HAZE                      4

-  INDICATES NEGATIVE NUMBERS.
R  INDICATES RECORD WAS SET OR TIED.
MM INDICATES DATA IS MISSING.
T  INDICATES TRACE AMOUNT.

$$
