000
CXUS52 KFFC 031135
CLMAHN

CLIMATE REPORT
NATIONAL WEATHER SERVICE PEACHTREE CITY GA
635 AM EST TUE NOV 03 2020

...................................

...THE ATHENS CLIMATE SUMMARY FOR THE MONTH OF OCTOBER 2020...

CLIMATE NORMAL PERIOD: 1981 TO 2010
CLIMATE RECORD PERIOD: 1898 TO 2020

WEATHER         OBSERVED          NORMAL  DEPART   LAST YEAR`S
                VALUE   DATE(S)   VALUE   FROM     VALUE DATE(S)
                                          NORMAL
................................................................
TEMPERATURE (F)
RECORD
 HIGH            100   10/03/2019
 LOW              24   10/30/1952
HIGHEST           88   10/08         80       8      100  10/03
LOWEST            44   10/17         57     -13       39  10/31
AVG. MAXIMUM    78.2               74.4     3.8     78.7
AVG. MINIMUM    56.5               51.5     5.0     56.1
MEAN            67.3               63.0     4.3     67.4
DAYS MAX >= 90     0                0.2    -0.2        4
DAYS MAX <= 32     0                0.0     0.0        0
DAYS MIN <= 32     0                0.4    -0.4        0
DAYS MIN <= 0      0                0.0     0.0        0

PRECIPITATION (INCHES)
RECORD
 MAXIMUM       11.23   1937
 MINIMUM        0.00   1963
TOTALS          3.45               3.55   -0.10     3.81
DAILY AVG.      0.11               0.11   -0.00     0.12
GREATEST
 24 HR. TOTAL   2.24   10/24 TO 10/25               1.42  10/19 TO 10/19

SNOWFALL (INCHES)
RECORDS
 TOTAL           0.0   2002
 24 HR TOTAL     0.0   10/31/2002 TO 10/31/2002
                       10/01/2001 TO 10/01/2001
TOTALS           0.0                0.0     0.0      0.0
SINCE 7/1        0.0                0.0     0.0       MM
SNOWDEPTH AVG.    MM                                   0
DAYS >= TRACE      0                0.0     0.0        0
DAYS >= 1.0        0                0.0     0.0        0
GREATEST
 24 HR TOTAL      MM                                 0.0  10/30 TO 10/30

DEGREE DAYS
HEATING TOTAL     40                125     -85       58
 SINCE 7/1        52                135     -83       58
COOLING TOTAL    123                 62      61      143
 SINCE 1/1      2154               1877     277     2376
................................................................

WIND (MPH)
AVERAGE WIND SPEED              4.7
HIGHEST WIND SPEED/DIRECTION    24/290    DATE  10/29
HIGHEST GUST SPEED/DIRECTION    44/210    DATE  10/29

SKY COVER
POSSIBLE SUNSHINE (PERCENT)   MM
AVERAGE SKY COVER           0.31
NUMBER OF DAYS FAIR           21
NUMBER OF DAYS PC              4
NUMBER OF DAYS CLOUDY          6

AVERAGE RH (PERCENT)     70

WEATHER CONDITIONS. NUMBER OF DAYS WITH
THUNDERSTORM              0     MIXED PRECIP               0
HEAVY RAIN                4     RAIN                       6
LIGHT RAIN                8     FREEZING RAIN              0
LT FREEZING RAIN          0     HAIL                       0
HEAVY SNOW                0     SNOW                       0
LIGHT SNOW                0     SLEET                      0
FOG                      19     FOG W/VIS <= 1/4 MILE      2
HAZE                      2

-  INDICATES NEGATIVE NUMBERS.
R  INDICATES RECORD WAS SET OR TIED.
MM INDICATES DATA IS MISSING.
T  INDICATES TRACE AMOUNT.

$$
