000
CXAK58 PAKN 011347
CLMAKN


CLIMATE REPORT
NATIONAL WEATHER SERVICE ANCHORAGE, AK
446 AM AKST TUE DEC 1 2020

...................................

...THE KING SALMON CLIMATE SUMMARY FOR THE MONTH OF NOVEMBER 2020...

CLIMATE NORMAL PERIOD 1981 TO 2010
CLIMATE RECORD PERIOD 1917 TO 2020

WEATHER         OBSERVED          NORMAL  DEPART  LAST YEAR`S
                 VALUE   DATE(S)  VALUE   FROM    VALUE  DATE(S)
                                          NORMAL
................................................................
TEMPERATURE (F)
RECORD
 HIGH              53   11/07/2019
                        11/05/2019
                        11/03/2002
 LOW              -28   11/22/1988
                        11/28/1917
HIGHEST            47                MM      MM       53
LOWEST              0                MM      MM        1
AVG. MAXIMUM     33.8              30.5     3.3     41.3
AVG. MINIMUM     18.4              15.3     3.1     28.9
MEAN             26.1              22.9     3.2     35.1
DAYS MAX >= 90      0               0.0     0.0        0
DAYS MAX <= 32     10              14.2    -4.2       10
DAYS MIN <= 32     29              25.3     3.7       16
DAYS MIN <= 0       1               5.4    -4.4        0

PRECIPITATION (INCHES)
RECORD
 MAXIMUM           MM   MM
 MINIMUM           MM   MM
TOTALS           3.14              1.39    1.75     2.88
DAILY AVG.       0.10              0.05    0.05     0.10
DAYS >= .01        18              12.6     5.4       23
DAYS >= .10         9               4.8     4.2        9
DAYS >= .50         1               0.3     0.7        1
DAYS >= 1.00        1               0.1     0.9        0
GREATEST
 24 HR. TOTAL    1.19   11/07 TO 11/07           10/31 TO 11/01
                                                          11/01 TO 11/02EATHER         OBSERVED          NORMAL  DEPART  LAST YEAR`S
                                                          11/02 TO 11/03EATHER         OBSERVED          NORMAL  DEPART  LAST YEAR`S
 STORM TOTAL       MM                                 MM
 (MM/DD(HH))            MM                    11/01(00) TO 11/01(00)
                                                 11/02(00) TO 11/02(00)3EATHER         OBSERVED          NORMAL  DEPART  LAST YEAR`S
                                                 11/03(00) TO 11/03(00)3EATHER         OBSERVED          NORMAL  DEPART  LAST YEAR`S

DEGREE_DAYS
HEATING TOTAL    1159              1263    -104      886
 SINCE 7/1       2990              3377    -387     2409
COOLING TOTAL       0                 0       0        0
 SINCE 1/1          1                 1       0       32

FREEZE DATES
RECORD
 EARLIEST     MM
 LATEST       MM
EARLIEST      11/01             MM
LATEST                          MM
.................................................................

WIND (MPH)
AVERAGE WIND SPEED              8.8
RESULTANT WIND SPEED/DIRECTION   3/274
HIGHEST WIND SPEED/DIRECTION    39/160    DATE  11/24
HIGHEST GUST SPEED/DIRECTION    54/080    DATE  11/22

SKY COVER
POSSIBLE SUNSHINE (PERCENT)   MM
AVERAGE SKY COVER           0.60
NUMBER OF DAYS FAIR            5
NUMBER OF DAYS PC              8
NUMBER OF DAYS CLOUDY          6

AVERAGE RH (PERCENT)     82

WEATHER CONDITIONS. NUMBER OF DAYS WITH
  0
  2
  0
  0
  0
  0
  5
HAZE                      4

-  INDICATES NEGATIVE NUMBERS.
R  INDICATES RECORD WAS SET OR TIED.
MM INDICATES DATA IS MISSING.
T  INDICATES TRACE AMOUNT.

$$
