000
CXUS51 KALY 011042
CLMALB

CLIMATE REPORT
NATIONAL WEATHER SERVICE ALBANY NY
542 AM EST SUN NOV 01 2020

...................................

...THE ALBANY NY CLIMATE SUMMARY FOR THE MONTH OF OCTOBER 2020...

CLIMATE NORMAL PERIOD: 1981 TO 2010
CLIMATE RECORD PERIOD: 1874 TO 2020

WEATHER         OBSERVED          NORMAL  DEPART   LAST YEAR`S
                VALUE   DATE(S)   VALUE   FROM     VALUE DATE(S)
                                          NORMAL
................................................................
TEMPERATURE (F)
RECORD
 HIGH             91   10/05/1941
 LOW              16   10/24/1969
HIGHEST           76   10/10                          78  10/01
LOWEST            19   10/31                          34  10/20
                                                          10/05
AVG. MAXIMUM    58.4               59.8    -1.4     62.7
AVG. MINIMUM    39.5               39.6    -0.1     44.4
MEAN            48.9               49.7    -0.8     53.6
DAYS MAX >= 90     0                0.0     0.0        0
DAYS MAX <= 32     0                0.0     0.0        0
DAYS MIN <= 32     4                6.2    -2.2        0
DAYS MIN <= 0      0                0.0     0.0        0

PRECIPITATION (INCHES)
RECORD
 MAXIMUM       13.48   1869
 MINIMUM        0.09   1924
TOTALS          3.13               3.68   -0.55     7.48
DAILY AVG.      0.10                                0.24
DAYS >= .01       13               10.4     2.6       13
DAYS >= .10        6                6.2    -0.2       10
DAYS >= .50        2                2.5    -0.5        6
DAYS >= 1.00       1                0.8     0.2        3
GREATEST
 24 HR. TOTAL   1.24   10/29 TO 10/30

SNOWFALL (INCHES)
RECORDS
 TOTAL           6.5   1987
 24 HR TOTAL     6.5   10/04/1987 TO 10/04/1987
 SNOW DEPTH        4   10/30/2011
                       10/29/2011
TOTALS           1.2                0.3     0.9      0.0
SINCE 7/1        1.2                0.3     0.9       MM
SNOWDEPTH AVG.     0
DAYS >= TRACE      1                0.1     0.9        0
DAYS >= 1.0        1                0.0     1.0        0
GREATEST
 SNOW DEPTH        1   10/30                           0  MM
 24 HR TOTAL      MM

DEGREE DAYS
HEATING TOTAL    493                478      15      355
 SINCE 7/1       694                646      48      432
COOLING TOTAL      0                  4      -4        7
 SINCE 1/1       815                598     217      774
................................................................

WIND (MPH)
AVERAGE WIND SPEED              6.4
HIGHEST WIND SPEED/DIRECTION    67/280    DATE  10/07
HIGHEST GUST SPEED/DIRECTION    67/270    DATE  10/07

SKY COVER
AVERAGE SKY COVER           0.66

AVERAGE RH (PERCENT)     78

WEATHER CONDITIONS. NUMBER OF DAYS WITH
THUNDERSTORM              1     MIXED PRECIP               0
HEAVY RAIN                1     RAIN                       2
LIGHT RAIN               15     FREEZING RAIN              0
LT FREEZING RAIN          0     HAIL                       0
HEAVY SNOW                0     SNOW                       0
LIGHT SNOW                1     SLEET                      0
FOG                      20     FOG W/VIS <= 1/4 MILE      5
HAZE                      0

-  INDICATES NEGATIVE NUMBERS.
R  INDICATES RECORD WAS SET OR TIED.
MM INDICATES DATA IS MISSING.
T  INDICATES TRACE AMOUNT.

$$
