000
CXUS55 KPUB 241837 AAA
CLMALS

CLIMATE REPORT
NATIONAL WEATHER SERVICE
1129 AM MST TUE NOV 24 2020

...................................

...THE ALAMOSA CO CLIMATE SUMMARY FOR THE MONTH OF APRIL 2020...

CLIMATE NORMAL PERIOD 1981 TO 2010
CLIMATE RECORD PERIOD 1932 TO 2020

WEATHER         OBSERVED          NORMAL  DEPART   LAST YEAR`S
                VALUE   DATE(S)   VALUE   FROM     VALUE DATE(S)
                                          NORMAL
................................................................
TEMPERATURE (F)
RECORD
 HIGH             80   04/20/1989
 LOW              -6   04/08/1973
HIGHEST           77   04/28         63      14       74  04/20
                       04/29
LOWEST             9   04/15         20     -11       10  04/12
AVG. MAXIMUM    63.5               59.3     4.2     61.8
AVG. MINIMUM    26.8               24.4     2.4     26.4
MEAN            45.2               41.8     3.4     44.1
DAYS MAX >= 90    MM                0.0      MM
DAYS MAX <= 32    MM                0.0      MM
DAYS MIN <= 32    24               25.9    -1.9
DAYS MIN <= 0      0                0.0     0.0

PRECIPITATION (INCHES)
RECORD
 MAXIMUM        3.06   1942
 MINIMUM           T   1972
TOTALS          0.09               0.59   -0.50     0.80
DAILY AVG.      0.00               0.02   -0.02
DAYS >= .01        1                5.2    -4.2
DAYS >= .10        0                1.7    -1.7
DAYS >= .50        0                0.2    -0.2
DAYS >= 1.00       0                0.0     0.0
GREATEST
 24 HR. TOTAL   0.09   04/21 TO 04/21

SNOWFALL (INCHES)
RECORDS
 TOTAL          17.0   1938
TOTALS           0.0                3.6    -3.6      1.2
SINCE 7/1       16.8               26.7    -9.9       MM
SNOWDEPTH AVG.     0
DAYS >= 1.0        0                1.1    -1.1
GREATEST
 SNOW DEPTH        0                                   2
 24 HR TOTAL     0.0                                 1.0

DEGREE DAYS
HEATING TOTAL    587                694    -107      618
 SINCE 7/1      7574               8001    -427     7893
COOLING TOTAL      0                  0       0        0
 SINCE 1/1         0                  0       0        0
................................................................

WIND (MPH)
AVERAGE WIND SPEED              8.9
HIGHEST WIND SPEED/DIRECTION    37/230    DATE  04/02
HIGHEST GUST SPEED/DIRECTION    52/230    DATE  04/02

SKY COVER
POSSIBLE SUNSHINE (PERCENT)   MM
AVERAGE SKY COVER           0.21
NUMBER OF DAYS FAIR           24
NUMBER OF DAYS PC              6
NUMBER OF DAYS CLOUDY          0

AVERAGE RH (PERCENT)     35

WEATHER CONDITIONS. NUMBER OF DAYS WITH
THUNDERSTORM              1     MIXED PRECIP               0
HEAVY RAIN                1     RAIN                       0
LIGHT RAIN                4     FREEZING RAIN              0
LT FREEZING RAIN          0     HAIL                       0
HEAVY SNOW                0     SNOW                       0
LIGHT SNOW                0     SLEET                      0
FOG                       1     FOG W/VIS <= 1/4 MILE      0
HAZE                      4

-  INDICATES NEGATIVE NUMBERS.
R  INDICATES RECORD WAS SET OR TIED.
MM INDICATES DATA IS MISSING.
T  INDICATES TRACE AMOUNT.

$$
