000
CXUS54 KAMA 011704
CLMAMA

CLIMATE REPORT
NATIONAL WEATHER SERVICE AMARILLO
1104 AM CST SUN NOV 01 2020

...................................

...THE AMARILLO CLIMATE SUMMARY FOR THE MONTH OF OCTOBER 2020...

CLIMATE NORMAL PERIOD: 1981 TO 2010
CLIMATE RECORD PERIOD: 1892 TO 2020

WEATHER         OBSERVED          NORMAL  DEPART   LAST YEAR`S
                VALUE   DATE(S)   VALUE   FROM     VALUE DATE(S)
                                          NORMAL
................................................................
TEMPERATURE (F)
RECORD
 HIGH             99   10/03/2000
 LOW              12   10/30/1993
HIGHEST           94   10/09                          87  10/14
                       10/14
LOWEST            18   10/26                          14  10/31
                       10/27
AVG. MAXIMUM    73.0               71.9     1.1     66.8
AVG. MINIMUM    41.5               44.7    -3.2     39.0
MEAN            57.2               58.3    -1.1     52.9
DAYS MAX >= 90     8                0.6     7.4        0
DAYS MAX <= 32     2                0.1     1.9        2
DAYS MIN <= 32     5                1.6     3.4        9
DAYS MIN <= 0      0                0.0     0.0        0

PRECIPITATION (INCHES)
RECORD
 MAXIMUM        7.64   1941
 MINIMUM        0.00   1952
TOTALS          1.61               1.66   -0.05     5.92
DAILY AVG.      0.05               0.05   -0.00     0.19
DAYS >= .01        4                5.3    -1.3        5
DAYS >= .10        4                3.1     0.9        5
DAYS >= .50        1                1.2    -0.2        5
DAYS >= 1.00       0                0.3    -0.3        2
GREATEST
 24 HR. TOTAL   1.24   10/26 TO 10/26

SNOWFALL (INCHES)
RECORDS
 TOTAL           9.0   1906
TOTALS           7.4                0.2     7.2      5.5
SINCE 7/1        7.4                0.2     7.2       MM
DAYS >= TRACE      5                0.1     4.9        3
DAYS >= 1.0        2                0.1     1.9        1
GREATEST
 SNOW DEPTH        5R  10/29
 24 HR TOTAL      MM

DEGREE DAYS
HEATING TOTAL    299                236      63      396
 SINCE 7/1       365                278      87       MM
COOLING TOTAL     67                 28      39       26
 SINCE 1/1      1849               1398     451       MM
................................................................

WIND (MPH)
AVERAGE WIND SPEED              14.1
HIGHEST WIND SPEED/DIRECTION    40/340    DATE  10/28
HIGHEST GUST SPEED/DIRECTION    51/340    DATE  10/28

SKY COVER
POSSIBLE SUNSHINE (PERCENT)   MM
NUMBER OF DAYS FAIR           24
NUMBER OF DAYS PC              3
NUMBER OF DAYS CLOUDY          4

AVERAGE RH (PERCENT)     52

WEATHER CONDITIONS. NUMBER OF DAYS WITH
THUNDERSTORM              3     MIXED PRECIP               0
HEAVY RAIN                0     RAIN                       0
LIGHT RAIN                1     FREEZING RAIN              1
LT FREEZING RAIN          1     HAIL                       0
HEAVY SNOW                0     SNOW                       1
LIGHT SNOW                5     SLEET                      0
FOG                       9     FOG W/VIS <= 1/4 MILE      3
HAZE                      5

-  INDICATES NEGATIVE NUMBERS.
R  INDICATES RECORD WAS SET OR TIED.
MM INDICATES DATA IS MISSING.
T  INDICATES TRACE AMOUNT.

$$
