015
CXUS52 KJAX 011414
CLMAMG

CLIMATE REPORT
NATIONAL WEATHER SERVICE JACKSONVILLE FL
914 AM EST SUN NOV 01 2020

...................................

...THE ALMA CLIMATE SUMMARY FOR THE MONTH OF OCTOBER 2020...

CLIMATE NORMAL PERIOD: 1981 TO 2010
CLIMATE RECORD PERIOD: 1938 TO 2020

WEATHER         OBSERVED          NORMAL  DEPART   LAST YEAR`S
                VALUE   DATE(S)   VALUE   FROM     VALUE DATE(S)
                                          NORMAL
................................................................
TEMPERATURE (F)
RECORD
 HIGH             97   10/04/2019
 LOW              26   10/31/1954
HIGHEST           90   10/13         89       1       97  10/04
                       10/08
LOWEST            50   10/30         40      10       48  10/24
                                                          10/23
AVG. MAXIMUM    82.7               79.4     3.3     83.7
AVG. MINIMUM    62.6               57.5     5.1     60.6
MEAN            72.6               68.4     4.2     72.2
DAYS MAX >= 90     2                1.0     1.0        5
DAYS MIN <= 32     0                0.0     0.0        0

PRECIPITATION (INCHES)
RECORD
 MAXIMUM       10.37   1994
 MINIMUM        0.00   1943
TOTALS          2.03               3.03   -1.00     3.48
DAILY AVG.      0.07               0.10   -0.03     0.11
DAYS >= .01        6                7.0    -1.0        8
DAYS >= .10        3                4.0    -1.0        4
DAYS >= .50        1                2.0    -1.0        3
DAYS >= 1.00       1                1.0     0.0        2
GREATEST
 24 HR. TOTAL   1.60   10/29 TO 10/29

SNOWFALL (INCHES)
RECORDS
 TOTAL            MM   MM
TOTALS           0.0                0.0     0.0      0.0

DEGREE DAYS
HEATING TOTAL      8                 48     -40       10
 SINCE 7/1         8                 49     -41       10
COOLING TOTAL    255                155     100      239
 SINCE 1/1      2672               2425     247     2957
................................................................

WIND (MPH)
AVERAGE WIND SPEED              4.2
HIGHEST WIND SPEED/DIRECTION    21/190    DATE  10/29
HIGHEST GUST SPEED/DIRECTION    29/190    DATE  10/29

SKY COVER
AVERAGE SKY COVER           0.42

AVERAGE RH (PERCENT)     72

WEATHER CONDITIONS. NUMBER OF DAYS WITH
THUNDERSTORM              1     MIXED PRECIP               0
HEAVY RAIN                5     RAIN                       5
LIGHT RAIN               11     FREEZING RAIN              0
LT FREEZING RAIN          0     HAIL                       0
HEAVY SNOW                0     SNOW                       0
LIGHT SNOW                0     SLEET                      0
FOG                      20     FOG W/VIS <= 1/4 MILE      7
HAZE                      1

-  INDICATES NEGATIVE NUMBERS.
R  INDICATES RECORD WAS SET OR TIED.
MM INDICATES DATA IS MISSING.
T  INDICATES TRACE AMOUNT.

$$
