000
CXUS54 KBMX 041622
CLMANB

CLIMATE REPORT
NATIONAL WEATHER SERVICE BIRMINGHAM AL
1022 AM CST FRI DEC 04 2020

...................................

...THE ANNISTON CLIMATE SUMMARY FOR THE MONTH OF NOVEMBER 2020...

CLIMATE NORMAL PERIOD 1981 TO 2010
CLIMATE RECORD PERIOD 1903 TO 2020

WEATHER         OBSERVED          NORMAL  DEPART   LAST YEAR`S
                VALUE   DATE(S)   VALUE   FROM     VALUE DATE(S)
                                          NORMAL
................................................................
TEMPERATURE (F)
RECORD
 HIGH             88   11/01/2016
                       11/02/1974
                       08/29/2000
 LOW               5   11/25/1950
HIGHEST           81   11/11         MM      MM       76  11/06
LOWEST            30   11/17         MM      MM       20  11/13
AVG. MAXIMUM    70.2               65.2     5.0     63.6
AVG. MINIMUM    45.6               41.9     3.7     37.0
MEAN            57.9                                50.3
DAYS MAX >= 90     0                0.0     0.0        0
DAYS MAX <= 32     0                0.0     0.0        0
DAYS MIN <= 32     2                5.4    -3.4        9
DAYS MIN <= 0      0                0.0     0.0        0

PRECIPITATION (INCHES)
RECORD
 MAXIMUM       15.10   1948
 MINIMUM        0.00   2017
TOTALS            MM               4.58      MM     3.83
DAILY AVG.      0.00               0.15   -0.15
DAYS >= .01        0                9.1    -9.1
DAYS >= .10        0                6.0    -6.0
DAYS >= .50        0                3.2    -3.2
DAYS >= 1.00       0                1.9    -1.9


DEGREE DAYS
HEATING TOTAL    228                355    -127      432
 SINCE 7/1       292                497    -205      523
COOLING TOTAL     28                 11      17        0
 SINCE 1/1      2010               1865     145     2337
................................................................

WIND (MPH)
AVERAGE WIND SPEED              4.8
HIGHEST WIND SPEED/DIRECTION    24/280    DATE  11/30
HIGHEST GUST SPEED/DIRECTION    34/270    DATE  11/30

AVERAGE RH (PERCENT)     68

WEATHER CONDITIONS. NUMBER OF DAYS WITH
THUNDERSTORM              0     MIXED PRECIP               0
HEAVY RAIN                2     RAIN                       3
LIGHT RAIN                8     FREEZING RAIN              0
LT FREEZING RAIN          0     HAIL                       0
HEAVY SNOW                0     SNOW                       0
LIGHT SNOW                1     SLEET                      0
FOG                      11     FOG W/VIS <= 1/4 MILE      2
HAZE                      4

-  INDICATES NEGATIVE NUMBERS.
R  INDICATES RECORD WAS SET OR TIED.
MM INDICATES DATA IS MISSING.
T  INDICATES TRACE AMOUNT.

$$
