000
CXUS52 KMFL 011506
CLMAPF


CLIMATE REPORT
NATIONAL WEATHER SERVICE MIAMI, FL
1000 AM EST SUN NOV 1 2020

...................................

...THE NAPLES CLIMATE SUMMARY FOR THE MONTH OF OCTOBER 2020...

CLIMATE NORMAL PERIOD 1981 TO 2010
CLIMATE RECORD PERIOD 1942 TO 2020

WEATHER         OBSERVED          NORMAL  DEPART  LAST YEAR`S
                 VALUE   DATE(S)  VALUE   FROM    VALUE  DATE(S)
                                          NORMAL
................................................................
TEMPERATURE (F)
RECORD
 HIGH              96   10/05/2019
 LOW               46   10/11/2000
                        10/28/1957
HIGHEST            93   10/07                         96  10/05
LOWEST             72   10/31                         73  10/13
                        10/02
                        10/01
AVG. MAXIMUM     88.0              86.9     1.1     91.0
AVG. MINIMUM     74.6              70.0     4.6     76.0
MEAN             81.3              78.5     2.8     83.5
DAYS MAX >= 90     13                                 22
DAYS MAX <= 32      0                                  0
DAYS MIN <= 32      0                                  0
DAYS MIN <= 0       0                                  0

PRECIPITATION (INCHES)
RECORD
 MAXIMUM        17.52   1951
 MINIMUM         0.05   1977
TOTALS           1.36              4.19   -2.83     2.10
DAILY AVG.       0.05              0.14   -0.09     0.07
DAYS >= .01         7                                  6
DAYS >= .10         3                                  3
DAYS >= .50         1                                  2
DAYS >= 1.00        0                                  0
GREATEST
 24 HR. TOTAL    0.63   10/03 TO 10/03              0.87

DEGREE_DAYS
HEATING TOTAL       0                 1      -1        0
 SINCE 7/1          0                 1      -1        0
COOLING TOTAL     513               418      95      581
 SINCE 1/1       4452              3595     857     4316
.................................................................

WIND (MPH)
AVERAGE WIND SPEED              8.6
HIGHEST WIND SPEED/DIRECTION    28/090    DATE  10/21
HIGHEST GUST SPEED/DIRECTION    38/090    DATE  10/21

SKY COVER
POSSIBLE SUNSHINE (PERCENT)   MM
AVERAGE SKY COVER           0.30
NUMBER OF DAYS FAIR           20
NUMBER OF DAYS PC             11
NUMBER OF DAYS CLOUDY          0

AVERAGE RH (PERCENT)     83

WEATHER CONDITIONS. NUMBER OF DAYS WITH
THUNDERSTORM              7     MIXED PRECIP                0
HEAVY RAIN                3     RAIN                        1
LIGHT RAIN               13     FREEZING RAIN               0
LT FREEZING RAIN          0     HAIL                        0
HEAVY SNOW                0     SNOW                        0
LIGHT SNOW                0     SLEET                       0
FOG                      13     FOG W/VIS <= 1/4 MILE       0
HAZE                      0

-  INDICATES NEGATIVE NUMBERS.
R  INDICATES RECORD WAS SET OR TIED.
MM INDICATES DATA IS MISSING.
T  INDICATES TRACE AMOUNT.

$$
