125
CXUS53 KAPX 010556
CLMAPN


CLIMATE REPORT
NATIONAL WEATHER SERVICE GAYLORD MI
155 AM EDT SUN NOV 1 2020

...................................

...THE ALPENA MI CLIMATE SUMMARY FOR THE MONTH OF OCTOBER 2020...

CLIMATE NORMAL PERIOD 1981 TO 2010
CLIMATE RECORD PERIOD 1916 TO 2020

WEATHER         OBSERVED          NORMAL  DEPART  LAST YEAR`S
                 VALUE   DATE(S)  VALUE   FROM    VALUE  DATE(S)
                                          NORMAL
................................................................
TEMPERATURE (F)
RECORD
 HIGH              90   10/08/2007
 LOW               12   10/28/1933
                        10/30/1925
HIGHEST            73   10/09        MM      MM       77  10/01
LOWEST             17   10/31        MM      MM       22  10/26
AVG. MAXIMUM     53.4              55.9    -2.5     55.5
AVG. MINIMUM     33.7              36.4    -2.7     36.7
MEAN             43.5              46.2    -2.7     46.1
DAYS MAX >= 90      0               0.0     0.0        0
DAYS MAX <= 32      0               0.1    -0.1        0
DAYS MIN <= 32     11               9.6     1.4       11
DAYS MIN <= 0       0               0.0     0.0        0

PRECIPITATION (INCHES)
RECORD
 MAXIMUM           MM   MM
 MINIMUM           MM   MM
TOTALS           3.35              2.61    0.74     5.42
DAILY AVG.       0.11              0.08    0.03     0.17
DAYS >= .01        18              13.4     4.6       18
DAYS >= .10         9               6.3     2.7       12
DAYS >= .50         2               1.5     0.5        4
DAYS >= 1.00        0               0.3    -0.3        0
GREATEST
 24 HR. TOTAL    0.81   10/23 TO 10/23
 STORM TOTAL       MM
 (MM/DD(HH))            MM

SNOWFALL (INCHES)
RECORDS
 TOTAL             MM   MM
 SNOW DEPTH        MM   MM
TOTALS              T               0.4    -0.4      3.4
SINCE 7/1           T               0.4    -0.4      3.4
SNOWDEPTH AVG.      0                MM      MM        0
DAYS >= TRACE       1               0.8     0.2        1
DAYS >= 1.0         0               0.1    -0.1        1
GREATEST
 SNOW DEPTH         0   MM                             0  MM
 24 HR TOTAL        T   10/29 TO 10/29               3.4

DEGREE_DAYS
HEATING TOTAL     659               587      72      579
 SINCE 7/1        926               944     -18      800
COOLING TOTAL       0                 2      -2        0
 SINCE 1/1        469               291     178      305

FREEZE DATES
RECORD
 EARLIEST     MM
 LATEST       MM
EARLIEST      10/05             MM
LATEST                          MM
.................................................................

WIND (MPH)
AVERAGE WIND SPEED              7.2
HIGHEST WIND SPEED/DIRECTION    28/160    DATE  10/17
HIGHEST GUST SPEED/DIRECTION    39/170    DATE  10/17

SKY COVER
POSSIBLE SUNSHINE (PERCENT)   MM
AVERAGE SKY COVER           0.60
NUMBER OF DAYS FAIR            7
NUMBER OF DAYS PC             14
NUMBER OF DAYS CLOUDY         10

AVERAGE RH (PERCENT)     75

WEATHER CONDITIONS. NUMBER OF DAYS WITH
  0
  4
  0
  0
  0
  0
  0
HAZE                      1

-  INDICATES NEGATIVE NUMBERS.
R  INDICATES RECORD WAS SET OR TIED.
MM INDICATES DATA IS MISSING.
T  INDICATES TRACE AMOUNT.

$$
