000
CXUS54 KLCH 012016
CLMARA

CLIMATE REPORT
NATIONAL WEATHER SERVICE LAKE CHARLES, LA
216 PM CST TUE DEC 01 2020

...................................

...THE NEW IBERIA CLIMATE SUMMARY FOR THE MONTH OF NOVEMBER 2020...

CLIMATE NORMAL PERIOD: 1981 TO 2010
CLIMATE RECORD PERIOD: 1948 TO 2020

WEATHER         OBSERVED          NORMAL  DEPART   LAST YEAR`S
                VALUE   DATE(S)   VALUE   FROM     VALUE DATE(S)
                                          NORMAL
................................................................
TEMPERATURE (F)
RECORD
 HIGH             88   11/06/2015
 LOW              23   11/30/1976
HIGHEST           84   11/11         MM      MM       MM
LOWEST            35   11/30         MM      MM       MM
AVG. MAXIMUM    82.7               72.3    10.4       MM
AVG. MINIMUM    54.8               50.1     4.7       MM
MEAN            68.7               61.2     7.5       MM
DAYS MAX >= 90    11                0.0    11.0       MM
DAYS MAX <= 32     0                0.0     0.0       MM
DAYS MIN <= 32     0                0.2    -0.2       MM
DAYS MIN <= 0      0                0.0     0.0       MM

PRECIPITATION (INCHES)
RECORD
 MAXIMUM       13.46   2000
 MINIMUM        0.14   1967
TOTALS          5.25               4.25    1.00       MM
DAILY AVG.      0.18               0.14    0.04       MM
DAYS >= .01        8                 MM      MM       MM
DAYS >= .10        7                 MM      MM       MM
DAYS >= .50        4                 MM      MM       MM
DAYS >= 1.00       3                 MM      MM       MM
GREATEST
 24 HR. TOTAL   1.62   11/27 TO 11/28

SNOWFALL (INCHES)
RECORDS
 TOTAL            MM   5
TOTALS            MM                 MM      MM       MM
SINCE 7/1         MM                 MM      MM       MM
SNOWDEPTH AVG.    MM                                  MM
DAYS >= 1.0       MM                 MM      MM       MM
GREATEST
 SNOW DEPTH       MM                                  MM
 24 HR TOTAL      MM

DEGREE DAYS
HEATING TOTAL     66                161     -95       MM
 SINCE 7/1        85                195    -110       MM
COOLING TOTAL    185                 47     138       MM
 SINCE 1/1      2922               2792     130       MM
................................................................

WIND (MPH)
AVERAGE WIND SPEED              7.2
HIGHEST WIND SPEED/DIRECTION    29/360    DATE  11/15
                                29/150          11/24
HIGHEST GUST SPEED/DIRECTION    39/360    DATE  11/15
                                39/340          11/29

SKY COVER
POSSIBLE SUNSHINE (PERCENT)   MM
AVERAGE SKY COVER           0.31
NUMBER OF DAYS FAIR           18
NUMBER OF DAYS PC              5
NUMBER OF DAYS CLOUDY          7

AVERAGE RH (PERCENT)     69

WEATHER CONDITIONS. NUMBER OF DAYS WITH
THUNDERSTORM              4     MIXED PRECIP               0
HEAVY RAIN                5     RAIN                       6
LIGHT RAIN               10     FREEZING RAIN              0
LT FREEZING RAIN          0     HAIL                       0
HEAVY SNOW                0     SNOW                       0
LIGHT SNOW                0     SLEET                      0
FOG                      17     FOG W/VIS <= 1/4 MILE      6
HAZE                     12

-  INDICATES NEGATIVE NUMBERS.
R  INDICATES RECORD WAS SET OR TIED.
MM INDICATES DATA IS MISSING.
T  INDICATES TRACE AMOUNT.

$$
