000
CXUS51 KBUF 012211
CLMART


CLIMATE REPORT
NATIONAL WEATHER SERVICE BUFFALO NY
503 PM EST SUN NOV 1 2020

...................................

...THE WATERTOWN NY CLIMATE SUMMARY FOR THE MONTH OF OCTOBER 2020...

CLIMATE NORMAL PERIOD 1981 TO 2010
CLIMATE RECORD PERIOD 1949 TO 2020

WEATHER         OBSERVED          NORMAL  DEPART  LAST YEAR`S
                 VALUE   DATE(S)  VALUE   FROM    VALUE  DATE(S)
                                          NORMAL
................................................................
TEMPERATURE (F)
RECORD
 HIGH              84   10/13/1983
                        10/22/1979
                        10/05/1951
 LOW               12   10/20/1972
HIGHEST            79   10/23                         83  10/01
LOWEST             18   10/31                         27  10/19
AVG. MAXIMUM     58.2              58.2     0.0     61.1
AVG. MINIMUM     37.6              38.3    -0.7     40.5
MEAN             47.9              48.3    -0.4     50.8
DAYS MAX >= 90      0               0.0     0.0        0
DAYS MAX <= 32      0               0.0     0.0        0
DAYS MIN <= 32      6               8.8    -2.8        6
DAYS MIN <= 0       0               0.0     0.0        0

PRECIPITATION (INCHES)
RECORD
 MAXIMUM        11.76   2017
 MINIMUM         0.19   1963
TOTALS           4.87              3.65    1.22     7.83
DAYS >= .01        14              13.6     0.4       16
DAYS >= .10        12               8.4     3.6        9
DAYS >= .50         5               2.4     2.6        5
DAYS >= 1.00        0               0.6    -0.6        4
GREATEST
 24 HR. TOTAL    0.70   09/30 TO 10/01

DEGREE_DAYS
HEATING TOTAL     523               522       1      439
 SINCE 7/1        742               796     -54      641
COOLING TOTAL       0                 3      -3        7
 SINCE 1/1        645               362     283      348
.................................................................

WIND (MPH)
AVERAGE WIND SPEED              7.7
HIGHEST WIND SPEED/DIRECTION    36/280
HIGHEST GUST SPEED/DIRECTION    45/290    DATE  10/07

SKY COVER
POSSIBLE SUNSHINE (PERCENT)   MM
AVERAGE SKY COVER           0.60
NUMBER OF DAYS FAIR            8
NUMBER OF DAYS PC             11
NUMBER OF DAYS CLOUDY         12

AVERAGE RH (PERCENT)     73

WEATHER CONDITIONS. NUMBER OF DAYS WITH
THUNDERSTORM              4     MIXED PRECIP               0
HEAVY RAIN                6     RAIN                      10
LIGHT RAIN               21     FREEZING RAIN              0
LT FREEZING RAIN          0     HAIL                       0
HEAVY SNOW                0     SNOW                       0
LIGHT SNOW                3     SLEET                      0
FOG                      15     FOG W/VIS <= 1/4 MILE      0
HAZE                      6

-  INDICATES NEGATIVE NUMBERS.
R  INDICATES RECORD WAS SET OR TIED.
MM INDICATES DATA IS MISSING.
T  INDICATES TRACE AMOUNT.

$$
