464
CXUS55 KGJT 011003
CLMASE

CLIMATE REPORT
NATIONAL WEATHER SERVICE GRAND JUNCTION CO
403 AM MDT TUE JUN 01 2021

...................................

...THE ASPEN CO CLIMATE SUMMARY FOR THE MONTH OF MAY 2021...

CLIMATE NORMAL PERIOD 1991 TO 2020
CLIMATE RECORD PERIOD 9999 TO 9999

WEATHER         OBSERVED          NORMAL  DEPART   LAST YEAR`S
                VALUE   DATE(S)   VALUE   FROM     VALUE DATE(S)
                                          NORMAL
................................................................
TEMPERATURE (F)
HIGHEST           75   05/01         MM      MM       81  05/30
                       05/29
LOWEST            26   05/12         MM      MM       24  05/08
                       05/24
AVG. MAXIMUM    64.7               65.0    -0.3     69.2
AVG. MINIMUM    35.4               35.1     0.3     36.2
MEAN            50.0               50.0     0.0     52.7
DAYS MAX >= 90     0                0.0     0.0        0
DAYS MAX <= 32     0                0.1    -0.1        0
DAYS MIN <= 32    11               11.6    -0.6        8
DAYS MIN <= 0      0                0.0     0.0        0

PRECIPITATION (INCHES)
TOTALS          1.54               1.52    0.02     0.83
DAILY AVG.      0.05               0.05    0.00     0.03
DAYS >= .01       11               10.0     1.0        6
DAYS >= .10        6                4.7     1.3        2
DAYS >= .50        0                0.5    -0.5        1
DAYS >= 1.00       0                0.0     0.0        0
GREATEST
 24 HR. TOTAL   0.42   05/17 TO 05/17               0.61
                       05/02 TO 05/03

SNOWFALL (INCHES)
TOTALS            MM                 MM      MM       MM
SINCE 7/1         MM                 MM      MM       MM
SNOWDEPTH AVG.    MM                                  MM
DAYS >= 1.0       MM                 MM      MM       MM
GREATEST
 SNOW DEPTH       MM                                  MM  MM
 24 HR TOTAL      MM                                  MM

DEGREE DAYS
HEATING TOTAL    455                464      -9      375
 SINCE 7/1      7826               7967    -141     7990
COOLING TOTAL      0                  0       0        0
 SINCE 1/1         0                  0       0        0
................................................................

WIND (MPH)
AVERAGE WIND SPEED              7.6
HIGHEST WIND SPEED/DIRECTION    37/190    DATE  05/22
HIGHEST GUST SPEED/DIRECTION    54/190    DATE  05/22

SKY COVER
POSSIBLE SUNSHINE (PERCENT)   MM
AVERAGE SKY COVER           0.32
NUMBER OF DAYS FAIR           20
NUMBER OF DAYS PC              8
NUMBER OF DAYS CLOUDY          3

AVERAGE RH (PERCENT)     48

WEATHER CONDITIONS. NUMBER OF DAYS WITH
THUNDERSTORM              5     MIXED PRECIP               0
HEAVY RAIN                0     RAIN                       2
LIGHT RAIN               13     FREEZING RAIN              0
LT FREEZING RAIN          0     HAIL                       0
HEAVY SNOW                0     SNOW                       2
LIGHT SNOW                3     SLEET                      0
FOG                       5     FOG W/VIS <= 1/4 MILE      0
HAZE                      4

-  INDICATES NEGATIVE NUMBERS.
R  INDICATES RECORD WAS SET OR TIED.
MM INDICATES DATA IS MISSING.
T  INDICATES TRACE AMOUNT.

$$
