973
CXAK57 PAJK 061255
CLMASI
NATIONAL WEATHER SERVICE JUNEAU AK
347 AM AKST FRI NOV 06 2020

...................................

...THE SITKA CLIMATE SUMMARY FOR THE MONTH OF OCTOBER 2020...

CLIMATE NORMAL PERIOD: 1981 TO 2010
CLIMATE RECORD PERIOD: 1944 TO 2020

WEATHER         OBSERVED          NORMAL  DEPART   LAST YEAR`S
                VALUE   DATE(S)   VALUE   FROM     VALUE
                                          NORMAL
..............................................................
TEMPERATURE (F)
RECORD
 HIGH             68   10/06/1969
 LOW              20   10/30/1984
HIGHEST           62   10/01         59       3
LOWEST            28   10/24         32      -4
AVG. MAXIMUM    49.9               50.5    -0.6
AVG. MINIMUM    41.0               41.6    -0.6
MEAN            45.4               46.1    -0.7
DAYS MAX >= 90     0                0.0     0.0
DAYS MAX <= 32     0                0.1    -0.1
DAYS MIN <= 32     4                1.5     2.5
DAYS MIN <= 0      0                0.0     0.0

PRECIPITATION (INCHES)
RECORD
 MAXIMUM       30.84   1978
 MINIMUM        4.78   2016
TOTALS         12.60              12.95   -0.35
DAILY AVG.      0.41               0.42   -0.01
DAYS >= .01       24               24.5    -0.5
DAYS >= .10       16               20.8    -4.8
DAYS >= .50        9               10.6    -1.6
DAYS >= 1.00       4                3.5     0.5
GREATEST
 24 HR. TOTAL   3.00   10/25 TO 10/26


DEGREE DAYS
HEATING TOTAL    598                579      19
 SINCE 7/1      1400               1462     -62
COOLING TOTAL      0                  0       0
 SINCE 1/1        12                  1      11

FREEZE DATES
EARLIEST      10/08             10/08
LATEST                          03/14
..............................................................

WIND (MPH)
AVERAGE WIND SPEED              8.3
HIGHEST WIND SPEED/DIRECTION    26/180    DATE  10/31
HIGHEST GUST SPEED/DIRECTION    38/170    DATE  10/26


WEATHER CONDITIONS. NUMBER OF DAYS WITH
THUNDERSTORM              1     MIXED PRECIP               0
HEAVY RAIN                6     RAIN                      16
LIGHT RAIN               25     FREEZING RAIN              0
LT FREEZING RAIN          0     HAIL                       0
HEAVY SNOW                0     SNOW                       0
LIGHT SNOW                0     SLEET                      1
FOG                      22     FOG W/VIS <= 1/4 MILE      1
HAZE                      7

-  INDICATES NEGATIVE NUMBERS.
R  INDICATES RECORD WAS SET OR TIED.
MM INDICATES DATA IS MISSING.
T  INDICATES TRACE AMOUNT.

$$

...Dry and Cool October 2020...

What is usually a wet month, October ended with below normal
precipitation. When reflecting back on the month, this may seem
misleading as the month began with multiple rounds of precipitation.
Areas throughout the panhandle saw 24 hour rainfall amounts of up to
2 inches on October 2nd. By October 4th another storm had impacted
the northern and central panhandle dropping nearly 4 inches of rain
in 42 hours in Yakutat. At this time, it looked as if October was on
track to receive near normal precipitation. Normal monthly
accumulations for our four climate sites include Yakutat Airport
21.98 inches, Juneau Airport 8.63 inches, Sitka Airport 12.95
inches, and Ketchikan Airport with 19.22 inches. Heading into the
second week, a drier pattern began to develop. With waves of
scattered showers followed by periods of sunny skies, precipitation
accumulations began to drop below normal. This trend continued
through mid October.

Temperatures for the month hovered around normals with a steady
decreasing trend. Although, by October 20th, building high pressure
causing clear skies allowed for a period of below normal
temperatures. This allowed for overnight temperatures to drop and a
few records were broken. On October 21st, Juneau Airport broke their
low temperature record of 26F degrees (1970, 1985, 1991) reaching
24F degrees. Sitka followed on October 25th reaching 28F degrees
breaking the old record of 30F degrees (1991).

At this time of year, temperatures are on a steady downward trend as
the sun angle decrease and daylight hours follow. It is at this time
when people around Southeast Alaska start to ponder on the upcoming
winter season. A word begins to come up in every conversation, and
that word is "Snow". On average, SE Alaska doesn`t see snow until
early November but getting snow during October is not uncommon.
Lucky for all the snow lovers, October 19th provided the the first
measurable snow of the season for portions of the central and
northern panhandle of 0.2 to 1.0 inches followed by additional
snowfall later in the month.

At the end of the month, a stormy weather pattern developed.
Multiple storms with strong moisture support tracked across the
panhandle. Each of these storms produced 24hr rainfall amounts
anywhere between 1 to 5 inches of rainfall. On October 31st Sitka
broke its 24hr rainfall amount of 1.44 inches (2014) getting 1.79
inches. Juneau also got in on the action breaking its old record of
0.98 inches (1969) after getting 1.63 inches. Overall, the month had
impactful storms that produced strong accumulations but without a
steady wet pattern, climate sites wrapped up the month with rainfall
deficits. Ketchikan -11.02 inches, Yakutat -6.37 inches, Sitka -0.35
inches, and Juneau with -1.50 inches.

$$
