000
CXUS56 KPQR 022251
CLMAST


CLIMATE REPORT
NATIONAL WEATHER SERVICE PORTLAND OREGON
251 PM PST MON NOV 2 2020

...................................

...THE ASTORIA OR CLIMATE SUMMARY FOR THE MONTH OF OCTOBER 2020...

CLIMATE NORMAL PERIOD 1981 TO 2010
CLIMATE RECORD PERIOD 1892 TO 2020

WEATHER         OBSERVED          NORMAL  DEPART  LAST YEAR`S
                 VALUE   DATE(S)  VALUE   FROM    VALUE  DATE(S)
                                          NORMAL
................................................................
TEMPERATURE (F)
HIGHEST            73                                 68  10/11
LOWEST             33                                 29  10/31
AVG. MAXIMUM     60.2              60.9    -0.7     58.7
AVG. MINIMUM     45.3              44.2     1.1     40.9
MEAN             52.8              52.6     0.2     49.8
DAYS MAX >= 90      0               0.0     0.0        0
DAYS MAX <= 32      0               0.0     0.0        0
DAYS MIN <= 32      0               0.5    -0.5        5
DAYS MIN <= 0       0               0.0     0.0        0

PRECIPITATION (INCHES)
RECORD
 MAXIMUM        17.79   1950
 MINIMUM         0.23   1895
TOTALS           4.52              5.98   -1.46     6.96
DAYS >= .01        12              15.9    -3.9       15
DAYS >= .10        11              10.8     0.2       10
DAYS >= .50         3               3.9    -0.9        6
DAYS >= 1.00        1               1.5    -0.5        2
GREATEST
 24 HR. TOTAL    1.12   10/11 TO 10/11

DEGREE_DAYS
HEATING TOTAL     374               386     -12      462
 SINCE 7/1        731               867    -136      755
COOLING TOTAL       0                 0       0        0
 SINCE 1/1         41                12      29       23
.................................................................

WIND (MPH)
AVERAGE WIND SPEED              6.7
RESULTANT WIND SPEED/DIRECTION   1/246
HIGHEST WIND SPEED/DIRECTION    31/220    DATE  10/13
HIGHEST GUST SPEED/DIRECTION    48/190    DATE  10/13

SKY COVER
POSSIBLE SUNSHINE (PERCENT)   MM
AVERAGE SKY COVER           0.60
NUMBER OF DAYS FAIR            7
NUMBER OF DAYS PC             11
NUMBER OF DAYS CLOUDY         13

AVERAGE RH (PERCENT)     82

WEATHER CONDITIONS. NUMBER OF DAYS WITH
  0
 10
  0
  0
  0
  0
  9
HAZE                      6

-  INDICATES NEGATIVE NUMBERS.
R  INDICATES RECORD WAS SET OR TIED.
MM INDICATES DATA IS MISSING.
T  INDICATES TRACE AMOUNT.

$$
