000
CXUS53 KDLH 020328
CLMASX

CLIMATE REPORT
NATIONAL WEATHER SERVICE DULUTH MN
1004 PM CST SUN NOV 01 2020

...................................

...THE ASHLAND CLIMATE SUMMARY FOR THE MONTH OF OCTOBER 2020...

CLIMATE NORMAL PERIOD: 1981 TO 2010
CLIMATE RECORD PERIOD: 1893 TO 2020

WEATHER         OBSERVED          NORMAL  DEPART   LAST YEAR`S
                VALUE   DATE(S)   VALUE   FROM     VALUE DATE(S)
                                          NORMAL
................................................................
TEMPERATURE (F)
RECORD
 HIGH             94   10/14/1908
 LOW               0   10/28/1893
HIGHEST           80   10/09         MM      MM       73  10/09
LOWEST            14R  10/27         MM      MM       15  10/30
AVG. MAXIMUM    48.3               54.6    -6.3     52.2
AVG. MINIMUM    29.5               34.4    -4.9     33.8
MEAN            38.9               44.5    -5.6     43.0
DAYS MAX >= 90     0                 MM      MM        0
DAYS MAX <= 32     2                 MM      MM        1
DAYS MIN <= 32    23                 MM      MM       14
DAYS MIN <= 0      0                 MM      MM        0

PRECIPITATION (INCHES)
RECORD
 MAXIMUM        7.63   2005
 MINIMUM           T   1903
TOTALS            MM               3.28      MM       MM
DAILY AVG.         T               0.11   -0.11       MM
DAYS >= .01        0                 MM      MM        0
DAYS >= .10        0                 MM      MM        0
DAYS >= .50        0                 MM      MM        0
DAYS >= 1.00       0                 MM      MM        0
GREATEST
 24 HR. TOTAL     MM


DEGREE DAYS
HEATING TOTAL    802                637     165      674
 SINCE 7/1      1165               1045     120      963
COOLING TOTAL      0                  2      -2        0
 SINCE 1/1       355                239     116      253
................................................................

WIND (MPH)
AVERAGE WIND SPEED              8.3
HIGHEST WIND SPEED/DIRECTION    31/210    DATE  10/05
HIGHEST GUST SPEED/DIRECTION    44/240    DATE  10/05
                                44/260          10/31

SKY COVER
POSSIBLE SUNSHINE (PERCENT)   MM
AVERAGE SKY COVER           0.64
NUMBER OF DAYS FAIR            7
NUMBER OF DAYS PC              9
NUMBER OF DAYS CLOUDY         15

AVERAGE RH (PERCENT)     70

WEATHER CONDITIONS. NUMBER OF DAYS WITH
THUNDERSTORM              1     MIXED PRECIP               0
HEAVY RAIN                1     RAIN                       3
LIGHT RAIN                6     FREEZING RAIN              0
LT FREEZING RAIN          0     HAIL                       0
HEAVY SNOW                1     SNOW                       2
LIGHT SNOW                7     SLEET                      0
FOG                      11     FOG W/VIS <= 1/4 MILE      1
HAZE                      2

-  INDICATES NEGATIVE NUMBERS.
R  INDICATES RECORD WAS SET OR TIED.
MM INDICATES DATA IS MISSING.
T  INDICATES TRACE AMOUNT.

$$
