000
CXUS52 KFFC 050014
CLMATL

CLIMATE REPORT
NATIONAL WEATHER SERVICE PEACHTREE CITY GA
814 PM EDT FRI JUN 04 2021

...................................

...THE ATLANTA CLIMATE SUMMARY FOR THE MONTH OF MAY 2021...

CLIMATE NORMAL PERIOD: 1991 TO 2020
CLIMATE RECORD PERIOD: 1878 TO 2021

WEATHER         OBSERVED          NORMAL  DEPART   LAST YEAR`S
                VALUE   DATE(S)   VALUE   FROM     VALUE DATE(S)
                                          NORMAL
................................................................
TEMPERATURE (F)
RECORD
 HIGH             97   05/29/1941
 LOW              37   05/04/1971
HIGHEST           91   05/24         95      -4       88  05/24
                       05/25
LOWEST            48   05/13         37      11       42  05/10
AVG. MAXIMUM    79.5               81.1    -1.6     78.8
AVG. MINIMUM    59.8               61.3    -1.5     58.9
MEAN            69.7               71.2    -1.5     68.9
DAYS MAX >= 90     3                2.0     1.0        0
DAYS MAX <= 32     0                0.0     0.0        0
DAYS MIN <= 32     0                0.0     0.0        0
DAYS MIN <= 0      0                0.0     0.0        0

PRECIPITATION (INCHES)
RECORD
 MAXIMUM        9.94   2003
 MINIMUM        0.30   1914
TOTALS          5.15               3.56    1.59     4.19
DAILY AVG.      0.17               0.11    0.06     0.14
DAYS >= .01        7                9.4    -2.4       11
DAYS >= .10        5                6.1    -1.1        7
DAYS >= .50        3                2.7     0.3        3
DAYS >= 1.00       2                1.0     1.0        2
GREATEST
 24 HR. TOTAL   1.91   05/03 TO 05/03               1.42  05/27 TO 05/28

DEGREE DAYS
HEATING TOTAL     24                 22       2       52
 SINCE 7/1      2208               2526    -318       MM
COOLING TOTAL    178                214     -36      179
 SINCE 1/1       268                298     -30       MM
................................................................

WIND (MPH)
AVERAGE WIND SPEED              8.0
HIGHEST WIND SPEED/DIRECTION    29/320    DATE  05/06
                                29/280          05/28
HIGHEST GUST SPEED/DIRECTION    38/280    DATE  05/28

SKY COVER
POSSIBLE SUNSHINE (PERCENT)   MM
AVERAGE SKY COVER           0.56
NUMBER OF DAYS FAIR            6
NUMBER OF DAYS PC             18
NUMBER OF DAYS CLOUDY          7

AVERAGE RH (PERCENT)     62

WEATHER CONDITIONS. NUMBER OF DAYS WITH
THUNDERSTORM              4     MIXED PRECIP               0
HEAVY RAIN                5     RAIN                       5
LIGHT RAIN                7     FREEZING RAIN              0
LT FREEZING RAIN          0     HAIL                       0
HEAVY SNOW                0     SNOW                       0
LIGHT SNOW                0     SLEET                      0
FOG                       6     FOG W/VIS <= 1/4 MILE      0
HAZE                      1

-  INDICATES NEGATIVE NUMBERS.
R  INDICATES RECORD WAS SET OR TIED.
MM INDICATES DATA IS MISSING.
T  INDICATES TRACE AMOUNT.

$$
