778
CXUS52 KFFC 031135
CLMATL

CLIMATE REPORT
NATIONAL WEATHER SERVICE PEACHTREE CITY GA
635 AM EST TUE NOV 03 2020

...................................

...THE ATLANTA CLIMATE SUMMARY FOR THE MONTH OF OCTOBER 2020...

CLIMATE NORMAL PERIOD: 1981 TO 2010
CLIMATE RECORD PERIOD: 1878 TO 2020

WEATHER         OBSERVED          NORMAL  DEPART   LAST YEAR`S
                VALUE   DATE(S)   VALUE   FROM     VALUE DATE(S)
                                          NORMAL
................................................................
TEMPERATURE (F)
RECORD
 HIGH             98   10/03/2019
 LOW              28   10/29/1976
                       10/24/1917
HIGHEST           85   10/08         79       6       98  10/03
LOWEST            45   10/17         56     -11       38  10/31
AVG. MAXIMUM    76.2               72.7     3.5     77.4
AVG. MINIMUM    58.4               54.0     4.4     59.5
MEAN            67.3               63.3     4.0     68.4
DAYS MAX >= 90     0                0.0     0.0        4
DAYS MAX <= 32     0                0.0     0.0        0
DAYS MIN <= 32     0                0.0     0.0        0
DAYS MIN <= 0      0                0.0     0.0        0

PRECIPITATION (INCHES)
RECORD
 MAXIMUM       11.04   1995
 MINIMUM        0.00   1963
TOTALS          8.23               3.41    4.82     3.59
DAILY AVG.      0.27               0.11    0.16     0.12
DAYS >= .01        8                6.9     1.1       11
DAYS >= .10        4                4.4    -0.4        9
DAYS >= .50        3                2.1     0.9        2
DAYS >= 1.00       2                1.1     0.9        1
GREATEST
 24 HR. TOTAL   4.56   10/09 TO 10/10               1.31  10/19 TO 10/19

DEGREE DAYS
HEATING TOTAL     44                118     -74       52
 SINCE 7/1        57                128     -71       52
COOLING TOTAL    123                 67      56      166
 SINCE 1/1      2078               1872     206     2643
................................................................

WIND (MPH)
AVERAGE WIND SPEED              7.8
HIGHEST WIND SPEED/DIRECTION    35/190    DATE  10/29
HIGHEST GUST SPEED/DIRECTION    52/170    DATE  10/29

SKY COVER
POSSIBLE SUNSHINE (PERCENT)   MM
AVERAGE SKY COVER           0.51
NUMBER OF DAYS FAIR           10
NUMBER OF DAYS PC             12
NUMBER OF DAYS CLOUDY          9

AVERAGE RH (PERCENT)     71

WEATHER CONDITIONS. NUMBER OF DAYS WITH
THUNDERSTORM              1     MIXED PRECIP               0
HEAVY RAIN                3     RAIN                       4
LIGHT RAIN                8     FREEZING RAIN              0
LT FREEZING RAIN          0     HAIL                       0
HEAVY SNOW                0     SNOW                       0
LIGHT SNOW                0     SLEET                      0
FOG                      12     FOG W/VIS <= 1/4 MILE      1
HAZE                      1

-  INDICATES NEGATIVE NUMBERS.
R  INDICATES RECORD WAS SET OR TIED.
MM INDICATES DATA IS MISSING.
T  INDICATES TRACE AMOUNT.

$$
