666
CXUS54 KEWX 211528 CCB
CLMATT

CLIMATE REPORT
NATIONAL WEATHER SERVICE AUSTIN/SAN ANTONIO, TX
836 AM CST SUN NOV 1 2020

...................................

...THE AUSTIN CAMP MABRY CLIMATE SUMMARY FOR THE MONTH OF OCTOBER 2020...

CLIMATE NORMAL PERIOD 1981 TO 2010
CLIMATE RECORD PERIOD 1897 TO 2020

WEATHER         OBSERVED          NORMAL  DEPART  LAST YEAR`S
                 VALUE   DATE(S)  VALUE   FROM    VALUE  DATE(S)
                                          NORMAL
................................................................
TEMPERATURE (F)
HIGHEST            99   10/11                         99  10/10
                                                          10/06
                                                          10/01
LOWEST             39   10/28                         34  10/31
AVG. MAXIMUM     84.2              81.8     2.4     83.7
AVG. MINIMUM     59.3              60.6    -1.3     59.8
MEAN             71.8              71.2     0.6     71.7
DAYS MAX >= 90     14                                 11
DAYS MAX <= 32      0                                  0
DAYS MIN <= 32      0                                  0
DAYS MIN <= 0       0                                  0

PRECIPITATION (INCHES)
TOTALS           0.35              3.88   -3.53     4.19
DAILY AVG.       0.01              0.13   -0.12     0.14
DAYS >= .01         4                                 11
DAYS >= .10         2                                  5
DAYS >= .50         0                                  2
DAYS >= 1.00        0                                  2
GREATEST
 24 HR. TOTAL    0.18   10/28 TO 10/28

SNOWFALL (INCHES)
TOTALS            0.0               0.0     0.0      0.0
SINCE 7/1         0.0

DEGREE_DAYS
HEATING TOTAL      72                29      43       75
 SINCE 7/1         74                31      43       75
COOLING TOTAL     287               221      66      293
 SINCE 1/1       3571              3065     506     3625
.................................................................

WIND (MPH)
AVERAGE WIND SPEED              4.2
HIGHEST WIND SPEED/DIRECTION    18/340    DATE  10/29
HIGHEST GUST SPEED/DIRECTION    37/320    DATE  10/29

SKY COVER
POSSIBLE SUNSHINE (PERCENT)   MM
AVERAGE SKY COVER           0.40
NUMBER OF DAYS FAIR           15
NUMBER OF DAYS PC             10
NUMBER OF DAYS CLOUDY          6

AVERAGE RH (PERCENT)     60

WEATHER CONDITIONS. NUMBER OF DAYS WITH
THUNDERSTORM              0     MIXED PRECIP               0
HEAVY RAIN                1     RAIN                       1
LIGHT RAIN                6     FREEZING RAIN              0
LT FREEZING RAIN          0     HAIL                       0
HEAVY SNOW                0     SNOW                       0
LIGHT SNOW                0     SLEET                      0
FOG                       7     FOG W/VIS <= 1/4 MILE      0
HAZE                      1

-  INDICATES NEGATIVE NUMBERS.
R  INDICATES RECORD WAS SET OR TIED.
MM INDICATES DATA IS MISSING.
T  INDICATES TRACE AMOUNT.

&&

MONTHLY CLIMATE SUMMARY:
OCTOBER 2020 WAS THE 32ND WARMEST AND 14TH DRIEST OCTOBER
SINCE RECORD KEEPING BEGAN.

SEA LEVEL PRESSURE DATA:
HIGHEST SLP 30.36 ON THE 30TH
LOWEST SLP 29.74 ON THE 11TH

PRELIMINARY LOCAL CLIMATOLOGICAL DATA (WS FORM: F-6)

                                          STATION:   AUSTIN CAMP MABRY
                                          MONTH:     OCTOBER
                                          YEAR:      2020
                                          LATITUDE:   30 17 N
                                          LONGITUDE:  97 42 W

  TEMPERATURE IN F:       :PCPN:    SNOW:  WIND      :SUNSHINE: SKY     :PK WND
================================================================================
1   2   3   4   5  6A  6B    7    8   9   10  11  12  13   14  15   16   17  18
                                     12Z  AVG MX 2MIN
DY MAX MIN AVG DEP HDD CDD  WTR  SNW DPTH SPD SPD DIR MIN PSBL S-S WX    SPD DR
================================================================================

 1  91  56  74  -1   0   9 0.00  0.0    0  3.4  8  40   M    M   0        19  30
 2  85  59  72  -3   0   7 0.00  0.0    0  2.7 10 130   M    M   0        16  90
 3  87  59  73  -2   0   8 0.00  0.0    0  3.0 10 160   M    M   0        21 150
 4  91  61  76   1   0  11 0.00  0.0    0  3.1 10  20   M    M   1        19  10
 5  87  64  76   2   0  11 0.00  0.0    0  2.6  8 120   M    M   1        12 120
 6  88  64  76   2   0  11 0.00  0.0    0  1.6  8 160   M    M   2 1      14 120
 7  92  63  78   4   0  13 0.00  0.0    0  1.5  8 100   M    M   0        14  90
 8  88  61  75   1   0  10 0.00  0.0    0  2.1  8  90   M    M   3        14 110
 9  90  72  81   8   0  16 0.00  0.0    0  3.8 10 360   M    M   5        19  10
10  96  66  81   8   0  16 0.00  0.0    0  2.0  8 130   M    M   0 1      14 140
11  99  68  84  11   0  19 0.00  0.0    0  3.8 10 160   M    M   0        22 180
12  89  65  77   5   0  12 0.00  0.0    0  5.1 12  10   M    M   4        21  30
13  91  57  74   2   0   9 0.00  0.0    0  1.0  7  30   M    M   0        12  50
14  93  60  77   5   0  12 0.00  0.0    0  3.9 12 160   M    M   0        22 190
15  91  67  79   7   0  14 0.00  0.0    0  6.7 16  20   M    M   8 8      34  50
16  77  57  67  -4   0   2 0.00  0.0    0  5.9 17  30   M    M   4        32  20
17  81  61  71   0   0   6 0.01  0.0    0  4.9 10 190   M    M   9 1      24 190
18  93  73  83  12   0  18 0.00  0.0    0  6.4 14 210   M    M   5        31 190
19  93  73  83  13   0  18 0.00  0.0    0  4.8 12 140   M    M   5        23 160
20  93  75  84  14   0  19 0.00  0.0    0  6.8 13 160   M    M   6        21 160
21  91  74  83  13   0  18 0.00  0.0    0  4.9 12 130   M    M   5        18 140
22  91  73  82  12   0  17    T  0.0    0  6.5 13 140   M    M   6        22 160
23  85  55  70   1   0   5    T  0.0    0  5.4 16 350   M    M  10 1      27 340
24  67  53  60  -9   5   0    T  0.0    0  4.1 12 350   M    M   8        22  10
25  86  55  71   2   0   6 0.00  0.0    0  4.4 14 150   M    M   7        26 160
26  75  42  59  -9   6   0 0.12  0.0    0  6.4 14 360   M    M  10 1      25  10
27  43  40  42 -26  23   0 0.04  0.0    0  6.9 12 350   M    M  10 1      23 340
28  62  39  51 -17  14   0 0.18  0.0    0  5.7 14 300   M    M   5 1      29 320
29  64  40  52 -15  13   0 0.00  0.0    0  5.7 18 340   M    M   0        37 320
30  73  45  59  -8   6   0 0.00  0.0    0  2.0  8 360   M    M   0        15 360
31  79  41  60  -7   5   0 0.00  0.0    0  1.7  9 150   M    M   0        17 140
================================================================================
SM 2611 1838        72 287  0.35  0.0    128.8          M      113
================================================================================
AV 84.2 59.3                               4.2 FASTST   M    M   4    MAX(MPH)
                                 MISC ---->    18 340                 37 320
================================================================================
NOTES:
# LAST OF SEVERAL OCCURRENCES

COLUMN 17 PEAK WIND IN M.P.H.

SYMBOLS USED IN COLUMN 16
1 = FOG OR MIST
2 = FOG REDUCING VISIBILITY TO 1/4 MILE OR LESS
3 = THUNDER
4 = ICE PELLETS
5 = HAIL
6 = FREEZING RAIN OR DRIZZLE
7 = DUSTSTORM OR SANDSTORM
8 = SMOKE OR HAZE
9 = BLOWING SNOW
X = TORNADO

$$
