901
CXUS51 KGYX 032228
CLMAUG

PWMCLMAUG 000
TTAA00 KGYX 030158


CLIMATE REPORT
NATIONAL WEATHER SERVICE GRAY ME
528 PM EST TUE NOV 3 2020

...................................

...THE AUGUSTA CLIMATE SUMMARY FOR THE MONTH OF OCTOBER 2020...

CLIMATE NORMAL PERIOD 1981 TO 2010
CLIMATE RECORD PERIOD 1948 TO 2020

WEATHER         OBSERVED          NORMAL  DEPART  LAST YEAR`S
                 VALUE   DATE(S)  VALUE   FROM    VALUE  DATE(S)
                                          NORMAL
................................................................
TEMPERATURE (F)
RECORD
 HIGH              85   10/01/1954
 LOW               21   10/19/1974
                        10/28/1957
HIGHEST            74   10/10        75      -1       65  10/08
LOWEST             25   10/31        28      -3       32  10/20
                                                          10/06
AVG. MAXIMUM     56.5              57.2    -0.7     58.2
AVG. MINIMUM     39.7              39.6     0.1     42.1
MEAN             48.1              48.4    -0.3     50.2
DAYS MAX >= 90      0               0.0     0.0        0
DAYS MAX <= 32      0               0.0     0.0        0
DAYS MIN <= 32      7               5.3     1.7        2
DAYS MIN <= 0       0               0.0     0.0        0

PRECIPITATION (INCHES)
RECORD
 MAXIMUM        13.47   2005
 MINIMUM         1.11   1997
TOTALS           5.69              4.36    1.33     7.23
DAILY AVG.       0.18              0.14    0.04     0.23
DAYS >= .01        14              11.4     2.6       18
DAYS >= .10         8               6.7     1.3        8
DAYS >= .50         3               2.6     0.4        6
DAYS >= 1.00        2               1.3     0.7        3
GREATEST
 24 HR. TOTAL    2.41   10/13

DEGREE_DAYS
HEATING TOTAL     517               515       2      452
 SINCE 7/1        694               735     -41      624
COOLING TOTAL       0                 1      -1        0
 SINCE 1/1        581               388     193      445
.................................................................

WIND (MPH)
AVERAGE WIND SPEED              6.5
HIGHEST WIND SPEED/DIRECTION    28/300    DATE  10/08
HIGHEST GUST SPEED/DIRECTION    41/310    DATE  10/08

SKY COVER
AVERAGE SKY COVER           0.50

AVERAGE RH (PERCENT)     75


-  INDICATES NEGATIVE NUMBERS.
R  INDICATES RECORD WAS SET OR TIED.
MM INDICATES DATA IS MISSING.
T  INDICATES TRACE AMOUNT.

&&

AFTER A DRY SUMMER AND EARLY FALL, THE WEATHER PATTERN FINALLY
SHIFTED TO A WETTER ONE AS OCTOBER BEGAN. WITH THE STORM TRACK
CLOSER TO NEW ENGLAND, MORE FREQUENT STORM SYSTEMS BROUGHT WELCOME
RAINS AFTER A SUMMER DROUGHT. A TOPSY TURVY TEMPERATURE TREND ALSO
OCCURRED, WHICH IS TYPICAL OF THE FREQUENT FRONTAL SYSTEMS THAT
ACCOMPANY FALL IN NEW ENGLAND. THE WARMEST TEMPERATURE WAS 74 ON THE
10TH. THE FIRST FREEZE OF THE SEASON CAME ON THE 12TH. THE MOST
SIGNIFICANT RAINFALL CAME IN THE MIDDLE OF THE MONTH WHEN TWO STORM
SYSTEMS BROUGHT DRENCHING RAINFALL. THE FIRST CAME ON THE 13TH WHEN
MORE THAN 2 INCHES OF RAIN FELL. THE SECOND WAS ON THE 16TH AND 17TH
WHEN ANOTHER 2 INCHES WAS RECORDED. CONDITIONS TURNED MORE
CONSISTENTLY COLD TOWARD THE END OF THE MONTH, WITH AUGUSTA EVEN
OBSERVING SNOWFLAKES ON A FEW DAYS.

THE AVERAGE TEMPERATURE FOR THE MONTH WAS 48.4 DEGREES WHICH WAS 0.3
DEGREES BELOW NORMAL. THE COOLEST OCTOBER WAS IN 1974 WHEN THE
AVERAGE TEMPERATURE WAS 41.9 DEGREES. THE WARMEST WAS IN 2017 AT
56.2 DEGREES.

A TOTAL OF 5.69 INCHES OF PRECIPITATION FELL WHICH WAS 1.33 INCHES
ABOVE NORMAL. THE HEAVIEST RAIN FELL ON THE 13TH WHEN 2.41 INCHES
WAS MEASURED. THE WETTEST OCTOBER WAS IN 2005 WHEN 13.47 INCHES WAS
RECORDED. THE DRIEST WAS IN 1997 WITH ONLY 1.11 INCHES.

THE FOLLOWING RECORDS WERE SET OR TIED IN OCTOBER 2020...
DATE  RECORD                                PREVIOUS
13    2.41 - GREATEST PRECIPITATION         2.05 IN 1983
17    1.50 - GREATEST PRECIPITATION         1.01 IN 2019
28    37   - COOLEST HIGH TEMPERATURE       38 IN 1965
30    36   - COOLEST HIGH TEMPERATURE       37 IN 1966

$$

KIMBLE
