000
CXUS54 KEWX 211529 CCD
CLMAUS

CLIMATE REPORT
NATIONAL WEATHER SERVICE AUSTIN/SAN ANTONIO, TX
836 AM CST SUN NOV 1 2020

...................................

...THE AUSTIN BERGSTROM CLIMATE SUMMARY FOR THE MONTH OF OCTOBER 2020...

CLIMATE NORMAL PERIOD 1981 TO 2010
CLIMATE RECORD PERIOD 1943 TO 2020

WEATHER         OBSERVED          NORMAL  DEPART  LAST YEAR`S
                 VALUE   DATE(S)  VALUE   FROM    VALUE  DATE(S)
                                          NORMAL
................................................................
TEMPERATURE (F)
HIGHEST            96   10/11                         97  10/19
                                                          10/10
LOWEST             35   10/31                         30  10/31
AVG. MAXIMUM     83.6              82.2     1.4     83.2
AVG. MINIMUM     55.6              55.9    -0.3     56.3
MEAN             69.6              69.0     0.6     69.8
DAYS MAX >= 90     10                                 11
DAYS MAX <= 32      0                                  0
DAYS MIN <= 32      0                                  1
DAYS MIN <= 0       0                                  0

PRECIPITATION (INCHES)
TOTALS           0.34              4.24   -3.90     2.53
DAILY AVG.       0.01              0.14   -0.13     0.08
DAYS >= .01         5                                  8
DAYS >= .10         2                                  3
DAYS >= .50         0                                  1
DAYS >= 1.00        0                                  1
GREATEST
 24 HR. TOTAL    0.15   10/09 TO 10/09

SNOWFALL (INCHES)
TOTALS            0.0                MM      MM      0.0
SINCE 7/1         0.0                MM      MM      0.0

DEGREE_DAYS
HEATING TOTAL      72                49      23       82
 SINCE 7/1         73                51      22       82
COOLING TOTAL     224               175      49      238
 SINCE 1/1       3122              2703     419     3308
.................................................................

WIND (MPH)
AVERAGE WIND SPEED              7.3
HIGHEST WIND SPEED/DIRECTION    30/030    DATE  10/16
HIGHEST GUST SPEED/DIRECTION    44/320    DATE  10/29

SKY COVER
POSSIBLE SUNSHINE (PERCENT)   MM
AVERAGE SKY COVER           0.40
NUMBER OF DAYS FAIR           14
NUMBER OF DAYS PC             11
NUMBER OF DAYS CLOUDY          6

AVERAGE RH (PERCENT)     68

WEATHER CONDITIONS. NUMBER OF DAYS WITH
THUNDERSTORM              0     MIXED PRECIP               0
HEAVY RAIN                0     RAIN                       2
LIGHT RAIN                5     FREEZING RAIN              0
LT FREEZING RAIN          0     HAIL                       0
HEAVY SNOW                0     SNOW                       0
LIGHT SNOW                0     SLEET                      0
FOG                      12     FOG W/VIS <= 1/4 MILE      0
HAZE                      2

-  INDICATES NEGATIVE NUMBERS.
R  INDICATES RECORD WAS SET OR TIED.
MM INDICATES DATA IS MISSING.
T  INDICATES TRACE AMOUNT.

&&

MONTHLY CLIMATE SUMMARY:
OCTOBER 2020 WAS THE 28TH COOLEST AND 7TH DRIEST OCTOBER
SINCE RECORD KEEPING BEGAN.

SEA LEVEL PRESSURE DATA:
HIGHEST SLP 30.35 ON THE 30TH
LOWEST SLP 29.72 ON THE 9TH


PRELIMINARY LOCAL CLIMATOLOGICAL DATA (WS FORM: F-6)

                                          STATION:   AUSTIN BERGSTROM
                                          MONTH:     OCTOBER
                                          YEAR:      2020
                                          LATITUDE:   30 13 N
                                          LONGITUDE:  97 40 W

  TEMPERATURE IN F:       :PCPN:    SNOW:  WIND      :SUNSHINE: SKY     :PK WND
================================================================================
1   2   3   4   5  6A  6B    7    8   9   10  11  12  13   14  15   16   17  18
                                     12Z  AVG MX 2MIN
DY MAX MIN AVG DEP HDD CDD  WTR  SNW DPTH SPD SPD DIR MIN PSBL S-S WX    SPD DR
================================================================================

 1  91  49  70  -4   0   5 0.00  0.0    0  3.5 12  30   M    M   1        16  40
 2  84  53  69  -4   0   4 0.00  0.0    0  4.4 12  50   M    M   1        19  50
 3  86  50  68  -5   0   3 0.00  0.0    0  4.4 16 170   M    M   0        22 170
 4  89  53  71  -2   0   6 0.00  0.0    0  4.8 17  30   M    M   2        22  30
 5  87  60  74   2   0   9 0.00  0.0    0  4.1 10  40   M    M   1        17 100
 6  89  59  74   2   0   9 0.00  0.0    0  0.8 10 180   M    M   3 18     17 170
 7  91  58  75   3   0  10 0.00  0.0    0  2.0 13  50   M    M   3 1      20  60
 8  87  55  71  -1   0   6 0.00  0.0    0  5.0 12  70   M    M   5        22  50
 9  88  70  79   8   0  14 0.15  0.0    0  8.1 17  10   M    M   7 1      22  20
10  95  62  79   8   0  14 0.00  0.0    0  2.0 13 220   M    M   1 1      18 210
11  96  61  79   8   0  14 0.00  0.0    0  6.7 18 180   M    M   0 1      26 160
12  87  58  73   3   0   8 0.00  0.0    0  9.1 21  10   M    M   5        27  10
13  89  54  72   2   0   7 0.00  0.0    0  2.3  9  10   M    M   3        13 360
14  92  57  75   5   0  10 0.00  0.0    0  6.8 17 190   M    M   1        26 200
15  88  67  78   8   0  13 0.00  0.0    0 12.3 29  10   M    M   7        37  20
16  77  50  64  -5   1   0 0.00  0.0    0 13.7 30  30   M    M   5        42  40
17  82  57  70   1   0   5 0.01  0.0    0  8.1 22 180   M    M   8 1      33 170
18  91  72  82  13   0  17 0.00  0.0    0 12.8 24 200   M    M   4        36 180
19  93  73  83  15   0  18    T  0.0    0  9.6 17 170   M    M   5 1      24 170
20  91  72  82  14   0  17 0.00  0.0    0  9.9 16 140   M    M   6        24 180
21  90  69  80  12   0  15 0.00  0.0    0  5.4 14 190   M    M   5 1      19 180
22  90  66  78  11   0  13 0.00  0.0    0  7.6 18 140   M    M   6        25 150
23  85  55  70   3   0   5    T  0.0    0 11.1 28 360   M    M   9        34 360
24  66  53  60  -7   5   0    T  0.0    0  8.0 20 360   M    M   9        25  10
25  85  49  67   1   0   2 0.00  0.0    0  8.0 21 150   M    M   8        26 180
26  80  44  62  -4   3   0 0.02  0.0    0 12.0 23 360   M    M  10 1      31 340
27  46  41  44 -22  21   0 0.04  0.0    0 13.8 21 360   M    M  10 1      25 350
28  62  41  52 -13  13   0 0.12  0.0    0 10.4 20 320   M    M   5 1      30 320
29  64  40  52 -13  13   0 0.00  0.0    0 11.1 28 330   M    M   1        44 320
30  72  42  57  -8   8   0 0.00  0.0    0  4.8 12 350   M    M   1        15 350
31  78  35  57  -7   8   0 0.00  0.0    0  3.0 13 190   M    M   2 1      20 190
================================================================================
SM 2591 1725        72 224  0.34     0.0 225.6          M      134
================================================================================
AV 83.6 55.7                               7.3 FASTST   M    M   4    MAX(MPH)
                                 MISC ---->  # 30  30               # 44  320
================================================================================
NOTES:
# LAST OF SEVERAL OCCURRENCES

COLUMN 17 PEAK WIND IN M.P.H.

SYMBOLS USED IN COLUMN 16
1 = FOG OR MIST
2 = FOG REDUCING VISIBILITY TO 1/4 MILE OR LESS
3 = THUNDER
4 = ICE PELLETS
5 = HAIL
6 = FREEZING RAIN OR DRIZZLE
7 = DUSTSTORM OR SANDSTORM
8 = SMOKE OR HAZE
9 = BLOWING SNOW
X = TORNADO

$$
