000
CXUS53 KGRB 010906
CLMAUW

CLIMATE REPORT
NATIONAL WEATHER SERVICE GREEN BAY
406 AM CDT TUE JUN 01 2021

...................................

...THE WAUSAU WI CLIMATE SUMMARY FOR THE MONTH OF MAY 2021...

CLIMATE NORMAL PERIOD: 1991 TO 2020
CLIMATE RECORD PERIOD: 1896 TO 2021

WEATHER         OBSERVED          NORMAL  DEPART   LAST YEAR`S
                VALUE   DATE(S)   VALUE   FROM     VALUE DATE(S)
                                          NORMAL
................................................................
TEMPERATURE (F)
RECORD
 HIGH            104   05/31/1934
 LOW              20   05/09/1947
                       05/04/1907
HIGHEST           85   05/01         84       1       83  05/25
LOWEST            29   05/08         31      -2       28  05/08
AVG. MAXIMUM    68.3               67.1     1.2     64.0
AVG. MINIMUM    46.1               44.6     1.5     44.3
MEAN            57.2               55.8     1.4     54.1
DAYS MAX >= 90     0                0.2    -0.2        0
DAYS MAX <= 32     0                0.0     0.0        0
DAYS MIN <= 32     3                1.9     1.1        6
DAYS MIN <= 0      0                0.0     0.0        0

PRECIPITATION (INCHES)
RECORD
 MAXIMUM       10.74   1942
 MINIMUM        0.46   1925
TOTALS          3.52               3.79   -0.27     3.02
DAYS >= .01       16               13.4     2.6       10
DAYS >= .10        8                8.0     0.0        8
DAYS >= .50        3                2.7     0.3
DAYS >= 1.00       0                0.6    -0.6        0
GREATEST
 STORM TOTAL    0.73
 (MM/DD(HH))

SNOWFALL (INCHES)
RECORDS
 TOTAL           5.5   1935
 24 HR TOTAL       T   05/11/2020 TO 05/11/2020
                       05/11/2020 TO 05/14/2016
                       05/14/2016 TO 05/19/2015
TOTALS           0.0                0.2    -0.2        T
SINCE 7/1       33.0               64.3   -31.3       MM
DAYS >= TRACE      0                0.2    -0.2
DAYS >= 1.0        0                0.1    -0.1        0
GREATEST
 SNOW DEPTH        0                                   0  MM
 24 HR TOTAL      MM

DEGREE DAYS
HEATING TOTAL    275                305     -30      355
 SINCE 7/1      7634               8098    -464     8045
COOLING TOTAL     39                 21      18       27
 SINCE 1/1        43                 22      21       27
................................................................

WIND (MPH)
AVERAGE WIND SPEED              7.0
HIGHEST WIND SPEED/DIRECTION    38/220    DATE  05/25
HIGHEST GUST SPEED/DIRECTION    55/230    DATE  05/25

SKY COVER
POSSIBLE SUNSHINE (PERCENT)   MM
AVERAGE SKY COVER           0.52
NUMBER OF DAYS FAIR            9
NUMBER OF DAYS PC             15
NUMBER OF DAYS CLOUDY          7

AVERAGE RH (PERCENT)     60

WEATHER CONDITIONS. NUMBER OF DAYS WITH
THUNDERSTORM              3     MIXED PRECIP               0
HEAVY RAIN                4     RAIN                       9
LIGHT RAIN               17     FREEZING RAIN              0
LT FREEZING RAIN          0     HAIL                       0
HEAVY SNOW                0     SNOW                       0
LIGHT SNOW                0     SLEET                      0
FOG                      10     FOG W/VIS <= 1/4 MILE      0
HAZE                      8

-  INDICATES NEGATIVE NUMBERS.
R  INDICATES RECORD WAS SET OR TIED.
MM INDICATES DATA IS MISSING.
T  INDICATES TRACE AMOUNT.

$$
