000
CXUS53 KGRB 010746
CLMAUW

CLIMATE REPORT
NATIONAL WEATHER SERVICE GREEN BAY
146 AM CST SUN NOV 01 2020

...................................

...THE WAUSAU WI CLIMATE SUMMARY FOR THE MONTH OF OCTOBER 2020...

CLIMATE NORMAL PERIOD: 1981 TO 2010
CLIMATE RECORD PERIOD: 1896 TO 2020

WEATHER         OBSERVED          NORMAL  DEPART   LAST YEAR`S
                VALUE   DATE(S)   VALUE   FROM     VALUE DATE(S)
                                          NORMAL
................................................................
TEMPERATURE (F)
RECORD
 HIGH             87   10/06/1963
 LOW               8   10/30/1925
HIGHEST           76   10/09         75       1       73  10/01
LOWEST            19   10/26         24      -5       20  10/31
                       10/27
AVG. MAXIMUM    49.0               55.4    -6.4     51.7
AVG. MINIMUM    32.0               36.6    -4.6     35.6
MEAN            40.5               46.0    -5.5     43.7
DAYS MAX >= 90     0                0.0     0.0        0
DAYS MAX <= 32     0                0.2    -0.2        1
DAYS MIN <= 32    18               10.0     8.0       12
DAYS MIN <= 0      0                0.0     0.0        0

PRECIPITATION (INCHES)
RECORD
 MAXIMUM       10.89   1900
 MINIMUM        0.02   1952
TOTALS          2.73               2.94   -0.21     4.16
DAYS >= .01       10               11.1    -1.1       12
DAYS >= .10        4                6.3    -2.3        8
DAYS >= .50        3                2.0     1.0
DAYS >= 1.00       1                0.5     0.5        1
GREATEST
 STORM TOTAL    1.01
 (MM/DD(HH))

SNOWFALL (INCHES)
RECORDS
 TOTAL          10.8   1990
 24 HR TOTAL     7.8   10/21/2002 TO 10/21/2002
TOTALS           4.5                1.4     3.1        T
SINCE 7/1        4.5                1.4     3.1       MM
DAYS >= TRACE      7                0.9     6.1
DAYS >= 1.0        1                0.3     0.7        0
GREATEST
 SNOW DEPTH        2   10/20                           0  MM
 24 HR TOTAL      MM

DEGREE DAYS
HEATING TOTAL    749                591     158      653
 SINCE 7/1      1024                884     140      832
COOLING TOTAL      0                  2      -2        0
 SINCE 1/1       520                407     113      363
................................................................

WIND (MPH)
AVERAGE WIND SPEED              8.0
HIGHEST WIND SPEED/DIRECTION    31/270    DATE  10/31
HIGHEST GUST SPEED/DIRECTION    46/250    DATE  10/31

SKY COVER
POSSIBLE SUNSHINE (PERCENT)   MM
AVERAGE SKY COVER           0.51
NUMBER OF DAYS FAIR           10
NUMBER OF DAYS PC             12
NUMBER OF DAYS CLOUDY          7

AVERAGE RH (PERCENT)     73

WEATHER CONDITIONS. NUMBER OF DAYS WITH
THUNDERSTORM              2     MIXED PRECIP               0
HEAVY RAIN                2     RAIN                       2
LIGHT RAIN               12     FREEZING RAIN              0
LT FREEZING RAIN          0     HAIL                       0
HEAVY SNOW                1     SNOW                       1
LIGHT SNOW                6     SLEET                      1
FOG                      11     FOG W/VIS <= 1/4 MILE      1
HAZE                      3

-  INDICATES NEGATIVE NUMBERS.
R  INDICATES RECORD WAS SET OR TIED.
MM INDICATES DATA IS MISSING.
T  INDICATES TRACE AMOUNT.

$$
