000
CXUS52 KGSP 011708
CLMAVL

CLIMATE REPORT
NATIONAL WEATHER SERVICE GREENVILLE-SPARTANBURG SC
1208 PM EST TUE DEC 01 2020

...................................

...THE ASHEVILLE NC CLIMATE SUMMARY FOR THE MONTH OF NOVEMBER 2020...

CLIMATE NORMAL PERIOD 1981 TO 2010
CLIMATE RECORD PERIOD 1869 TO 2020

WEATHER         OBSERVED          NORMAL  DEPART   LAST YEAR`S
                VALUE   DATE(S)   VALUE   FROM     VALUE DATE(S)
                                          NORMAL
................................................................
TEMPERATURE (F)
RECORD
 HIGH             83   11/01/1950
 LOW               1   11/25/1950
HIGHEST           73   11/11         MM      MM       76  11/27
LOWEST            28   11/19         MM      MM       18  11/13
                       11/24
AVG. MAXIMUM    62.8               58.8     4.0     58.1
AVG. MINIMUM    39.1               35.8     3.3     34.8
MEAN            50.9               47.3     3.6     46.5
DAYS MAX >= 90     0                0.0     0.0        0
DAYS MAX <= 32     0                0.0     0.0        0
DAYS MIN <= 32     9               11.5    -2.5       12
DAYS MIN <= 0      0                0.0     0.0        0

PRECIPITATION (INCHES)
RECORD
 MAXIMUM        7.82   2015
 MINIMUM        0.07   1909
TOTALS          3.64               3.65   -0.01     2.57
DAILY AVG.      0.12               0.12   -0.00     0.09
DAYS >= .01       11                9.7     1.3        6
DAYS >= .10        7                6.0     1.0        5
DAYS >= .50        2                2.4    -0.4        2
DAYS >= 1.00       1                1.2    -0.2        1
GREATEST
 24 HR. TOTAL   1.25   11/11 TO 11/12               1.36  11/23 TO 11/23
 STORM TOTAL    1.00                                  MM
 (MM/DD(HH))            MM

SNOWFALL (INCHES)
RECORDS
 TOTAL           9.6   1968
 24 HR TOTAL     5.4   11/11/1968 TO 11/11/1968
 SNOW DEPTH        5   11/12/1968
TOTALS           0.0                0.1    -0.1        T
 LIQUID EQUIV   0.00               0.00    0.00        T
SINCE 7/1        0.0                0.1    -0.1       MM
 LIQUID 7/1     0.00               0.00    0.00       MM
SNOWDEPTH AVG.     0                                   0
DAYS >= TRACE      0                0.2    -0.2        1
DAYS >= 1.0        0                0.1    -0.1        0
GREATEST
 SNOW DEPTH        0                                   0  MM
 24 HR TOTAL      MM                                   T  11/12 TO 11/12
 STORM TOTAL     0.0                                  MM
 (MM/DD(HH))            MM

DEGREE DAYS
HEATING TOTAL    418                532    -114      548
 SINCE 7/1       614                867    -253      706
COOLING TOTAL      5                  1       4        0
 SINCE 1/1      1158                863     295     1327

FREEZE DATES
RECORD
 EARLIEST     MM
 LATEST       MM
EARLIEST      11/02             MM
LATEST                          04/03
................................................................

WIND (MPH)
AVERAGE WIND SPEED              6.1
HIGHEST WIND SPEED/DIRECTION    36/340    DATE  11/01
                                36/330          11/02
HIGHEST GUST SPEED/DIRECTION    46/320    DATE  11/01
                                46/340          11/02

SKY COVER
POSSIBLE SUNSHINE (PERCENT)   MM
AVERAGE SKY COVER           0.34
NUMBER OF DAYS FAIR           18
NUMBER OF DAYS PC              5
NUMBER OF DAYS CLOUDY          7

AVERAGE RH (PERCENT)     67

WEATHER CONDITIONS. NUMBER OF DAYS WITH
THUNDERSTORM              0     MIXED PRECIP               0
HEAVY RAIN                4     RAIN                       7
LIGHT RAIN               12     FREEZING RAIN              0
LT FREEZING RAIN          0     HAIL                       0
HEAVY SNOW                0     SNOW                       0
LIGHT SNOW                0     SLEET                      0
FOG                      13     FOG W/VIS <= 1/4 MILE      2
HAZE                      5

-  INDICATES NEGATIVE NUMBERS.
R  INDICATES RECORD WAS SET OR TIED.
MM INDICATES DATA IS MISSING.
T  INDICATES TRACE AMOUNT.

$$
