000
CXUS51 KBGM 070307 CCB
CLMAVP

CLIMATE REPORT...CORRECTED
NATIONAL WEATHER SERVICE BINGHAMTON NY
905 PM EST FRI NOV 6 2020

...................................

...THE AVOCA PA CLIMATE SUMMARY FOR THE MONTH OF OCTOBER 2020...

CLIMATE NORMAL PERIOD 1981 TO 2010
CLIMATE RECORD PERIOD 1901 TO 2020

WEATHER         OBSERVED          NORMAL  DEPART  LAST YEAR`S
                 VALUE   DATE(S)  VALUE   FROM    VALUE  DATE(S)
                                          NORMAL
................................................................
TEMPERATURE (F)
RECORD
 HIGH              87   10/02/2019
                        10/08/2007
                        05/02/2053
 LOW               19   10/20/1972
HIGHEST            83   10/22        61      22       87  10/02
LOWEST             28   10/31        42     -14       32  10/19
AVG. MAXIMUM     63.9              60.7     3.2     65.5
AVG. MINIMUM     45.7              41.1     4.6     46.7
MEAN             54.8              50.9     3.9     56.1
DAYS MAX >= 90      0               0.0     0.0        0
DAYS MAX <= 32      0               0.0     0.0        0
DAYS MIN <= 32      2               4.4    -2.4        1
DAYS MIN <= 0       0               0.0     0.0        0

PRECIPITATION (INCHES)
RECORD
 MAXIMUM         8.12   1976
 MINIMUM         0.03   1963
TOTALS           3.38              3.34    0.04     6.36
DAILY AVG.       0.11              0.11    0.00     0.21
DAYS >= .01        11              10.7     0.3       14
DAYS >= .10         6               5.3     0.7        9
DAYS >= .50         2               2.2    -0.2        6
DAYS >= 1.00        1               1.0     0.0        3
GREATEST
 24 HR. TOTAL    1.99   10/29 TO 10/30

SNOWFALL (INCHES)
RECORDS
 TOTAL            9.1   2011
 24 HR TOTAL      9.1   10/29/2011 TO 10/29/2011
TOTALS            0.2               0.1     0.1      0.0
SINCE 7/1         0.2               0.1     0.1      0.0
DAYS >= TRACE       1               0.1     0.9        0
DAYS >= 1.0         0               0.1    -0.1        0
GREATEST
 24 HR TOTAL      0.2   10/30 TO 10/30

DEGREE_DAYS
HEATING TOTAL     316               441    -125      284
 SINCE 7/1        410               603    -193      322
COOLING TOTAL       8                 4       4       16
 SINCE 1/1       1057               580     477      846
.................................................................

WIND (MPH)
AVERAGE WIND SPEED              5.5
RESULTANT WIND SPEED/DIRECTION   1/240
HIGHEST WIND SPEED/DIRECTION    23/330    DATE  10/08
HIGHEST GUST SPEED/DIRECTION    31/270    DATE  10/07

SKY COVER
POSSIBLE SUNSHINE (PERCENT)   MM
AVERAGE SKY COVER           0.50
NUMBER OF DAYS FAIR            9
NUMBER OF DAYS PC             11
NUMBER OF DAYS CLOUDY         11

AVERAGE RH (PERCENT)     70

WEATHER CONDITIONS. NUMBER OF DAYS WITH
THUNDERSTORM              0     MIXED PRECIP                0
HEAVY RAIN                1     RAIN                        5
LIGHT RAIN               16     FREEZING RAIN               0
LT FREEZING RAIN          0     HAIL                        0
HEAVY SNOW                0     SNOW                        0
LIGHT SNOW                1     SLEET                       0
FOG                      16     FOG W/VIS <= 1/4 MILE       1
HAZE                      4

-  INDICATES NEGATIVE NUMBERS.
R  INDICATES RECORD WAS SET OR TIED.
MM INDICATES DATA IS MISSING.
T  INDICATES TRACE AMOUNT.

&&
CORRECTED GREATEST 24 HOUR PRECIPITATION
$$
TAC
