271
CXUS53 KGRR 091134
CLMAZO


CLIMATE REPORT
NATIONAL WEATHER SERVICE GRAND RAPIDS, MI
634 AM EST MON NOV 9 2020

...................................

...THE KALAMAZOO CLIMATE SUMMARY FOR THE MONTH OF OCTOBER 2020...

CLIMATE NORMAL PERIOD 1981 TO 2010
CLIMATE RECORD PERIOD 1998 TO 2020

WEATHER         OBSERVED          NORMAL  DEPART  LAST YEAR`S
                 VALUE   DATE(S)  VALUE   FROM    VALUE  DATE(S)
                                          NORMAL
................................................................
TEMPERATURE (F)
RECORD
 HIGH              90   MM
 LOW               26   10/31/2020
HIGHEST            82   10/09        MM      MM       85  10/01
LOWEST             26R  10/31        MM      MM       31  10/26
AVG. MAXIMUM     59.2              60.5    -1.3     61.0
AVG. MINIMUM     38.8              41.4    -2.6     42.9
MEAN             49.0              51.0    -2.0     52.0
DAYS MAX >= 90      0               0.0     0.0        0
DAYS MAX <= 32      0               0.0     0.0        0
DAYS MIN <= 32      4               4.3    -0.3        1
DAYS MIN <= 0       0               0.0     0.0        0

PRECIPITATION (INCHES)
RECORD
 MAXIMUM           MM   MM
TOTALS           2.39              3.33   -0.94     4.77
DAILY AVG.       0.08              0.11   -0.03     0.15
DAYS >= .01        13                MM      MM       15
DAYS >= .10         5                MM      MM        8
DAYS >= .50         1                MM      MM        5
DAYS >= 1.00        0                MM      MM        1
GREATEST
 24 HR. TOTAL    0.94   10/22 TO 10/22

DEGREE_DAYS
HEATING TOTAL     492               443      49      409
 SINCE 7/1        599               592       7      436
COOLING TOTAL       0                 8      -8       14
 SINCE 1/1        921               675     246      870
.................................................................

WIND (MPH)
AVERAGE WIND SPEED              7.1
RESULTANT WIND SPEED/DIRECTION   2/229
HIGHEST WIND SPEED/DIRECTION    30/280    DATE  10/23
HIGHEST GUST SPEED/DIRECTION    44/260    DATE  10/23

SKY COVER
POSSIBLE SUNSHINE (PERCENT)   MM
AVERAGE SKY COVER           0.50
NUMBER OF DAYS FAIR           12
NUMBER OF DAYS PC             13
NUMBER OF DAYS CLOUDY          6

AVERAGE RH (PERCENT)     68

WEATHER CONDITIONS. NUMBER OF DAYS WITH
  0
  6
  0
  0
  0
  0
  1
HAZE                      4

-  INDICATES NEGATIVE NUMBERS.
R  INDICATES RECORD WAS SET OR TIED.
MM INDICATES DATA IS MISSING.
T  INDICATES TRACE AMOUNT.

$$
