000
CXUS53 KLBF 011358
CLMBBW

CLIMATE REPORT
NATIONAL WEATHER SERVICE
758 AM CST SUN NOV 01 2020

...................................

...THE BROKEN BOW  CLIMATE SUMMARY FOR THE MONTH OF OCTOBER 2020...

CLIMATE NORMAL PERIOD 1981 TO 2010
CLIMATE RECORD PERIOD 1894 TO 2020

WEATHER         OBSERVED          NORMAL  DEPART   LAST YEAR`S
                VALUE   DATE(S)   VALUE   FROM     VALUE DATE(S)
                                          NORMAL
................................................................
TEMPERATURE (F)
RECORD
 HIGH             98   10/11/2015
 LOW                   10/28/1925
HIGHEST           91   10/09         85       6       81  10/17
LOWEST             7   10/27         16      -9        9  10/31
                                                          10/30
AVG. MAXIMUM    61.7               63.0    -1.3     58.0
AVG. MINIMUM    32.7               35.8    -3.1     29.1
MEAN            47.2               49.4    -2.2     43.5
DAYS MAX >= 90     1                0.1     0.9        0
DAYS MAX <= 32     4                0.2     3.8        2
DAYS MIN <= 32    15               10.3     4.7       19
DAYS MIN <= 0      0                0.0     0.0        0

PRECIPITATION (INCHES)
RECORD
 MAXIMUM        7.43   1946
 MINIMUM        0.00   1933
TOTALS          0.54               1.84   -1.30     0.72
DAILY AVG.      0.02               0.06   -0.04     0.02
DAYS >= .01        7                 MM      MM        7
DAYS >= .10        3                 MM      MM        1
DAYS >= .50        0                 MM      MM        0
DAYS >= 1.00       0                 MM      MM        0
GREATEST
 24 HR. TOTAL   0.30   10/17 TO 10/18               0.44  10/01 TO 10/01

SNOWFALL (INCHES)
TOTALS            MM
SINCE 7/1         MM
SNOWDEPTH AVG.    MM
DAYS >= TRACE     MM
DAYS >= 1.0       MM
GREATEST
 SNOW DEPTH       MM

DEGREE DAYS
HEATING TOTAL    551                489      62      658
 SINCE 7/1       682                656      26      695
COOLING TOTAL      9                  6       3        0
 SINCE 1/1       987                768     219      839
................................................................

WIND (MPH)
AVERAGE WIND SPEED              10.2
HIGHEST WIND SPEED/DIRECTION    49/310    DATE  10/11
HIGHEST GUST SPEED/DIRECTION    68/310    DATE  10/11

AVERAGE RH (PERCENT)     63

WEATHER CONDITIONS. NUMBER OF DAYS WITH
THUNDERSTORM              0     MIXED PRECIP               0
HEAVY RAIN                0     RAIN                       0
LIGHT RAIN                5     FREEZING RAIN              0
LT FREEZING RAIN          0     HAIL                       0
HEAVY SNOW                0     SNOW                       0
LIGHT SNOW                7     SLEET                      0
FOG                       9     FOG W/VIS <= 1/4 MILE      0
HAZE                      1

-  INDICATES NEGATIVE NUMBERS.
R  INDICATES RECORD WAS SET OR TIED.
MM INDICATES DATA IS MISSING.
T  INDICATES TRACE AMOUNT.

$$
