000
CXUS51 KBOX 021913
CLMBDL


CLIMATE REPORT
NATIONAL WEATHER SERVICE BOSTON/NORTON MA
203 PM EST MON NOV 2 2020

...................................

...THE HARTFORD CT CLIMATE SUMMARY FOR THE MONTH OF OCTOBER 2020...

CLIMATE NORMAL PERIOD 1981 TO 2010
CLIMATE RECORD PERIOD 1904 TO 2020

WEATHER         OBSERVED          NORMAL  DEPART
                 VALUE   DATE(S)  VALUE   FROM
                                          NORMAL
................................................
TEMPERATURE (F)
RECORD
 HIGH              91   10/07/1963
                        10/02/1927
 LOW               17   10/18/1978
HIGHEST            79   10/10
LOWEST             21   10/31
AVG. MAXIMUM     63.7              63.1     0.6
AVG. MINIMUM     44.5              41.1     3.4
MEAN             54.1              52.1     2.0
DAYS MAX >= 90      0               0.0     0.0
DAYS MAX <= 32      0               0.0     0.0
DAYS MIN <= 32      3               4.4    -1.4
DAYS MIN <= 0       0               0.0     0.0

PRECIPITATION (INCHES)
RECORD
 MAXIMUM        16.32   2005
 MINIMUM         0.18   1924
TOTALS           6.09              4.37    1.72
DAYS >= .01        13              10.2     2.8
DAYS >= .10         8               6.1     1.9
DAYS >= .50         4               3.0     1.0
DAYS >= 1.00        3               1.3     1.7
GREATEST
 24 HR. TOTAL    1.59   10/16 TO 10/16

SNOWFALL (INCHES)
RECORDS
 TOTAL           12.3   2011
 SNOW DEPTH         1   10/28/2016
TOTALS            2.0               0.0     2.0
SINCE 7/1         2.0               0.0     2.0
SNOWDEPTH AVG.      0
GREATEST
 SNOW DEPTH         1R  10/31
 24 HR TOTAL      2.0   10/30 TO 10/30

DEGREE_DAYS
HEATING TOTAL     341               407     -66
 SINCE 7/1        435               529     -94
COOLING TOTAL       8                 7       1
 SINCE 1/1       1075               756     319
.................................................

WIND (MPH)
AVERAGE WIND SPEED              6.7
RESULTANT WIND SPEED/DIRECTION   1/272
HIGHEST WIND SPEED/DIRECTION    46/310    DATE  10/07
HIGHEST GUST SPEED/DIRECTION    65/320    DATE  10/07

SKY COVER
POSSIBLE SUNSHINE (PERCENT)   MM
AVERAGE SKY COVER           0.60
NUMBER OF DAYS FAIR            5
NUMBER OF DAYS PC             14
NUMBER OF DAYS CLOUDY         12

AVERAGE RH (PERCENT)     72

WEATHER CONDITIONS. NUMBER OF DAYS WITH
  0
  5
  0
  0
  1
  0
  4
HAZE                      3

-  INDICATES NEGATIVE NUMBERS.
R  INDICATES RECORD WAS SET OR TIED.
MM INDICATES DATA IS MISSING.
T  INDICATES TRACE AMOUNT.

$$
