000
CXAK58 PABE 011346
CLMBET


CLIMATE REPORT
NATIONAL WEATHER SERVICE ANCHORAGE, AK
446 AM AKST TUE DEC 1 2020

...................................

...THE BETHEL CLIMATE SUMMARY FOR THE MONTH OF NOVEMBER 2020...

CLIMATE NORMAL PERIOD 1981 TO 2010
CLIMATE RECORD PERIOD 1948 TO 2020

WEATHER         OBSERVED          NORMAL  DEPART  LAST YEAR`S
                 VALUE   DATE(S)  VALUE   FROM    VALUE  DATE(S)
                                          NORMAL
................................................................
TEMPERATURE (F)
RECORD
 HIGH              54   11/02/1926
 LOW              -31   11/30/1939
HIGHEST            42                MM      MM       42
LOWEST                               MM      MM       -1
AVG. MAXIMUM     30.0              23.2     6.8     27.1
AVG. MINIMUM     18.8              11.6     7.2     16.6
MEAN             24.4              17.4     7.0     21.8
DAYS MAX >= 90      0               0.0     0.0        0
DAYS MAX <= 32     18              21.0    -3.0       22
DAYS MIN <= 32     28              28.2    -0.2       30
DAYS MIN <= 0       2               6.5    -4.5        1

PRECIPITATION (INCHES)
RECORD
 MAXIMUM           MM   MM
 MINIMUM           MM   MM
TOTALS           2.48              1.60    0.88     3.17
DAILY AVG.       0.08              0.05    0.03     0.11
DAYS >= .01        21              12.6     8.4       13
DAYS >= .10        12               4.7     7.3        6
DAYS >= .50         0               0.6    -0.6        3
DAYS >= 1.00        0               0.1    -0.1        1
GREATEST
 24 HR. TOTAL    0.34   11/07 TO 11/07           11/26 TO 11/26
                                                          11/26 TO 11/26EATHER         OBSERVED          NORMAL  DEPART  LAST YEAR`S
                                                          11/26 TO 11/26EATHER         OBSERVED          NORMAL  DEPART  LAST YEAR`S
 STORM TOTAL       MM                                 MM
 (MM/DD(HH))            MM                    11/26(00) TO 11/26(00)
                                                 11/26(00) TO 11/26(00)6EATHER         OBSERVED          NORMAL  DEPART  LAST YEAR`S
                                                 11/26(00) TO 11/26(00)6EATHER         OBSERVED          NORMAL  DEPART  LAST YEAR`S

SNOWFALL (INCHES)
RECORDS
 TOTAL             MM   MM
 24 HR TOTAL       MM
 SNOW DEPTH        MM   MM
TOTALS             MM              12.9      MM       MM
SINCE 7/1          MM              17.9      MM       MM
SNOWDEPTH AVG.      0                 4      -4       MM
DAYS >= TRACE       0              11.5   -11.5        0
DAYS >= 1.0         0               3.9    -3.9
GREATEST
 SNOW DEPTH         0   MM                            MM  MM
 24 HR TOTAL       MM                                 MM
 STORM TOTAL       MM                                 MM
 (MM/DD(HH))            MM

DEGREE_DAYS
HEATING TOTAL    1213              1428    -215     1290
 SINCE 7/1       3204              3723    -519     3077
COOLING TOTAL       0                 0       0        0
 SINCE 1/1          3                 4      -1        6

FREEZE DATES
RECORD
 EARLIEST     MM
 LATEST       MM
EARLIEST      11/01             MM
LATEST                          MM
.................................................................

WIND (MPH)
AVERAGE WIND SPEED              12.6
RESULTANT WIND SPEED/DIRECTION   4/338
HIGHEST WIND SPEED/DIRECTION    43/160    DATE  11/05
HIGHEST GUST SPEED/DIRECTION    55/160    DATE  11/05

SKY COVER
POSSIBLE SUNSHINE (PERCENT)   MM
AVERAGE SKY COVER           0.70
NUMBER OF DAYS FAIR            3
NUMBER OF DAYS PC              5
NUMBER OF DAYS CLOUDY         11

AVERAGE RH (PERCENT)     89

WEATHER CONDITIONS. NUMBER OF DAYS WITH
  0
  1
  0
  0
  1
  0
  4
HAZE                      2

-  INDICATES NEGATIVE NUMBERS.
R  INDICATES RECORD WAS SET OR TIED.
MM INDICATES DATA IS MISSING.
T  INDICATES TRACE AMOUNT.

$$
