000
CXUS51 KCTP 010842
CLMBFD

CLIMATE REPORT
NATIONAL WEATHER SERVICE STATE COLLEGE PA
342 AM EST TUE DEC 01 2020

...................................

...THE BRADFORD CLIMATE SUMMARY FOR THE MONTH OF NOVEMBER 2020...

CLIMATE NORMAL PERIOD 1981 TO 2010
CLIMATE RECORD PERIOD 1957 TO 2020

WEATHER         OBSERVED          NORMAL  DEPART   LAST YEAR`S
                VALUE   DATE(S)   VALUE   FROM     VALUE DATE(S)
                                          NORMAL
................................................................
TEMPERATURE (F)
RECORD
 HIGH             74   11/04/2015
                       11/04/2003
                       07/09/1936
 LOW              -2   11/30/1976
HIGHEST           74R  11/08                          57  11/26
                       11/09
                       11/10
LOWEST            21   11/18                          13  11/08
AVG. MAXIMUM    52.4               45.0     7.4     39.3
AVG. MINIMUM    34.3               28.9     5.4     25.4
MEAN            43.3               37.0     6.3     32.4
DAYS MAX >= 90     0                 MM      MM        0
DAYS MAX <= 32     1                 MM      MM        5
DAYS MIN <= 32    14                 MM      MM       27
DAYS MIN <= 0      0                 MM      MM        0

PRECIPITATION (INCHES)
RECORD
 MAXIMUM        8.93   1985
 MINIMUM        0.40   2000
TOTALS          2.52               3.76   -1.24     1.24
DAILY AVG.      0.08               0.13   -0.05     0.04
DAYS >= .01       12                 MM      MM       12
DAYS >= .10        7                 MM      MM        4
DAYS >= .50        2                 MM      MM        0
DAYS >= 1.00       0                 MM      MM        0
GREATEST
 24 HR. TOTAL   0.51   11/11 TO 11/11               0.40  11/27 TO 11/28
                       11/25 TO 11/26


DEGREE DAYS
HEATING TOTAL    641                842    -201      970
 SINCE 7/1      1355               1696    -341       MM
COOLING TOTAL      0                  0       0        0
 SINCE 1/1       395                193     202       MM
................................................................

WIND (MPH)
AVERAGE WIND SPEED              7.4
HIGHEST WIND SPEED/DIRECTION    30/280    DATE  11/01
                                30/310          11/02
HIGHEST GUST SPEED/DIRECTION    45/260    DATE  11/15

SKY COVER
POSSIBLE SUNSHINE (PERCENT)   MM
AVERAGE SKY COVER           0.48
NUMBER OF DAYS FAIR           11
NUMBER OF DAYS PC              8
NUMBER OF DAYS CLOUDY         11

AVERAGE RH (PERCENT)     63

WEATHER CONDITIONS. NUMBER OF DAYS WITH
THUNDERSTORM              0     MIXED PRECIP               0
HEAVY RAIN                1     RAIN                       5
LIGHT RAIN               12     FREEZING RAIN              1
LT FREEZING RAIN          1     HAIL                       0
HEAVY SNOW                2     SLEET                      0
FOG                      14     FOG W/VIS <= 1/4 MILE      0
HAZE                     12

-  INDICATES NEGATIVE NUMBERS.
R  INDICATES RECORD WAS SET OR TIED.
MM INDICATES DATA IS MISSING.
T  INDICATES TRACE AMOUNT.

$$
