000
CXUS54 KAMA 020041
CLMBGD

CLIMATE REPORT
NATIONAL WEATHER SERVICE AMARILLO
641 PM CST TUE DEC 01 2020

...................................

...THE BORGER CLIMATE SUMMARY FOR THE MONTH OF NOVEMBER 2020...

CLIMATE NORMAL PERIOD: 1981 TO 2010
CLIMATE RECORD PERIOD: 1949 TO 2020

WEATHER         OBSERVED          NORMAL  DEPART   LAST YEAR`S
                VALUE   DATE(S)   VALUE   FROM     VALUE DATE(S)
                                          NORMAL
................................................................
TEMPERATURE (F)
HIGHEST           89R  11/19                          81  11/19
LOWEST            23   11/30                          12  11/12
AVG. MAXIMUM    68.4               61.3     7.1     62.0
AVG. MINIMUM    41.9               35.9     6.0     35.6
MEAN            55.2               48.6     6.6     48.8
DAYS MAX >= 90     0                0.0     0.0        0
DAYS MAX <= 32     0                0.3    -0.3        0
DAYS MIN <= 32     5               10.0    -5.0        5
DAYS MIN <= 0      0                0.0     0.0        0

PRECIPITATION (INCHES)
TOTALS          0.31               0.84   -0.53     0.98
DAILY AVG.      0.01               0.03   -0.02     0.03
DAYS >= .01        4                4.0     0.0        6
DAYS >= .10        1                2.1    -1.1        3
DAYS >= .50        0                0.5    -0.5        0
DAYS >= 1.00       0                0.2    -0.2        0
GREATEST
 24 HR. TOTAL   0.19   11/28 TO 11/28

SNOWFALL (INCHES)
TOTALS            MM                 MM      MM        T
SINCE 7/1         MM                 MM      MM       MM
DAYS >= TRACE      0                 MM      MM        2
DAYS >= 1.0        0                 MM      MM        0
GREATEST
 SNOW DEPTH       MM
 24 HR TOTAL      MM

DEGREE DAYS
HEATING TOTAL    312                496    -184      481
 SINCE 7/1       594                717    -123       MM
COOLING TOTAL     25                  4      21        0
 SINCE 1/1      2688               1839     849       MM
................................................................

WIND (MPH)
AVERAGE WIND SPEED              10.6
HIGHEST WIND SPEED/DIRECTION    36/280    DATE  11/14
HIGHEST GUST SPEED/DIRECTION    48/290    DATE  11/14

SKY COVER
POSSIBLE SUNSHINE (PERCENT)   MM
NUMBER OF DAYS FAIR           24
NUMBER OF DAYS PC              2
NUMBER OF DAYS CLOUDY          4

AVERAGE RH (PERCENT)     46

WEATHER CONDITIONS. NUMBER OF DAYS WITH
THUNDERSTORM              1     MIXED PRECIP               0
HEAVY RAIN                0     RAIN                       0
LIGHT RAIN                5     FREEZING RAIN              0
LT FREEZING RAIN          0     HEAVY SNOW                 0
SNOW                      0     LIGHT SNOW                 1
SLEET                     0     FOG                        2
FOG W/VIS <= 1/4 MILE     0     HAZE                       1

-  INDICATES NEGATIVE NUMBERS.
R  INDICATES RECORD WAS SET OR TIED.
MM INDICATES DATA IS MISSING.
T  INDICATES TRACE AMOUNT.

$$
