773
CXUS51 KBGM 030043 CCA
CLMBGM

CLIMATE REPORT...CORRECTED
NATIONAL WEATHER SERVICE BINGHAMTON, NY
842 PM EDT WED JUN 02 2021

...................................

...THE BINGHAMTON NY CLIMATE SUMMARY FOR THE MONTH OF MAY 2021...

CLIMATE NORMAL PERIOD 1991 TO 2020
CLIMATE RECORD PERIOD 1951 TO 2021

WEATHER         OBSERVED          NORMAL  DEPART   LAST YEAR`S
                VALUE   DATE(S)   VALUE   FROM     VALUE DATE(S)
                                          NORMAL
................................................................
TEMPERATURE (F)
RECORD
 HIGH             89   05/20/1996
                       05/07/1982
 LOW              24   05/09/2020
HIGHEST           86   05/21         66      20       88  05/26
LOWEST            30   05/01         46     -16       24  05/09
AVG. MAXIMUM    65.2               66.2    -1.0     63.8
AVG. MINIMUM    45.0               46.1    -1.1     44.3
MEAN            55.1               56.2    -1.1     54.1
DAYS MAX >= 90     0                0.0     0.0        0
DAYS MAX <= 32     0                0.0     0.0        0
DAYS MIN <= 32     1                1.2    -0.2        6
DAYS MIN <= 0      0                0.0     0.0        0

PRECIPITATION (INCHES)
RECORD
 MAXIMUM        7.48   2011
 MINIMUM        0.78   1962
TOTALS          5.29               3.78    1.51     2.91
DAILY AVG.      0.17               0.12    0.05     0.09
DAYS >= .01       14               14.2    -0.2       15
DAYS >= .10       11                8.0     3.0        6
DAYS >= .50        4                2.4     1.6        2
DAYS >= 1.00       1                0.6     0.4        0
GREATEST
 24 HR. TOTAL   1.58   05/28 TO 05/29

SNOWFALL (INCHES)
RECORDS
 TOTAL           3.4   1966
 24 HR TOTAL     3.4   05/09/1966 TO 05/09/1966
 SNOW DEPTH        2   05/10/1966
TOTALS           0.2                0.1     0.1      1.3
SINCE 7/1      105.0               86.5    18.5     79.1
SNOWDEPTH AVG.     T                                   0
DAYS >= TRACE      2                0.2     1.8        4
DAYS >= 1.0        0                0.0     0.0        0
GREATEST
 SNOW DEPTH        T   05/01                           1  05/09
 24 HR TOTAL     0.2   05/01 TO 05/01

DEGREE DAYS
HEATING TOTAL    331                296      35      358
 SINCE 7/1      6652               7074    -422     6804
COOLING TOTAL     32                 22      10       27
 SINCE 1/1        34                 25       9       27
................................................................

WIND (MPH)
AVERAGE WIND SPEED              7.7
RESULTANT WIND SPEED/DIRECTION   3/320
HIGHEST WIND SPEED/DIRECTION    37/260    DATE  05/26
HIGHEST GUST SPEED/DIRECTION    54/260    DATE  05/26

SKY COVER
POSSIBLE SUNSHINE (PERCENT)   MM
AVERAGE SKY COVER           0.50
NUMBER OF DAYS FAIR            9
NUMBER OF DAYS PC             16
NUMBER OF DAYS CLOUDY          6

AVERAGE RH (PERCENT)     67

WEATHER CONDITIONS. NUMBER OF DAYS WITH
THUNDERSTORM              1     MIXED PRECIP               0
HEAVY RAIN                3     RAIN                       8
LIGHT RAIN               17     FREEZING RAIN              0
LT FREEZING RAIN          0     HAIL                       0
HEAVY SNOW                0     SNOW                       0
LIGHT SNOW                2     SLEET                      0
FOG                      13     FOG W/VIS <= 1/4 MILE      2
HAZE                      4

-  INDICATES NEGATIVE NUMBERS.
R  INDICATES RECORD WAS SET OR TIED.
MM INDICATES DATA IS MISSING.
T  INDICATES TRACE AMOUNT.

&&
10TH GREATEST MAY PRECIPITATION
CORRECTED GREATEST SNOW DEPTH
CORRECTED SNOWFALL SINCE 7/1 FOR 2020

$$

TAC
