000
CXUS51 KBGM 011055
CLMBGM


CLIMATE REPORT
NATIONAL WEATHER SERVICE BINGHAMTON NY
551 AM EST SUN NOV 1 2020

...................................

...THE BINGHAMTON NY CLIMATE SUMMARY FOR THE MONTH OF OCTOBER 2020...

CLIMATE NORMAL PERIOD 1981 TO 2010
CLIMATE RECORD PERIOD 1951 TO 2020

WEATHER         OBSERVED          NORMAL  DEPART  LAST YEAR`S
                 VALUE   DATE(S)  VALUE   FROM    VALUE  DATE(S)
                                          NORMAL
................................................................
TEMPERATURE (F)
RECORD
 HIGH              85   10/05/1951
 LOW               17   10/28/1976
HIGHEST            76   10/10        57      19       82  10/01
LOWEST             28   10/17        40     -12       30  10/19
                                                          10/05
AVG. MAXIMUM     57.3              56.8     0.5     59.0
AVG. MINIMUM     42.2              40.1     2.1     42.6
MEAN             49.7              48.5     1.2     50.8
DAYS MAX >= 90      0               0.0     0.0        0
DAYS MAX <= 32      0               0.0     0.0        0
DAYS MIN <= 32      4               5.3    -1.3        2
DAYS MIN <= 0       0               0.0     0.0        0

PRECIPITATION (INCHES)
RECORD
 MAXIMUM         9.43   1955
 MINIMUM         0.26   1963
TOTALS           3.99              3.33    0.66     7.85
DAILY AVG.       0.13              0.11    0.02     0.25
DAYS >= .01        15              12.5     2.5       15
DAYS >= .10        11               6.6     4.4       10
DAYS >= .50         1               2.1    -1.1        6
DAYS >= 1.00        1               0.8     0.2        3
GREATEST
 24 HR. TOTAL    1.70   10/29 TO 10/30

SNOWFALL (INCHES)
RECORDS
 TOTAL           11.6   1993
 24 HR TOTAL      6.8   10/31/1993 TO 10/31/1993
 SNOW DEPTH         3   10/26/2005
                        10/25/2005
                        10/31/1993
TOTALS            0.3               1.0    -0.7      0.0
SINCE 7/1         0.3               1.0    -0.7      0.0
SNOWDEPTH AVG.      0                MM      MM        0
DAYS >= TRACE       2               0.9     1.1        0
DAYS >= 1.0         0               0.2    -0.2        0
GREATEST
 SNOW DEPTH         T   10/30                          0  MM
 24 HR TOTAL      0.3   10/30 TO 10/30

DEGREE_DAYS
HEATING TOTAL     467               515     -48      439
 SINCE 7/1        662               772    -110      612
COOLING TOTAL       2                 2       0        5
 SINCE 1/1        573               381     192      389
.................................................................

WIND (MPH)
AVERAGE WIND SPEED              7.6
RESULTANT WIND SPEED/DIRECTION   2/219
HIGHEST WIND SPEED/DIRECTION    37/260    DATE  10/07
HIGHEST GUST SPEED/DIRECTION    51/260    DATE  10/07

SKY COVER
POSSIBLE SUNSHINE (PERCENT)   MM
AVERAGE SKY COVER           0.60
NUMBER OF DAYS FAIR            6
NUMBER OF DAYS PC             14
NUMBER OF DAYS CLOUDY         11

AVERAGE RH (PERCENT)     76

WEATHER CONDITIONS. NUMBER OF DAYS WITH
THUNDERSTORM              1     MIXED PRECIP                0
HEAVY RAIN                1     RAIN                        9
LIGHT RAIN               18     FREEZING RAIN               0
LT FREEZING RAIN          0     HAIL                        1
HEAVY SNOW                0     SNOW                        0
LIGHT SNOW                1     SLEET                       0
FOG                      20     FOG W/VIS <= 1/4 MILE       3
HAZE                      9


-  INDICATES NEGATIVE NUMBERS.
R  INDICATES RECORD WAS SET OR TIED.
MM INDICATES DATA IS MISSING.
T  INDICATES TRACE AMOUNT.

$$
