000
CXUS51 KCAR 021544
CLMBGR

CLIMATE REPORT
NATIONAL WEATHER SERVICE CARIBOU ME
1044 AM EST MON NOV 02 2020

...................................

...THE BANGOR ME CLIMATE SUMMARY FOR THE MONTH OF OCTOBER 2020...

CLIMATE NORMAL PERIOD: 1981 TO 2010
CLIMATE RECORD PERIOD: 1925 TO 2020

WEATHER         OBSERVED          NORMAL  DEPART   LAST YEAR`S
                VALUE   DATE(S)   VALUE   FROM     VALUE DATE(S)
                                          NORMAL
................................................................
TEMPERATURE (F)
RECORD
 HIGH             92   10/13/1930
 LOW              11   10/30/1941
HIGHEST           73   10/10      10000   -9927       66  10/13
LOWEST            19   10/31      10000   -9981       29  10/27
AVG. MAXIMUM    56.9               57.5    -0.6     58.9
AVG. MINIMUM    37.5               36.8     0.7     40.4
MEAN            47.2               47.2     0.0     49.7
DAYS MAX >= 90     0                0.0     0.0        0
DAYS MAX <= 32     0                0.0     0.0        0
DAYS MIN <= 32    12                9.1     2.9        4
DAYS MIN <= 0      0                0.0     0.0        0

PRECIPITATION (INCHES)
RECORD
 MAXIMUM       13.32   2005
 MINIMUM        0.99   1986
TOTALS          4.40                       0.23
DAILY AVG.      0.14               0.13    0.01     0.19
DAYS >= .01       13               11.0     2.0        2
DAYS >= .10       10                7.0     3.0        1
DAYS >= .50        2                2.5    -0.5        0
DAYS >= 1.00       2                1.0     1.0        0
GREATEST
 24 HR. TOTAL   1.70   10/13 TO 10/14               0.85  10/27 TO 10/28

SNOWFALL (INCHES)
RECORDS
 TOTAL           9.0   2000
TOTALS             T                0.1    -0.1      0.0
SINCE 7/1          T                0.1    -0.1       MM
SNOWDEPTH AVG.     T                                  MM
DAYS >= 1.0        0                0.0     0.0       MM
GREATEST
 SNOW DEPTH       MM                                  MM  MM
 24 HR TOTAL      MM                                  MM

DEGREE DAYS
HEATING TOTAL    543                554     -11      451
 SINCE 7/1       764                826     -62       MM
COOLING TOTAL      0                  1      -1        0
 SINCE 1/1       523                318     205       MM
................................................................

WIND (MPH)
AVERAGE WIND SPEED              7.1
HIGHEST WIND SPEED/DIRECTION    32/320    DATE  10/08
HIGHEST GUST SPEED/DIRECTION    43/310    DATE  10/08

SKY COVER
POSSIBLE SUNSHINE (PERCENT)   MM
AVERAGE SKY COVER           0.67
NUMBER OF DAYS FAIR            6
NUMBER OF DAYS PC              9
NUMBER OF DAYS CLOUDY         16

AVERAGE RH (PERCENT)     73

WEATHER CONDITIONS. NUMBER OF DAYS WITH
THUNDERSTORM              1     MIXED PRECIP               0
HEAVY RAIN                6     RAIN                       6
LIGHT RAIN               17     FREEZING RAIN              0
LT FREEZING RAIN          0     HAIL                       0
HEAVY SNOW                0     SNOW                       0
LIGHT SNOW                0     SLEET                      1
FOG                      23     FOG W/VIS <= 1/4 MILE      3
HAZE                      0

-  INDICATES NEGATIVE NUMBERS.
*  INDICATES RECORD WAS SET OR TIED.
MM INDICATES DATA IS MISSING.
T  INDICATES TRACE AMOUNT.

&&

...OCTOBER 2020 NORTHERN AND EASTERN MAINE MONTHLY CLIMATE
NARRATIVE...

OCTOBER 2020 FINISHED WITH NEAR NORMAL TEMPERATURES BUT WITH WELL
ABOVE AVERAGE RAINFALL FOR THE REGION AS A WHOLE.

THE FIRST TWO THIRDS OF THE MONTH HAD MORE ABOVE AVERAGE TEMPERATURE
DAYS THAN BELOW, BUT THE LAST THIRD OF THE MONTH FINISHED DECIDELY
BELOW AVERAGE. THE AFTERNOON OF THE 10TH WAS THE WARMEST, WITH MOST
OF THE AREA, EXCEPT THE SAINT JOHN VALLEY, REACHING INTO THE LOWER
70S. THE COLDEST MORNING WAS THE 31ST WHERE MOST LOCATIONS NORTH OF
THE IMMEDIATE COAST EXPERIENCED LOWS IN THE TEENS, WITH SINGLE DIGIT
ABOVE ZERO LOWS IN THE COLDEST NORTHERN VALLEYS.

THE BIGGEST STORY OF THE MONTH WAS TOTAL PRECIPITATION WHICH SHARPLY
REVERSED A PRIOR FIVE CONSECUTIVE MONTH BELOW AVERAGE TREND AND PUT
A SIGNIFICANT DENT IN THE REGIONAL DROUGHT THAT BEGAN EARLY LAST
SUMMER. RAINFALL TOTALS RANGED UPWARDS FROM 100 TO 130 PERCENT OF
AVERAGE OVER DOWNEAST AREAS TO 130 TO 160 PERCENT OVER CENTRAL AREAS
TO 160 TO 220 PERCENT OF AVERAGE ACROSS THE NORTH AND CENTRAL
HIGHLANDS. THE LARGEST TWO RAINFALL EVENTS FELL BACK TO BACK ON THE
13TH/14TH AND 16TH/17TH WITH MANY LOCATIONS ACROSS THE NORTH AND
CENTRAL MAINE HIGHLANDS RECEIVING UPWARDS TO 2 TO 3 INCHES IN EACH
EVENT. THE DROUGHT PATTERN ACTUALLY BEGAN BREAKING WITH SIGNIFICANT
RAINFALL ON THE 2ND, FOLLOWED BY ADDITIONAL EVENTS EVERY 2 TO 3 DAYS
OR SO. AT CARIBOU, THE TOTAL OF 7.21 INCHES FOR OCTOBER 2020 WAS
THIRD WETTEST OF RECORD, SIGNIFICANTLY BELOW THE WETTEST OCTOBER OF
8.73 INCHES SET IN 1990. THE 6.08 INCH TOTAL AT HOULTON WAS THEIR
9TH WETTEST AND THE 6.48 INCH TOTAL AT MILLINOCKET WAS THEIR 15TH
WETTEST OF RECORD.

TYPICAL OF MOST OCTOBERS, THE SEASONS FIRST SNOWFALL OF THE SEASON
OCCURRED LATE IN THE MONTH ON 26TH ACROSS THE NORTH WITH MOST
LOCATIONS RECEIVING BETWEEN 1 TO 3 INCHES, EXCEPT LOCALLY HEAVY 6 TO
10 INCHES OF SNOWFALL OVER THE HIGHLANDS OF NORTHERN SOMERSET COUNTY
NEAR THE QUEBEC BORDER. NOTEWORTHY WINDY DAYS WITH GUSTS IN THE 30S
AND 40S MPH OCCURRED ON THE 8TH-11TH AND AGAIN ON THE 17TH MOSTLY
ASSOCIATED WITH POST COLD FRONTAL NORTHWEST WINDS.

THE CLIMATE PREDICTION CENTER`S OUTLOOK FOR THE MONTH OF NOVEMBER IS
CALLING FOR INCREASED PROBABILITY OF ABOVE NORMAL TEMPERATURES AND
EQUAL CHANCES OF BELOW, NEAR NORMAL, OR ABOVE NORMAL PRECIPITATION.
AVERAGE TEMPERATURES RANGE FROM LOWS/HIGHS OF MID 20S/UPPER 30S FAR
NORTH TO AROUND 30/MID TO UPPER 40S ALONG THE DOWNEAST COAST.
AVERAGE PRECIPITATION RANGES FROM ABOUT 3.50 INCHES FAR NORTH TO
4.25 INCHES ALONG THE DOWNEAST COAST. AVERAGE SNOWFALL RANGES FROM
ABOUT 2 INCHES ALONG THE DOWNEAST COAST TO NEARLY 12 INCHES ACROSS
THE FAR NORTH.

$$

VJN
