000
CXUS55 KVEF 020300
CLMBIH

CLIMATE REPORT
NATIONAL WEATHER SERVICE LAS VEGAS, NV
700 PM PST SUN NOV 01 2020

...................................

...THE BISHOP CA CLIMATE SUMMARY FOR THE MONTH OF OCTOBER 2020...

CLIMATE NORMAL PERIOD: 1981 TO 2010
CLIMATE RECORD PERIOD: 1943 TO 2020

WEATHER         OBSERVED          NORMAL  DEPART   LAST YEAR`S
                VALUE   DATE(S)   VALUE   FROM     VALUE DATE(S)
                                          NORMAL
................................................................
TEMPERATURE (F)
RECORD
 HIGH             97   10/01/1980
 LOW              13   10/31/2019
HIGHEST           96   10/01         MM      MM       86  10/09
                       10/02
LOWEST            27   10/26         MM      MM       13  10/31
AVG. MAXIMUM    84.6               76.1     8.5     74.4
AVG. MINIMUM    39.7               37.4     2.3     31.3
MEAN            62.1               56.8     5.3     52.8
DAYS MAX >= 90     8                1.0     7.0        0
DAYS MAX <= 32     0                0.0     0.0        0
DAYS MIN <= 32     5                5.8    -0.8       16
DAYS MIN <= 0      0                0.0     0.0        0

PRECIPITATION (INCHES)
RECORD
 MAXIMUM        2.93   1945
 MINIMUM        0.00   2019
TOTALS          0.00R              0.30   -0.30     0.00
DAILY AVG.      0.00               0.01   -0.01     0.00
DAYS >= .01        0                1.5    -1.5        0
DAYS >= .10        0                0.7    -0.7        0
DAYS >= .50        0                0.2    -0.2        0
DAYS >= 1.00       0                0.1    -0.1        0
GREATEST
 24 HR. TOTAL   0.00   10/18 TO 10/18

SNOWFALL (INCHES)
RECORDS
 TOTAL           1.8   1978
 24 HR TOTAL     1.8
TOTALS           0.0                0.0     0.0      0.0
SINCE 7/1        0.0
SNOWDEPTH AVG.     0
DAYS >= TRACE      0
DAYS >= 1.0        0
GREATEST
 SNOW DEPTH        0
 24 HR TOTAL     0.0
 STORM TOTAL     0.0

DEGREE DAYS
HEATING TOTAL    119                264    -145      371
 SINCE 7/1       123                306    -183      426
COOLING TOTAL     35                  8      27        0
 SINCE 1/1      1598               1104     494     1078

FREEZE DATES
RECORD
 EARLIEST     09/11/1952
 LATEST       06/16/1944
EARLIEST      10/25             MM
LATEST                          05/20
................................................................

WIND (MPH)
AVERAGE WIND SPEED              7.2
HIGHEST WIND SPEED/DIRECTION    40/350    DATE  10/25
HIGHEST GUST SPEED/DIRECTION    52/360    DATE  10/25

SKY COVER
POSSIBLE SUNSHINE (PERCENT)   MM
AVERAGE SKY COVER           0.05
NUMBER OF DAYS FAIR           30
NUMBER OF DAYS PC              1
NUMBER OF DAYS CLOUDY          0

AVERAGE RH (PERCENT)     25

WEATHER CONDITIONS. NUMBER OF DAYS WITH
THUNDERSTORM              0     MIXED PRECIP               0
HEAVY RAIN                0     RAIN                       0
LIGHT RAIN                0     FREEZING RAIN              0
LT FREEZING RAIN          0     HAIL                       0
HEAVY SNOW                0     SNOW                       0
LIGHT SNOW                0     SLEET                      0
FOG                       0     FOG W/VIS <= 1/4 MILE      0
HAZE                     21

-  INDICATES NEGATIVE NUMBERS.
R  INDICATES RECORD WAS SET OR TIED.
MM INDICATES DATA IS MISSING.
T  INDICATES TRACE AMOUNT.

$$
