000
CXUS55 KVEF 011649
CLMBIH

CLIMATE REPORT
NATIONAL WEATHER SERVICE LAS VEGAS, NV
949 AM PDT TUE JUN 01 2021

...................................

...THE BISHOP CA CLIMATE SUMMARY FOR THE MONTH OF MAY 2021...

CLIMATE NORMAL PERIOD: 1991 TO 2020
CLIMATE RECORD PERIOD: 1943 TO 2021

WEATHER         OBSERVED          NORMAL  DEPART   LAST YEAR`S
                VALUE   DATE(S)   VALUE   FROM     VALUE DATE(S)
                                          NORMAL
................................................................
TEMPERATURE (F)
RECORD
 HIGH            104   05/28/2020
 LOW              25   05/22/2010
                       05/10/2010
                       05/03/1964
HIGHEST           96   05/31         MM      MM      104  05/28
LOWEST            31   05/22         MM      MM       31  05/20
AVG. MAXIMUM    85.1               82.8     2.3     87.5
AVG. MINIMUM    46.0               44.2     1.8     46.7
MEAN            65.5               63.5     2.0     67.1
DAYS MAX >= 90    12                6.2     5.8       11
DAYS MAX <= 32     0                0.0     0.0        0
DAYS MIN <= 32     2                1.1     0.9        1
DAYS MIN <= 0      0                0.0     0.0        0

PRECIPITATION (INCHES)
RECORD
 MAXIMUM        1.39   2015
 MINIMUM        0.00   2007
TOTALS             T               0.23   -0.23        T
DAILY AVG.         T               0.01   -0.01        T
DAYS >= .01        0                2.3    -2.3        0
DAYS >= .10        0                0.8    -0.8        0
DAYS >= .50        0                0.1    -0.1        0
DAYS >= 1.00       0                0.0     0.0        0
GREATEST
 24 HR. TOTAL      T   05/17 TO 05/17
                       05/21 TO 05/21
                       05/22 TO 05/22

SNOWFALL (INCHES)
RECORDS
 TOTAL           2.3   1964
 24 HR TOTAL     2.3
TOTALS           0.0                 MM      MM      0.0
SINCE 7/1       10.9
SNOWDEPTH AVG.     0
DAYS >= TRACE      0
DAYS >= 1.0        0
GREATEST
 SNOW DEPTH        0
 24 HR TOTAL      MM
 STORM TOTAL     0.0

DEGREE DAYS
HEATING TOTAL     62                114     -52       40
 SINCE 7/1      3663               3985    -322       MM
COOLING TOTAL     87                 67      20      113
 SINCE 1/1        92                 71      21       MM

FREEZE DATES
RECORD
 EARLIEST     09/11/1952
 LATEST       06/16/1944
EARLIEST                        10/25
LATEST                          05/20
................................................................

WIND (MPH)
AVERAGE WIND SPEED              9.9
HIGHEST WIND SPEED/DIRECTION    37/340    DATE  05/15
HIGHEST GUST SPEED/DIRECTION    51/360    DATE  05/15

SKY COVER
POSSIBLE SUNSHINE (PERCENT)   MM
AVERAGE SKY COVER           0.06
NUMBER OF DAYS FAIR           28
NUMBER OF DAYS PC              3
NUMBER OF DAYS CLOUDY          0

AVERAGE RH (PERCENT)     26

WEATHER CONDITIONS. NUMBER OF DAYS WITH
THUNDERSTORM              2     MIXED PRECIP               0
HEAVY RAIN                0     RAIN                       0
LIGHT RAIN                4     FREEZING RAIN              0
LT FREEZING RAIN          0     HAIL                       0
HEAVY SNOW                0     SNOW                       0
LIGHT SNOW                0     SLEET                      0
FOG                       0     FOG W/VIS <= 1/4 MILE      0
HAZE                      1

-  INDICATES NEGATIVE NUMBERS.
R  INDICATES RECORD WAS SET OR TIED.
MM INDICATES DATA IS MISSING.
T  INDICATES TRACE AMOUNT.

$$
